000
CXUS55 KBYZ 241055
CF6MLS
PRELIMINARY LOCAL CLIMATOLOGICAL DATA (WS FORM: F-6)

                                          STATION:   MILES CITY MT
                                          MONTH:     APRIL
                                          YEAR:      2017
                                          LATITUDE:   46 25 N
                                          LONGITUDE: 105 53 W

  TEMPERATURE IN F:       :PCPN:    SNOW:  WIND      :SUNSHINE: SKY     :PK WND
================================================================================
1   2   3   4   5  6A  6B    7    8   9   10  11  12  13   14  15   16   17  18
                                     12Z  AVG MX 2MIN
DY MAX MIN AVG DEP HDD CDD  WTR  SNW DPTH SPD SPD DIR MIN PSBL S-S WX    SPD DR
================================================================================

 1  62  41  52  11  13   0 0.00    M    M  8.6 15 190   M    M   5 12     21 150
 2  57  43  50   9  15   0 0.01    M    M  9.1 25 330   M    M   4 8      32 340
 3  52  32  42   0  23   0 0.03    M    M 10.5 21 290   M    M   7        24 300
 4  50  31  41  -1  24   0 0.15    M    M  8.9 23 300   M    M   6 13     30 320
 5  61  30  46   4  19   0 0.00    M    M  9.1 21 140   M    M   2        27 150
 6  72  42  57  14   8   0 0.00    M    M 13.9 21 150   M    M   3        29 140
 7  79  45  62  19   3   0 0.00    M    M  9.7 35 330   M    M   0        41 330
 8  64  48  56  13   9   0    T    M    M  6.1 26 290   M    M   4        33 300
 9  51  34  43  -1  22   0 0.23    M    M 15.5 26  20   M    M   9 1      32  30
10  49  34  42  -2  23   0 0.01    M    M  8.7 17 170   M    M   6 1      21 150
11  60  33  47   3  18   0 0.01    M    M 10.0 28 280   M    M   2        36 290
12  62  40  51   6  14   0 0.01    M    M  7.8 17 130   M    M   6        22 130
13  79  47  63  18   2   0 0.00    M    M 19.3 30 160   M    M   0        40 160
14  65  46  56  10   9   0 0.00    M    M 13.8 26 300   M    M   4        33 290
15  57  37  47   1  18   0    T    M    M 16.8 29 270   M    M   5        36 280
16  59  31  45  -1  20   0 0.00    M    M 14.0 29 280   M    M   1        35 270
17  63  27  45  -2  20   0 0.01    M    M 11.7 30 280   M    M   4        38 280
18  65  35  50   3  15   0 0.00    M    M  5.1 10 110   M    M   0        15 120
19  55  37  46  -1  19   0 0.28    M    M  9.9 28 340   M    M   5 1      34 350
20  64  33  49   1  16   0 0.00    M    M  8.3 15 130   M    M   0 12     21 140
21  65  38  52   4  13   0 0.01    M    M  8.6 28 260   M    M   2 3      34 240
22  61  42  52   4  13   0 0.00    M    M  8.3 16  30   M    M   5        19  30
23  59  40  50   1  15   0 0.19    M    M 13.7 28  40   M    M   7 1      34  40
================================================================================
SM 1411  866       351   0  0.94    M    247.4          M       87
================================================================================
AV 61.4 37.7                              10.8 FASTST   M    M   4    MAX(MPH)
                                 MISC ---->  # 35 330               # 41  330
================================================================================
NOTES:
# LAST OF SEVERAL OCCURRENCES

COLUMN 17 PEAK WIND IN M.P.H.

PRELIMINARY LOCAL CLIMATOLOGICAL DATA (WS FORM: F-6) , PAGE 2

                                          STATION:  MILES CITY MT
                                          MONTH:    APRIL
                                          YEAR:     2017
                                          LATITUDE:   46 25 N
                                          LONGITUDE: 105 53 W

[TEMPERATURE DATA]      [PRECIPITATION DATA]       SYMBOLS USED IN COLUMN 16

AVERAGE MONTHLY: 49.5   TOTAL FOR MONTH:   0.94    1 = FOG OR MIST
DPTR FM NORMAL:   4.7   DPTR FM NORMAL:   -0.02    2 = FOG REDUCING VISIBILITY
HIGHEST:    79 ON 13, 7 GRTST 24HR  0.28 ON 19-19      TO 1/4 MILE OR LESS
LOWEST:     27 ON 17                               3 = THUNDER
                        SNOW, ICE PELLETS, HAIL    4 = ICE PELLETS
                        TOTAL MONTH:    M          5 = HAIL
                        GRTST 24HR    M  ON   M    6 = FREEZING RAIN OR DRIZZLE
                        GRTST DEPTH:  M  ON   M    7 = DUSTSTORM OR SANDSTORM:
                                                       VSBY 1/2 MILE OR LESS
                                                   8 = SMOKE OR HAZE
[NO. OF DAYS WITH]      [WEATHER - DAYS WITH]      9 = BLOWING SNOW
                                                   X = TORNADO
MAX 32 OR BELOW:   0    0.01 INCH OR MORE:  11
MAX 90 OR ABOVE:   0    0.10 INCH OR MORE:   4
MIN 32 OR BELOW:   5    0.50 INCH OR MORE:   0
MIN  0 OR BELOW:   0    1.00 INCH OR MORE:   0

[HDD (BASE 65) ]
TOTAL THIS MO.   351    CLEAR  (SCALE 0-3)   9
DPTR FM NORMAL  -113    PTCLDY (SCALE 4-7)  13
TOTAL FM JUL 1  6705    CLOUDY (SCALE 8-10)  1
DPTR FM NORMAL  -434

[CDD (BASE 65) ]
TOTAL THIS MO.     0
DPTR FM NORMAL     0    [PRESSURE DATA]
TOTAL FM JAN 1     0    HIGHEST SLP M ON M
DPTR FM NORMAL     0    LOWEST  SLP 29.37 ON 13

[REMARKS]
