000
CXUS56 KPQR 231200
CF6MMV
PRELIMINARY LOCAL CLIMATOLOGICAL DATA (WS FORM: F-6)

                                          STATION:   MCMINNVILLE OR
                                          MONTH:     MARCH
                                          YEAR:      2017
                                          LATITUDE:   45 11 N
                                          LONGITUDE: 123  8 W

  TEMPERATURE IN F:       :PCPN:    SNOW:  WIND      :SUNSHINE: SKY     :PK WND
================================================================================
1   2   3   4   5  6A  6B    7    8   9   10  11  12  13   14  15   16   17  18
                                     12Z  AVG MX 2MIN
DY MAX MIN AVG DEP HDD CDD  WTR  SNW DPTH SPD SPD DIR MIN PSBL S-S WX    SPD DR
================================================================================

 1  53  38  46   2  19   0 0.02    M    0  7.5 15 190   M    M   8        19 190
 2  51  37  44   0  21   0 0.01    M    0  7.8 16 200   M    M   9 1      22 200
 3  50  40  45   0  20   0 0.37    M    0 13.3 23 180   M    M  10 1      29 180
 4  48  32  40  -5  25   0 0.07    M    0  6.4 22 180   M    M   9 1      26 180
 5  45  34  40  -5  25   0 0.29    M    0 12.6 24 170   M    M   8 1      29 200
 6  45  33  39  -6  26   0 0.34    M    M  7.9 21 270   M    M   9 1      28 270
 7  51  39  45   0  20   0 0.32    M    M 12.5 25 190   M    M  10 1      31 190
 8  50  44  47   1  18   0 0.17    M    0  4.3  9 230   M    M  10 18     12 220
 9  59  45  52   6  13   0 0.62    M    0  9.6 25 190   M    M  10 12     33 190
10  61  45  53   7  12   0    T    M    0  8.7 25 200   M    M   5 8      32 220
11  57  40  49   3  16   0 0.35    M    0  7.7 22 190   M    M   7 1      27 190
12  65  41  53   7  12   0 0.00  0.0    0  2.0  8 180   M    M   5 1      10 180
13  57  50  54   8  11   0 0.38  0.0    0  3.7 10 150   M    M   9 1      12 150
14  59  53  56  10   9   0 0.66  0.0    0  5.5 18 220   M    M   8 1      24 210
15  57  40  49   2  16   0 0.73    M    0  9.4 26 200   M    M   9 1      33 200
16  55  37  46  -1  19   0 0.00  0.0    0  2.9  9 130   M    M   2        12 130
17  48  37  43  -4  22   0 0.33    M    0  2.7  8 100   M    M   6 1       9 350
18  57  35  46  -1  19   0 0.28    M    0  9.8 23 210   M    M   6        27 210
19  57  31  44  -3  21   0 0.00  0.0    0  7.2 15 360   M    M   0        18 360
20  51  42  47   0  18   0 0.16    M    0 10.0 15 350   M    M   8        19 330
21  62  45  54   7  11   0 0.25    M    0  5.3 14 190   M    M   8 13     17 190
22  54  40  47  -1  18   0 0.01    M    0 10.7 23 250   M    M   6        30 250
================================================================================
SM 1192  878       391   0  5.36     0.0 167.5          M      162
================================================================================
AV 54.2 39.9                               7.6 FASTST   M    M   7    MAX(MPH)
                                 MISC ---->  # 26 200               # 33  190
================================================================================
NOTES:
# LAST OF SEVERAL OCCURRENCES

COLUMN 17 PEAK WIND IN M.P.H.

PRELIMINARY LOCAL CLIMATOLOGICAL DATA (WS FORM: F-6) , PAGE 2

                                          STATION:  MCMINNVILLE OR
                                          MONTH:    MARCH
                                          YEAR:     2017
                                          LATITUDE:   45 11 N
                                          LONGITUDE: 123  8 W

[TEMPERATURE DATA]      [PRECIPITATION DATA]       SYMBOLS USED IN COLUMN 16

AVERAGE MONTHLY: 47.1   TOTAL FOR MONTH:   5.36    1 = FOG OR MIST
DPTR FM NORMAL:   1.0   DPTR FM NORMAL:    2.41    2 = FOG REDUCING VISIBILITY
HIGHEST:    65 ON 12    GRTST 24HR  0.73 ON 15-15      TO 1/4 MILE OR LESS
LOWEST:     31 ON 19                               3 = THUNDER
                        SNOW, ICE PELLETS, HAIL    4 = ICE PELLETS
                        TOTAL MONTH:   0.0 INCH    5 = HAIL
                        GRTST 24HR     0.0         6 = FREEZING RAIN OR DRIZZLE
                        GRTST DEPTH:   0           7 = DUSTSTORM OR SANDSTORM:
                                                       VSBY 1/2 MILE OR LESS
                                                   8 = SMOKE OR HAZE
[NO. OF DAYS WITH]      [WEATHER - DAYS WITH]      9 = BLOWING SNOW
                                                   X = TORNADO
MAX 32 OR BELOW:   0    0.01 INCH OR MORE:  18
MAX 90 OR ABOVE:   0    0.10 INCH OR MORE:  14
MIN 32 OR BELOW:   2    0.50 INCH OR MORE:   3
MIN  0 OR BELOW:   0    1.00 INCH OR MORE:   0

[HDD (BASE 65) ]
TOTAL THIS MO.   391    CLEAR  (SCALE 0-3)   2
DPTR FM NORMAL   -29    PTCLDY (SCALE 4-7)   8
TOTAL FM JUL 1  3687    CLOUDY (SCALE 8-10) 12
DPTR FM NORMAL  -112

[CDD (BASE 65) ]
TOTAL THIS MO.     0
DPTR FM NORMAL     0    [PRESSURE DATA]
TOTAL FM JAN 1     0    HIGHEST SLP M ON M
DPTR FM NORMAL     0    LOWEST  SLP 29.55 ON  4

[REMARKS]
