000
CXUS55 KBOU 161101
CF6MNH
PRELIMINARY LOCAL CLIMATOLOGICAL DATA (WS FORM: F-6)

                                          STATION:   ELBERT 6W CO
                                          MONTH:     APRIL
                                          YEAR:      2014
                                          LATITUDE:   39 13 N
                                          LONGITUDE: 104 38 W

  TEMPERATURE IN F:       :PCPN:    SNOW:  WIND      :SUNSHINE: SKY     :PK WND
================================================================================
1   2   3   4   5  6A  6B    7    8   9   10  11  12  13   14  15   16   17  18
                                     12Z  AVG MX 2MIN
DY MAX MIN AVG DEP HDD CDD  WTR  SNW DPTH SPD SPD DIR MIN PSBL S-S WX    SPD DR
================================================================================

 1  55  25  40   M  25   0    M    M    M 12.9 28 180   M    M   1        36 170
 2  48  21  35   M  30   0    M    M    M  8.3 14  40   M    M   4        21  40
 3  32  21  27   M  38   0    M    M    M 11.1 25  10   M    M   9 12     33  10
 4  43  14  29   M  36   0    M    M    M  9.5 16 180   M    M   2 1      22 180
 5  48  28  38   M  27   0    M    M    M  7.3 21 160   M    M   2        28 160
 6  46  28  37   M  28   0    M    M    M  7.6 17 310   M    M   5        24 310
 7  45  27  36   M  29   0    M    M    M 10.8 18  10   M    M   7        33 360
 8  61  27  44   M  21   0    M    M    M  7.9 13 310   M    M   0        23 300
 9  68  37  53   M  12   0    M    M    M 10.8 17 310   M    M   1        22 290
10  61  32  47   M  18   0    M    M    M 10.1 23 170   M    M   2        28 150
11  72  34  53   M  12   0    M    M    M  9.3 20 270   M    M   0        30 270
12  64  39  52   M  13   0    M    M    M  9.0 27 170   M    M   4        33 170
13  39  14  27   M  38   0    M    M    M 14.4 22 360   M    M  10 3      30 360
14  32  12  22   M  43   0    M    M    M  8.0 14 340   M    M   3         M  M
15  59  25  42   M  23   0    M    M    M 10.8 20 260   M    M   1        28 260
================================================================================
SM  773  384       393   0    M     M    147.8          M       51
================================================================================
AV 51.5 25.6                               9.9 FASTST   M    M   3    MAX(MPH)
                                 MISC ---->    28   M                 36    M
================================================================================
NOTES:
# LAST OF SEVERAL OCCURRENCES

COLUMN 17 PEAK WIND IN M.P.H.

PRELIMINARY LOCAL CLIMATOLOGICAL DATA (WS FORM: F-6) , PAGE 2

                                          STATION:  ELBERT 6W CO
                                          MONTH:    APRIL
                                          YEAR:     2014
                                          LATITUDE:   39 13 N
                                          LONGITUDE: 104 38 W

[TEMPERATURE DATA]      [PRECIPITATION DATA]       SYMBOLS USED IN COLUMN 16

AVERAGE MONTHLY: 38.6   TOTAL FOR MONTH:      M    1 = FOG OR MIST
DPTR FM NORMAL:     M   DPTR FM NORMAL:       M    2 = FOG REDUCING VISIBILITY
HIGHEST:    72 ON 11    GRTST 24HR    M  ON   M        TO 1/4 MILE OR LESS
LOWEST:     12 ON 14                               3 = THUNDER
                        SNOW, ICE PELLETS, HAIL    4 = ICE PELLETS
                        TOTAL MONTH:    M          5 = HAIL
                        GRTST 24HR    M  ON   M    6 = FREEZING RAIN OR DRIZZLE
                        GRTST DEPTH:  M  ON   M    7 = DUSTSTORM OR SANDSTORM:
                                                       VSBY 1/2 MILE OR LESS
                                                   8 = SMOKE OR HAZE
[NO. OF DAYS WITH]      [WEATHER - DAYS WITH]      9 = BLOWING SNOW
                                                   X = TORNADO
MAX 32 OR BELOW:   2    0.01 INCH OR MORE:   0
MAX 90 OR ABOVE:   0    0.10 INCH OR MORE:   0
MIN 32 OR BELOW:  12    0.50 INCH OR MORE:   0
MIN  0 OR BELOW:   0    1.00 INCH OR MORE:   0

[HDD (BASE 65) ]
TOTAL THIS MO.   393    CLEAR  (SCALE 0-3)   9
DPTR FM NORMAL     M    PTCLDY (SCALE 4-7)   4
TOTAL FM JUL 1  6469    CLOUDY (SCALE 8-10)  2
DPTR FM NORMAL     M

[CDD (BASE 65) ]
TOTAL THIS MO.     0
DPTR FM NORMAL     M    [PRESSURE DATA]
TOTAL FM JAN 1     0    HIGHEST SLP M ON M
DPTR FM NORMAL     M    LOWEST  SLP M ON M

[REMARKS]
