000
CXUS54 KMOB 191318
CF6MOB
PRELIMINARY LOCAL CLIMATOLOGICAL DATA (WS FORM: F-6)

                                          STATION:   MOBILE
                                          MONTH:     SEPTEMBER
                                          YEAR:      2017
                                          LATITUDE:   30 40 N
                                          LONGITUDE:  88 15 W

  TEMPERATURE IN F:       :PCPN:    SNOW:  WIND      :SUNSHINE: SKY     :PK WND
================================================================================
1   2   3   4   5  6A  6B    7    8   9   10  11  12  13   14  15   16   17  18
                                     12Z  AVG MX 2MIN
DY MAX MIN AVG DEP HDD CDD  WTR  SNW DPTH SPD SPD DIR MIN PSBL S-S WX    SPD DR
================================================================================

 1  89  74  82   1   0  17 0.00  0.0    0  5.2 12 230   M    M   6        15 220
 2  89  71  80   0   0  15    T  0.0    0  4.7 17 190   M    M   4        19 190
 3  91  71  81   1   0  16 0.00  0.0    0  3.5 10 350   M    M   5        17  30
 4  90  68  79  -1   0  14 0.00  0.0    0  1.5  8 220   M    M   4        11 280
 5  90  70  80   0   0  15 0.32  0.0    0  4.6 23  10   M    M   6 138    27  20
 6  79  63  71  -9   0   6 0.04  0.0    0  7.7 17  10   M    M   6 138    21  20
 7  80  59  70 -10   0   5 0.00  0.0    0  8.2 16  20   M    M   3        20  10
 8  85  59  72  -8   0   7 0.00  0.0    0  9.2 16  20   M    M   1        21  20
 9  85  64  75  -4   0  10 0.00  0.0    0 11.2 21  20   M    M   2        27  20
10  82  67  75  -4   0  10 0.00  0.0    0 14.2 24  40   M    M   6        34  60
11  77  63  70  -9   0   5 0.00  0.0    0 16.0 30 340   M    M   6        39 340
12  83  60  72  -7   0   7 0.00  0.0    0  6.0 15 200   M    M   3        22 230
13  84  57  71  -7   0   6 0.00  0.0    0  6.1 15 190   M    M   3        20 210
14  88  64  76  -2   0  11 0.00  0.0    0  4.0 12 160   M    M   3 1      16 180
15  85  70  78   0   0  13 0.45  0.0    0  5.6 14  90   M    M   5 138    19 100
16  89  74  82   4   0  17 0.04  0.0    0  4.3 12  40   M    M   7 13     16  40
17  91  73  82   5   0  17 0.00  0.0    0  1.9 10 150   M    M   4 1      12 140
18  92  72  82   5   0  17 0.07  0.0    0  3.5 17 150   M    M   4 13     20 150
================================================================================
SM 1549 1199         0 208  0.92     0.0 117.4          M       78
================================================================================
AV 86.1 66.6                               6.5 FASTST   M    M   4    MAX(MPH)
                                 MISC ---->  # 30 340               # 39  340
================================================================================
NOTES:
# LAST OF SEVERAL OCCURRENCES

COLUMN 17 PEAK WIND IN M.P.H.

PRELIMINARY LOCAL CLIMATOLOGICAL DATA (WS FORM: F-6) , PAGE 2

                                          STATION:  MOBILE
                                          MONTH:    SEPTEMBER
                                          YEAR:     2017
                                          LATITUDE:   30 40 N
                                          LONGITUDE:  88 15 W

[TEMPERATURE DATA]      [PRECIPITATION DATA]       SYMBOLS USED IN COLUMN 16

AVERAGE MONTHLY: 76.3   TOTAL FOR MONTH:   0.92    1 = FOG OR MIST
DPTR FM NORMAL:  -2.7   DPTR FM NORMAL:   -2.22    2 = FOG REDUCING VISIBILITY
HIGHEST:    92 ON 18    GRTST 24HR  0.45 ON 15-15      TO 1/4 MILE OR LESS
LOWEST:     57 ON 13                               3 = THUNDER
                        SNOW, ICE PELLETS, HAIL    4 = ICE PELLETS
                        TOTAL MONTH:   0.0 INCH    5 = HAIL
                        GRTST 24HR     0.0         6 = FREEZING RAIN OR DRIZZLE
                        GRTST DEPTH:   0           7 = DUSTSTORM OR SANDSTORM:
                                                       VSBY 1/2 MILE OR LESS
                                                   8 = SMOKE OR HAZE
[NO. OF DAYS WITH]      [WEATHER - DAYS WITH]      9 = BLOWING SNOW
                                                   X = TORNADO
MAX 32 OR BELOW:   0    0.01 INCH OR MORE:   5
MAX 90 OR ABOVE:   5    0.10 INCH OR MORE:   2
MIN 32 OR BELOW:   0    0.50 INCH OR MORE:   0
MIN  0 OR BELOW:   0    1.00 INCH OR MORE:   0

[HDD (BASE 65) ]
TOTAL THIS MO.     0    CLEAR  (SCALE 0-3)   5
DPTR FM NORMAL     0    PTCLDY (SCALE 4-7)  13
TOTAL FM JUL 1     0    CLOUDY (SCALE 8-10)  0
DPTR FM NORMAL     0

[CDD (BASE 65) ]
TOTAL THIS MO.   208
DPTR FM NORMAL   -45    [PRESSURE DATA]
TOTAL FM JAN 1  2294    HIGHEST SLP M ON M
DPTR FM NORMAL   114    LOWEST  SLP 29.70 ON 12

[REMARKS]
