000
CXUS53 KBIS 260726
CF6MOT
PRELIMINARY LOCAL CLIMATOLOGICAL DATA (WS FORM: F-6)

                                          STATION:   MINOT ND
                                          MONTH:     FEBRUARY
                                          YEAR:      2015
                                          LATITUDE:   48 15 N
                                          LONGITUDE: 101 16 W

  TEMPERATURE IN F:       :PCPN:    SNOW:  WIND      :SUNSHINE: SKY     :PK WND
================================================================================
1   2   3   4   5  6A  6B    7    8   9   10  11  12  13   14  15   16   17  18
                                     12Z  AVG MX 2MIN
DY MAX MIN AVG DEP HDD CDD  WTR  SNW DPTH SPD SPD DIR MIN PSBL S-S WX    SPD DR
================================================================================

 1   5 -13  -4 -18  69   0 0.00    M    M  8.1 14 190   M    M   2        19 210
 2  12   2   7  -7  58   0 0.00    M    M  9.9 20 330   M    M   3        24 330
 3  11  -1   5  -9  60   0 0.01    M    M  6.3 18 290   M    M   8 18     24 290
 4  11  -7   2 -12  63   0    T    M    M 13.1 26 210   M    M   0 8      37 210
 5  29  10  20   6  45   0    T    M    M  8.1 28 220   M    M   2        35 200
 6  20   9  15   0  50   0    T    M    M 12.7 20 110   M    M   8 18     25 110
 7  45   9  27  12  38   0 0.00    M    M 10.1 22 330   M    M   6 1      25 320
 8  17   9  13  -2  52   0    T    M    M  6.8 12 110   M    M  10 168    15 100
 9  19  13  16   1  49   0    T    M    M  9.6 18 100   M    M  10 126    23 100
10  21   7  14  -2  51   0 0.06    M    M 17.1 33 300   M    M  10 168    41 300
11   8 -11  -1 -17  66   0    T    M    M 13.5 28 320   M    M   3 8      34 320
12  21  -9   6 -10  59   0    T    M    M 10.1 22 180   M    M   5 8      28 190
13  25  10  18   2  47   0    T    M    M  9.6 23  10   M    M   8 18     28  10
14  10  -9   1 -16  64   0 0.05    M    M 13.2 23  10   M    M   5 8      28 360
15  20   1  11  -6  54   0 0.01    M    M  8.5 20 320   M    M  10 18     23 320
16  21  -5   8  -9  57   0    T    M    M  8.8 24 300   M    M   8 18     30 310
17   4  -9  -2 -20  67   0    T    M    M 20.6 31 300   M    M   5 89     39 300
18   5 -11  -3 -21  68   0 0.00    M    M  8.4 14 310   M    M   0        17 280
19  29  -9  10  -8  55   0 0.06    M    M 10.2 21 160   M    M  10 128    26 170
20  33  13  23   5  42   0 0.02    M    M 12.1 20 330   M    M  10 168    23 330
21  13 -15  -1 -20  66   0    T    M    M 13.4 23 300   M    M   4 18     28 290
22  -1 -23 -12 -31  77   0 0.00    M    M  9.5 15 210   M    M   0 8      18 210
23  32  -6  13  -6  52   0    T    M    M 20.9 33 290   M    M   4 8      43 250
24  31  13  22   2  43   0 0.02    M    M 11.4 28 290   M    M  10 18     35 290
25  13  -9   2 -18  63   0    T    M    M 14.5 21 300   M    M   5 18     25 300
================================================================================
SM  454  -41      1415   0  0.23    M    286.5          M      146
================================================================================
AV 18.2 -1.6                              11.5 FASTST   M    M   6    MAX(MPH)
                                 MISC ---->  # 33 300               # 43  250
================================================================================
NOTES:
# LAST OF SEVERAL OCCURRENCES

COLUMN 17 PEAK WIND IN M.P.H.

PRELIMINARY LOCAL CLIMATOLOGICAL DATA (WS FORM: F-6) , PAGE 2

                                          STATION:  MINOT ND
                                          MONTH:    FEBRUARY
                                          YEAR:     2015
                                          LATITUDE:   48 15 N
                                          LONGITUDE: 101 16 W

[TEMPERATURE DATA]      [PRECIPITATION DATA]       SYMBOLS USED IN COLUMN 16

AVERAGE MONTHLY:  8.3   TOTAL FOR MONTH:   0.23    1 = FOG OR MIST
DPTR FM NORMAL:  -8.3   DPTR FM NORMAL:   -0.12    2 = FOG REDUCING VISIBILITY
HIGHEST:    45 ON  7    GRTST 24HR  0.07 ON 19-20      TO 1/4 MILE OR LESS
LOWEST:    -23 ON 22                               3 = THUNDER
                        SNOW, ICE PELLETS, HAIL    4 = ICE PELLETS
                        TOTAL MONTH:    M          5 = HAIL
                        GRTST 24HR    M  ON   M    6 = FREEZING RAIN OR DRIZZLE
                        GRTST DEPTH:  M  ON   M    7 = DUSTSTORM OR SANDSTORM:
                                                       VSBY 1/2 MILE OR LESS
                                                   8 = SMOKE OR HAZE
[NO. OF DAYS WITH]      [WEATHER - DAYS WITH]      9 = BLOWING SNOW
                                                   X = TORNADO
MAX 32 OR BELOW:  23    0.01 INCH OR MORE:   7
MAX 90 OR ABOVE:   0    0.10 INCH OR MORE:   0
MIN 32 OR BELOW:  25    0.50 INCH OR MORE:   0
MIN  0 OR BELOW:  14    1.00 INCH OR MORE:   0

[HDD (BASE 65) ]
TOTAL THIS MO.  1415    CLEAR  (SCALE 0-3)   7
DPTR FM NORMAL   203    PTCLDY (SCALE 4-7)  10
TOTAL FM JUL 1  6500    CLOUDY (SCALE 8-10)  8
DPTR FM NORMAL    56

[CDD (BASE 65) ]
TOTAL THIS MO.     0
DPTR FM NORMAL     0    [PRESSURE DATA]
TOTAL FM JAN 1     0    HIGHEST SLP M ON M
DPTR FM NORMAL     0    LOWEST  SLP 29.57 ON  7

[REMARKS]
