000
CXUS51 KBTV 300700
CF6MPV
PRELIMINARY LOCAL CLIMATOLOGICAL DATA (WS FORM: F-6)

                                          STATION:   MONTPELIER VT
                                          MONTH:     AUGUST
                                          YEAR:      2014
                                          LATITUDE:   44 12 N
                                          LONGITUDE:  72 34 W

  TEMPERATURE IN F:       :PCPN:    SNOW:  WIND      :SUNSHINE: SKY     :PK WND
================================================================================
1   2   3   4   5  6A  6B    7    8   9   10  11  12  13   14  15   16   17  18
                                     12Z  AVG MX 2MIN
DY MAX MIN AVG DEP HDD CDD  WTR  SNW DPTH SPD SPD DIR MIN PSBL S-S WX    SPD DR
================================================================================

 1  80  51  66  -1   0   1 0.00  0.0    0  4.1 14 210   M    M   3 12     19 160
 2  80  57  69   2   0   4 0.00  0.0    0  4.5 15 150   M    M   4 12     22 140
 3  80  55  68   1   0   3    T  0.0    0  1.1  7 190   M    M   3 1       9 350
 4  78  60  69   2   0   4 0.02  0.0    0  2.3  9  50   M    M   7 1      13 310
 5  82  56  69   2   0   4 0.33  0.0    0  2.2 26 290   M    M   7 1238   33 280
 6  73  51  62  -4   3   0 0.00  0.0    0  5.1 17 300   M    M   4 1      22 300
 7  70  53  62  -4   3   0 0.14  0.0    0  4.8 18 350   M    M   6 13     26 350
 8  74  48  61  -5   4   0 0.00  0.0    M  4.8 15 300   M    M   3 12     20 300
 9  79  50  65  -1   0   0 0.00  0.0    0  3.7 14 310   M    M   2        19 310
10  80  49  65  -1   0   0 0.00  0.0    0  2.2 12 300   M    M   2 12     15 300
11  84  51  68   2   0   3 0.00  0.0    0  1.5 10  80   M    M   3 12     15 120
12  78  54  66   0   0   1    T  0.0    0  9.2 21 150   M    M   5 12     28 160
13  67  58  63  -3   2   0 1.24  0.0    0  9.5 25 160   M    M  10 1      31 160
14  66  49  58  -8   7   0 0.00  0.0    0  4.6 12 250   M    M   8 12     18 280
15  65  50  58  -8   7   0 0.01    M    0  5.7  9 230   M    M  10         M  M
16  67  53  60  -6   5   0 0.04  0.0    0  4.5 13 190   M    M   8        16 180
17  65  56  61  -4   4   0 0.04  0.0    0  5.7 16 300   M    M   9 1      22 290
18  65  46  56  -9   9   0    T    M    0  6.9 16 290   M    M   7 1      22 290
19  74  45  60  -5   5   0 0.00  0.0    0  1.4  8 300   M    M   5 128    11 310
20  79  47  63  -2   2   0 0.00  0.0    0  2.3 12 170   M    M   3 12     16 180
21  66  56  61  -4   4   0 0.77  0.0    0  1.7 14 170   M    M   9 1      19 150
22  63  57  60  -5   5   0 0.13  0.0    0  2.3  9 170   M    M  10 1      13 150
23  76  54  65   1   0   0 0.01  0.0    0  2.8 12  60   M    M   7 12     14 120
24  79  51  65   1   0   0 0.00  0.0    0  1.8 12  30   M    M   4 12     16  30
25  82  54  68   4   0   3 0.00  0.0    0  1.9  8 280   M    M   3 12     12  70
26  83  52  68   4   0   3 0.00  0.0    0  4.6 16 190   M    M   2 12     21 190
27  81  59  70   6   0   5    T  0.0    0  3.8 13 310   M    M   4        18 310
28  67  53  60  -4   5   0    T  0.0    0  7.7 21 300   M    M   7        26 310
29  73  48  61  -2   4   0 0.00  0.0    0  1.5  9 300   M    M   3 1      12 290
================================================================================
SM 2156 1523        69  31  2.73     0.0 114.2          M      158
================================================================================
AV 74.3 52.5                               3.9 FASTST   M    M   5    MAX(MPH)
                                 MISC ---->  # 26 290               # 33  280
================================================================================
NOTES:
# LAST OF SEVERAL OCCURRENCES

COLUMN 17 PEAK WIND IN M.P.H.

PRELIMINARY LOCAL CLIMATOLOGICAL DATA (WS FORM: F-6) , PAGE 2

                                          STATION:  MONTPELIER VT
                                          MONTH:    AUGUST
                                          YEAR:     2014
                                          LATITUDE:   44 12 N
                                          LONGITUDE:  72 34 W

[TEMPERATURE DATA]      [PRECIPITATION DATA]       SYMBOLS USED IN COLUMN 16

AVERAGE MONTHLY: 63.4   TOTAL FOR MONTH:   2.73    1 = FOG OR MIST
DPTR FM NORMAL:  -2.0   DPTR FM NORMAL:   -1.08    2 = FOG REDUCING VISIBILITY
HIGHEST:    84 ON 11    GRTST 24HR  1.24 ON 13-13      TO 1/4 MILE OR LESS
LOWEST:     45 ON 19                               3 = THUNDER
                        SNOW, ICE PELLETS, HAIL    4 = ICE PELLETS
                        TOTAL MONTH:   0.0 INCH    5 = HAIL
                        GRTST 24HR     0.0         6 = FREEZING RAIN OR DRIZZLE
                        GRTST DEPTH:   0           7 = DUSTSTORM OR SANDSTORM:
                                                       VSBY 1/2 MILE OR LESS
                                                   8 = SMOKE OR HAZE
[NO. OF DAYS WITH]      [WEATHER - DAYS WITH]      9 = BLOWING SNOW
                                                   X = TORNADO
MAX 32 OR BELOW:   0    0.01 INCH OR MORE:  10
MAX 90 OR ABOVE:   0    0.10 INCH OR MORE:   5
MIN 32 OR BELOW:   0    0.50 INCH OR MORE:   2
MIN  0 OR BELOW:   0    1.00 INCH OR MORE:   1

[HDD (BASE 65) ]
TOTAL THIS MO.    69    CLEAR  (SCALE 0-3)   7
DPTR FM NORMAL     8    PTCLDY (SCALE 4-7)  17
TOTAL FM JUL 1   112    CLOUDY (SCALE 8-10)  5
DPTR FM NORMAL    11

[CDD (BASE 65) ]
TOTAL THIS MO.    31
DPTR FM NORMAL   -43    [PRESSURE DATA]
TOTAL FM JAN 1   163    HIGHEST SLP M ON M
DPTR FM NORMAL   -79    LOWEST  SLP 29.73 ON 14

[REMARKS]
