000
CXUS53 KMPX 010700
CF6MPX
PRELIMINARY LOCAL CLIMATOLOGICAL DATA (WS FORM: F-6)

                                          STATION:   CHANHASSEN MN
                                          MONTH:     JANUARY
                                          YEAR:      2015
                                          LATITUDE:   44 50 N
                                          LONGITUDE:  93 34 W

  TEMPERATURE IN F:       :PCPN:    SNOW:  WIND      :SUNSHINE: SKY     :PK WND
================================================================================
1   2   3   4   5  6A  6B    7    8   9   10  11  12  13   14  15   16   17  18
                                     12Z  AVG MX 2MIN
DY MAX MIN AVG DEP HDD CDD  WTR  SNW DPTH SPD SPD DIR MIN PSBL S-S WX    SPD DR
================================================================================

 1  30   9  20   5  45   0    T    T    3   M   M   M   M    M   M         M  M
 2  26   4  15   1  50   0 0.00  0.0    3   M   M   M   M    M   M         M  M
 3  32   9  21   7  44   0 0.02  0.3    3   M   M   M   M    M   M         M  M
 4   9  -9   0 -14  65   0 0.00  0.0    3   M   M   M   M    M   M         M  M
 5  -1 -14  -7 -21  72   0 0.04  0.5    2   M   M   M   M    M   M         M  M
 6   7 -10  -1 -15  66   0 0.00  0.0    3   M   M   M   M    M   M         M  M
 7  -2 -10  -6 -20  71   0 0.00  0.0    2   M   M   M   M    M   M         M  M
 8  15  -9   3 -11  62   0 0.13  1.6    2   M   M   M   M    M   M         M  M
 9   4  -6  -1 -15  66   0 0.00  0.0    3   M   M   M   M    M   M         M  M
10  19  -8   6  -8  59   0 0.00  0.0    3   M   M   M   M    M   M         M  M
11  13   3   8  -6  57   0    T    T    3   M   M   M   M    M   M         M  M
12   4 -13  -4 -18  69   0 0.00  0.0    3   M   M   M   M    M   M         M  M
13  13 -17  -2 -16  67   0 0.02  0.3    3   M   M   M   M    M   M         M  M
14  23  13  18   4  47   0 0.01  0.1    4   M   M   M   M    M   M         M  M
15  34  18  26  12  39   0    T    T    3   M   M   M   M    M   M         M  M
16  30  19  25  11  40   0 0.00  0.0    2   M   M   M   M    M   M         M  M
17  37  25  31  17  34   0 0.00  0.0    2   M   M   M   M    M   M         M  M
18  37  21  29  15  36   0 0.00  0.0    2   M   M   M   M    M   M         M  M
19  39  18  29  15  36   0    T  0.1    1   M   M   M   M    M   M         M  M
20  31  27  29  15  36   0 0.08  1.0    1   M   M   M   M    M   M         M  M
21  28  24  26  12  39   0 0.02  0.3    2   M   M   M   M    M   M         M  M
22  27  10  19   5  46   0    T    T    2   M   M   M   M    M   M         M  M
23  37  27  32  18  33   0 0.00  0.0    1   M   M   M   M    M   M         M  M
24  40  26  33  19  32   0    T    T    T   M   M   M   M    M   M         M  M
25  34  19  27  13  38   0 0.05  0.2    T   M   M   M   M    M   M         M  M
26  42  21  32  17  33   0    T  0.1    T   M   M   M   M    M   M         M  M
27  34  30  32  17  33   0 0.00  0.0    T   M   M   M   M    M   M         M  M
28  31  27  29  14  36   0    T  0.0    T   M   M   M   M    M   M         M  M
29  33  13  23   8  42   0    T    T    T   M   M   M   M    M   M         M  M
30  26   9  18   3  47   0 0.00  0.0    T   M   M   M   M    M   M         M  M
31  28  16  22   7  43   0 0.00  0.0    0   M   M   M   M    M   M         M  M
================================================================================
SM  760  292      1483   0  0.37     4.5     M          M        M
================================================================================
AV 24.5  9.4                                 M FASTST   M    M   5    MAX(MPH)
                                 MISC ---->     M   M                  M    M
================================================================================
NOTES:
# LAST OF SEVERAL OCCURRENCES

COLUMN 17 PEAK WIND IN M.P.H.

PRELIMINARY LOCAL CLIMATOLOGICAL DATA (WS FORM: F-6) , PAGE 2

                                          STATION:  CHANHASSEN MN
                                          MONTH:    JANUARY
                                          YEAR:     2015
                                          LATITUDE:   44 50 N
                                          LONGITUDE:  93 34 W

[TEMPERATURE DATA]      [PRECIPITATION DATA]       SYMBOLS USED IN COLUMN 16

AVERAGE MONTHLY: 17.0   TOTAL FOR MONTH:   0.37    1 = FOG OR MIST
DPTR FM NORMAL:   2.7   DPTR FM NORMAL:   -0.50    2 = FOG REDUCING VISIBILITY
HIGHEST:    42 ON 26    GRTST 24HR  0.13 ON  8- 8      TO 1/4 MILE OR LESS
LOWEST:    -17 ON 13                               3 = THUNDER
                        SNOW, ICE PELLETS, HAIL    4 = ICE PELLETS
                        TOTAL MONTH:   4.5 INCHES  5 = HAIL
                        GRTST 24HR   1.6 ON   M    6 = FREEZING RAIN OR DRIZZLE
                        GRTST DEPTH:   4 ON 14     7 = DUSTSTORM OR SANDSTORM:
                                                       VSBY 1/2 MILE OR LESS
                                                   8 = SMOKE OR HAZE
[NO. OF DAYS WITH]      [WEATHER - DAYS WITH]      9 = BLOWING SNOW
                                                   X = TORNADO
MAX 32 OR BELOW:  21    0.01 INCH OR MORE:   8
MAX 90 OR ABOVE:   0    0.10 INCH OR MORE:   1
MIN 32 OR BELOW:  31    0.50 INCH OR MORE:   0
MIN  0 OR BELOW:   9    1.00 INCH OR MORE:   0

[HDD (BASE 65) ]
TOTAL THIS MO.  1483    CLEAR  (SCALE 0-3)   0
DPTR FM NORMAL   -87    PTCLDY (SCALE 4-7)   0
TOTAL FM JUL 1  4719    CLOUDY (SCALE 8-10)  0
DPTR FM NORMAL   -12

[CDD (BASE 65) ]
TOTAL THIS MO.     0
DPTR FM NORMAL     0    [PRESSURE DATA]
TOTAL FM JAN 1     0    HIGHEST SLP M ON M
DPTR FM NORMAL     0    LOWEST  SLP M ON M

[REMARKS]
#FINAL-01-15#
