000
CXUS53 KMQT 300900
CF6MQT
PRELIMINARY LOCAL CLIMATOLOGICAL DATA (WS FORM: F-6)

                                          STATION:   MARQUETTE MI
                                          MONTH:     AUGUST
                                          YEAR:      2014
                                          LATITUDE:   46 31 N
                                          LONGITUDE:  87 33 W

  TEMPERATURE IN F:       :PCPN:    SNOW:  WIND      :SUNSHINE: SKY     :PK WND
================================================================================
1   2   3   4   5  6A  6B    7    8   9   10  11  12  13   14  15   16   17  18
                                     12Z  AVG MX 2MIN
DY MAX MIN AVG DEP HDD CDD  WTR  SNW DPTH SPD SPD DIR MIN PSBL S-S WX    SPD DR
================================================================================

 1  69  48  59  -6   6   0 0.00  0.0    0   M   M   M   M    M   M        14  90
 2  80  49  65   0   0   0 0.00  0.0    0   M   M   M   M    M   M        12 270
 3  76  54  65   0   0   0 0.00  0.0    0   M   M   M   M    M   M        18  45
 4  70  51  61  -4   4   0 0.00  0.0    0   M   M   M   M    M   M        13  45
 5  73  46  60  -5   5   0 0.00  0.0    0   M   M   M   M    M   M        14  45
 6  75  51  63  -2   2   0 0.00  0.0    0   M   M   M   M    M   M        15  90
 7  76  47  62  -3   3   0 0.00  0.0    0   M   M   M   M    M   M        13 135
 8  79  55  67   2   0   2 0.00  0.0    0   M   M   M   M    M   M        16  45
 9  83  53  68   3   0   3 0.00  0.0    0   M   M   M   M    M   M        14  90
10  81  57  69   4   0   4 0.00  0.0    0   M   M   M   M    M   M        13 225
11  68  51  60  -5   5   0 0.32  0.0    0   M   M   M   M    M   M 1      26 360
12  65  49  57  -7   8   0 0.15  0.0    0   M   M   M   M    M   M 1      27 360
13  62  45  54 -10  11   0 0.00  0.0    0   M   M   M   M    M   M        22 360
14  67  44  56  -8   9   0 0.00  0.0    0   M   M   M   M    M   M        19  45
15  79  44  62  -2   3   0 0.00  0.0    0   M   M   M   M    M   M        19 270
16  67  53  60  -4   5   0 0.38  0.0    0   M   M   M   M    M   M 3      17 360
17  62  44  53 -11  12   0    T  0.0    0   M   M   M   M    M   M        14  45
18  61  43  52 -12  13   0 0.25  0.0    0   M   M   M   M    M   M 1      17 225
19  71  57  64   0   1   0 1.93  0.0    0   M   M   M   M    M   M 123    16 360
20  65  56  61  -2   4   0 0.01  0.0    0   M   M   M   M    M   M 1      15 270
21  73  58  66   3   0   1    T  0.0    0   M   M   M   M    M   M 1      11  90
22  74  63  69   6   0   4 0.34  0.0    0   M   M   M   M    M   M 1       9 135
23  71  64  68   5   0   3 0.31  0.0    0   M   M   M   M    M   M 1      15 135
24  78  64  71   8   0   6 0.00  0.0    0   M   M   M   M    M   M        21 225
25  83  63  73  10   0   8 0.34  0.0    0   M   M   M   M    M   M 3      23 315
26  69  49  59  -3   6   0 0.00  0.0    0   M   M   M   M    M   M        23 270
27  65  45  55  -7  10   0    T  0.0    0   M   M   M   M    M   M        17 315
28  69  42  56  -6   9   0 0.00  0.0    0   M   M   M   M    M   M        14  45
29  67  56  62   0   3   0 0.14  0.0    0   M   M   M   M    M   M 1      22 180
================================================================================
SM 2078 1501       119  31  4.17     0.0     M          M        M
================================================================================
AV 71.7 51.8                                 M FASTST   M    M   0    MAX(MPH)
                                 MISC ---->     M   M               # 27  360
================================================================================
NOTES:
# LAST OF SEVERAL OCCURRENCES

COLUMN 17 PEAK WIND IN M.P.H.

PRELIMINARY LOCAL CLIMATOLOGICAL DATA (WS FORM: F-6) , PAGE 2

                                          STATION:  MARQUETTE MI
                                          MONTH:    AUGUST
                                          YEAR:     2014
                                          LATITUDE:   46 31 N
                                          LONGITUDE:  87 33 W

[TEMPERATURE DATA]      [PRECIPITATION DATA]       SYMBOLS USED IN COLUMN 16

AVERAGE MONTHLY: 61.7   TOTAL FOR MONTH:   4.17    1 = FOG OR MIST
DPTR FM NORMAL:  -2.2   DPTR FM NORMAL:    1.33    2 = FOG REDUCING VISIBILITY
HIGHEST:    83 ON 25, 9 GRTST 24HR  1.93 ON 19-19      TO 1/4 MILE OR LESS
LOWEST:     42 ON 28                               3 = THUNDER
                        SNOW, ICE PELLETS, HAIL    4 = ICE PELLETS
                        TOTAL MONTH:   0.0 INCH    5 = HAIL
                        GRTST 24HR     0.0         6 = FREEZING RAIN OR DRIZZLE
                        GRTST DEPTH:   0           7 = DUSTSTORM OR SANDSTORM:
                                                       VSBY 1/2 MILE OR LESS
                                                   8 = SMOKE OR HAZE
[NO. OF DAYS WITH]      [WEATHER - DAYS WITH]      9 = BLOWING SNOW
                                                   X = TORNADO
MAX 32 OR BELOW:   0    0.01 INCH OR MORE:  10
MAX 90 OR ABOVE:   0    0.10 INCH OR MORE:   9
MIN 32 OR BELOW:   0    0.50 INCH OR MORE:   1
MIN  0 OR BELOW:   0    1.00 INCH OR MORE:   1

[HDD (BASE 65) ]
TOTAL THIS MO.   119    CLEAR  (SCALE 0-3)   0
DPTR FM NORMAL    23    PTCLDY (SCALE 4-7)   0
TOTAL FM JUL 1   240    CLOUDY (SCALE 8-10)  0
DPTR FM NORMAL    65

[CDD (BASE 65) ]
TOTAL THIS MO.    31
DPTR FM NORMAL   -31    [PRESSURE DATA]
TOTAL FM JAN 1   147    HIGHEST SLP M ON M
DPTR FM NORMAL   -69    LOWEST  SLP M ON M

[REMARKS]
