000
CXUS51 KLWX 300620
CF6MRB
PRELIMINARY LOCAL CLIMATOLOGICAL DATA (WS FORM: F-6)

                                          STATION:   MARTINSBURG WV
                                          MONTH:     APRIL
                                          YEAR:      2016
                                          LATITUDE:   39 24 N
                                          LONGITUDE:  77 59 W

  TEMPERATURE IN F:       :PCPN:    SNOW:  WIND      :SUNSHINE: SKY     :PK WND
================================================================================
1   2   3   4   5  6A  6B    7    8   9   10  11  12  13   14  15   16   17  18
                                     12Z  AVG MX 2MIN
DY MAX MIN AVG DEP HDD CDD  WTR  SNW DPTH SPD SPD DIR MIN PSBL S-S WX    SPD DR
================================================================================

 1  81  58  70  22   0   5    T    M    M 10.6 24 270   M    M   4        33 280
 2  62  40  51   3  14   0 0.11    M    M 16.4 51 270   M    M   7        61 270
 3  51  30  41  -7  24   0 0.01    M    M 15.0 39 270   M    M   4 1      53 250
 4  68  34  51   2  14   0 0.01    M    M  9.9 31 280   M    M   5 8      41 290
 5  46  25  36 -13  29   0    T    M    M  9.7 21 350   M    M   3 8      28 350
 6  55  21  38 -11  27   0 0.00    M    M  9.6 23 160   M    M   0        33 150
 7  58  40  49  -1  16   0 0.15    M    M 12.7 31 280   M    M   7 1      36 250
 8  50  36  43  -7  22   0    T    M    M 12.9 24 260   M    M   6        30 260
 9  46  30  38 -12  27   0 0.01    M    M 14.1 30 320   M    M   8 1      40 320
10  52  21  37 -14  28   0 0.00    M    M  7.1 14 180   M    M   3        20 200
11  74  42  58   7   7   0 0.06    M    M  9.7 21 140   M    M   6        28 140
12  67  44  56   5   9   0 0.02    M    M 11.7 22 330   M    M   4        28 340
13  58  31  45  -7  20   0 0.00    M    M  3.7 13 360   M    M   0        17 360
14  63  30  47  -5  18   0 0.00    M    M  3.4 12 100   M    M   0        17 110
15  65  33  49  -3  16   0 0.00    M    M  3.0 13 140   M    M   0 8      19 110
16  72  33  53   0  12   0 0.00    M    M  0.7 12  70   M    M   0        15  70
17  77  39  58   5   7   0 0.00    M    M  1.6 10  70   M    M   0        14  80
18  86  41  64  11   1   0 0.00    M    M  2.3 13 330   M    M   0        18 340
19  81  47  64  10   1   0 0.00    M    M  8.1 21 350   M    M   1        33 320
20  69  39  54   0  11   0 0.00    M    M  2.1 10 150   M    M   0        17 150
21  73  42  58   4   7   0 0.02    M    M  3.1 12 140   M    M   2 1      15 120
22  71  54  63   9   2   0 0.07    M    M  4.1 13 180   M    M   4 1      19 200
23  71  51  61   6   4   0 0.22    M    M  8.0 18 350   M    M   6 1      25 350
24  67  43  55   0  10   0 0.00    M    M  3.5 12 150   M    M   0        15 160
25  81  38  60   5   5   0 0.00    M    M  2.6 13 160   M    M   2        17 170
26  83  57  70  14   0   5 0.00    M    M 10.9 25 240   M    M   2 8      32 320
27  69  48  59   3   6   0 0.02    M    M  5.5 16  20   M    M   9 18     22  20
28  52  46  49  -7  16   0 0.31    M    M  5.9 13  70   M    M  10 18     18 350
29  52  44  48  -8  17   0 0.00    M    M  3.1  8  40   M    M  10 18     10 100
================================================================================
SM 1900 1137       370  10  1.01    M    211.0          M      103
================================================================================
AV 65.5 39.2                               7.3 FASTST   M    M   4    MAX(MPH)
                                 MISC ---->  # 51 270               # 61  270
================================================================================
NOTES:
# LAST OF SEVERAL OCCURRENCES

COLUMN 17 PEAK WIND IN M.P.H.

PRELIMINARY LOCAL CLIMATOLOGICAL DATA (WS FORM: F-6) , PAGE 2

                                          STATION:  MARTINSBURG WV
                                          MONTH:    APRIL
                                          YEAR:     2016
                                          LATITUDE:   39 24 N
                                          LONGITUDE:  77 59 W

[TEMPERATURE DATA]      [PRECIPITATION DATA]       SYMBOLS USED IN COLUMN 16

AVERAGE MONTHLY: 52.4   TOTAL FOR MONTH:   1.01    1 = FOG OR MIST
DPTR FM NORMAL:   0.2   DPTR FM NORMAL:   -2.22    2 = FOG REDUCING VISIBILITY
HIGHEST:    86 ON 18    GRTST 24HR  0.31 ON 28-28      TO 1/4 MILE OR LESS
LOWEST:     21 ON 10, 6                            3 = THUNDER
                        SNOW, ICE PELLETS, HAIL    4 = ICE PELLETS
                        TOTAL MONTH:    M          5 = HAIL
                        GRTST 24HR    M  ON   M    6 = FREEZING RAIN OR DRIZZLE
                        GRTST DEPTH:  M  ON   M    7 = DUSTSTORM OR SANDSTORM:
                                                       VSBY 1/2 MILE OR LESS
                                                   8 = SMOKE OR HAZE
[NO. OF DAYS WITH]      [WEATHER - DAYS WITH]      9 = BLOWING SNOW
                                                   X = TORNADO
MAX 32 OR BELOW:   0    0.01 INCH OR MORE:  12
MAX 90 OR ABOVE:   0    0.10 INCH OR MORE:   4
MIN 32 OR BELOW:   7    0.50 INCH OR MORE:   0
MIN  0 OR BELOW:   0    1.00 INCH OR MORE:   0

[HDD (BASE 65) ]
TOTAL THIS MO.   370    CLEAR  (SCALE 0-3)  14
DPTR FM NORMAL    -6    PTCLDY (SCALE 4-7)  12
TOTAL FM JUL 1  4278    CLOUDY (SCALE 8-10)  3
DPTR FM NORMAL  -768

[CDD (BASE 65) ]
TOTAL THIS MO.    10
DPTR FM NORMAL    10    [PRESSURE DATA]
TOTAL FM JAN 1    12    HIGHEST SLP M ON M
DPTR FM NORMAL    11    LOWEST  SLP 29.39 ON  2

[REMARKS]
