000
CXUS52 KMHX 010700
CF6MRH
PRELIMINARY LOCAL CLIMATOLOGICAL DATA (WS FORM: F-6)

                                          STATION:   BEAUFORT/SMITH FIELD NC
                                          MONTH:     JUNE
                                          YEAR:      2015
                                          LATITUDE:   34 43 N
                                          LONGITUDE:  76 39 W

  TEMPERATURE IN F:       :PCPN:    SNOW:  WIND      :SUNSHINE: SKY     :PK WND
================================================================================
1   2   3   4   5  6A  6B    7    8   9   10  11  12  13   14  15   16   17  18
                                     12Z  AVG MX 2MIN
DY MAX MIN AVG DEP HDD CDD  WTR  SNW DPTH SPD SPD DIR MIN PSBL S-S WX    SPD DR
================================================================================

 1  81  69  75   3   0  10 0.00  0.0    0  8.4 16 190   M    M   1        67 330
 2  82  73  78   5   0  13 0.00  0.0    0  7.8 16 210   M    M   5        22 200
 3  79  68  74   1   0   9 1.90  0.0    0  6.7 22 300   M    M   6 1      27 240
 4  80  68  74   1   0   9 0.25  0.0    0  5.8 13 160   M    M   4 1      23 180
 5  78  66  72  -1   0   7 0.00  0.0    0  8.3 15 340   M    M   6        22 350
 6  79  65  72  -2   0   7    T  0.0    0  5.6 10  80   M    M   3        17 340
 7  81  62  72  -2   0   7 0.00  0.0    0  8.2 17  20   M    M   1        27  10
 8  81  61  71  -3   0   6 0.00  0.0    0  9.5 21 200   M    M   1        26 220
 9  83  72  78   4   0  13 0.14  0.0    0 16.9 29 240   M    M   6 1      41 240
10  81  71  76   1   0  11 0.00  0.0    0  9.3 16 210   M    M   1        20 210
11  83  76  80   5   0  15 0.00  0.0    0 10.8 17 200   M    M   2 8      21 190
12  84  77  81   6   0  16 0.00  0.0    0 13.7 22 210   M    M   1        28 230
13  88  76  82   7   0  17 0.00  0.0    0 11.6 18 220   M    M   0        25 260
14  93  77  85   9   0  20 0.37  0.0    0  5.4 13 170   M    M   0 1      18  70
15  93  76  85   9   0  20 0.00  0.0    0  7.4 16 230   M    M   0 1      22 250
16  94  80  87  11   0  22 0.00  0.0    0  9.4 15 220   M    M   0        30 220
17  91  78  85   9   0  20 0.00  0.0    0  7.3 14 100   M    M   1        19 100
18  87  76  82   6   0  17 0.07  0.0    0  7.9 17 310   M    M   1 1      24 210
19  88  75  82   5   0  17 0.08  0.0    0 10.9 20 310   M    M   1 1      26 190
20  87  74  81   4   0  16 0.01  0.0    0 11.4 21 210   M    M   1        28 220
21  89  81  85   8   0  20 0.00  0.0    0 15.4 23 220   M    M   1        28 220
22  88  80  84   7   0  19 0.00  0.0    0 10.0 16 230   M    M   1        20 230
23  88  81  85   7   0  20 0.00  0.0    0 16.8 26 220   M    M   2        34 220
24  87  78  83   5   0  18    T  0.0    0 13.1 24 220   M    M   1        29 210
25  86  75  81   3   0  16 0.00  0.0    0  8.1 22 220   M    M   2        27 210
26  87  78  83   5   0  18 0.19  0.0    0 13.1 23 220   M    M   4 1      28 220
27  86  77  82   4   0  17 0.17  0.0    0 15.7 31 220   M    M   6 1      39 210
28  85  77  81   3   0  16 0.01  0.0    0 15.7 25 230   M    M   4 1      33 230
29  83  70  77  -2   0  12 0.00  0.0    0  7.1 13 230   M    M   3        19  60
30  85  77  81   2   0  16 0.00  0.0    0 13.4 24 210   M    M   0        35 210
================================================================================
SM 2557 2214         0 444  3.19     0.0 310.7          M       65
================================================================================
AV 85.2 73.8                              10.4 FASTST   M    M   2    MAX(MPH)
                                 MISC ---->  # 31 220               # 67  330
================================================================================
NOTES:
# LAST OF SEVERAL OCCURRENCES

COLUMN 17 PEAK WIND IN M.P.H.

PRELIMINARY LOCAL CLIMATOLOGICAL DATA (WS FORM: F-6) , PAGE 2

                                          STATION:  BEAUFORT/SMITH FIELD NC
                                          MONTH:    JUNE
                                          YEAR:     2015
                                          LATITUDE:   34 43 N
                                          LONGITUDE:  76 39 W

[TEMPERATURE DATA]      [PRECIPITATION DATA]       SYMBOLS USED IN COLUMN 16

AVERAGE MONTHLY: 79.5   TOTAL FOR MONTH:   3.19    1 = FOG OR MIST
DPTR FM NORMAL:   3.8   DPTR FM NORMAL:   -1.45    2 = FOG REDUCING VISIBILITY
HIGHEST:    94 ON 16    GRTST 24HR  2.06 ON  3- 4      TO 1/4 MILE OR LESS
LOWEST:     61 ON  8                               3 = THUNDER
                        SNOW, ICE PELLETS, HAIL    4 = ICE PELLETS
                        TOTAL MONTH:   0.0 INCH    5 = HAIL
                        GRTST 24HR     0.0         6 = FREEZING RAIN OR DRIZZLE
                        GRTST DEPTH:   0           7 = DUSTSTORM OR SANDSTORM:
                                                       VSBY 1/2 MILE OR LESS
                                                   8 = SMOKE OR HAZE
[NO. OF DAYS WITH]      [WEATHER - DAYS WITH]      9 = BLOWING SNOW
                                                   X = TORNADO
MAX 32 OR BELOW:   0    0.01 INCH OR MORE:  10
MAX 90 OR ABOVE:   4    0.10 INCH OR MORE:   6
MIN 32 OR BELOW:   0    0.50 INCH OR MORE:   1
MIN  0 OR BELOW:   0    1.00 INCH OR MORE:   1

[HDD (BASE 65) ]
TOTAL THIS MO.     0    CLEAR  (SCALE 0-3)  21
DPTR FM NORMAL     0    PTCLDY (SCALE 4-7)   9
TOTAL FM JUL 1  2720    CLOUDY (SCALE 8-10)  0
DPTR FM NORMAL   165

[CDD (BASE 65) ]
TOTAL THIS MO.   444
DPTR FM NORMAL   121    [PRESSURE DATA]
TOTAL FM JAN 1   650    HIGHEST SLP M ON M
DPTR FM NORMAL   145    LOWEST  SLP 29.74 ON 28

[REMARKS]
#FINAL-06-15#
