425
CXUS56 KMTR 271000
CF6MRY
PRELIMINARY LOCAL CLIMATOLOGICAL DATA (WS FORM: F-6)

                                          STATION:   MONTEREY AIRPORT
                                          MONTH:     AUGUST
                                          YEAR:      2016
                                          LATITUDE:   36 34 N
                                          LONGITUDE: 121 51 W

  TEMPERATURE IN F:       :PCPN:    SNOW:  WIND      :SUNSHINE: SKY     :PK WND
================================================================================
1   2   3   4   5  6A  6B    7    8   9   10  11  12  13   14  15   16   17  18
                                     12Z  AVG MX 2MIN
DY MAX MIN AVG DEP HDD CDD  WTR  SNW DPTH SPD SPD DIR MIN PSBL S-S WX    SPD DR
================================================================================

 1  67  58  63   2   2   0 0.00  0.0    0  4.6 13 240   M    M   9 18     16 220
 2  68  55  62   1   3   0 0.00  0.0    0  5.2 12 280   M    M   7 18     15 270
 3  67  51  59  -2   6   0 0.00  0.0    0  5.6 15 220   M    M   7 18     19 240
 4  63  54  59  -2   6   0 0.00  0.0    0  6.6 10 250   M    M  10 1       M  M
 5  63  56  60  -1   5   0    T  0.0    0  6.1 16 240   M    M   9 18     20 220
 6  62  54  58  -3   7   0 0.00  0.0    0  6.6 14 260   M    M  10 1      17 270
 7  65  55  60  -1   5   0 0.00  0.0    0  7.5 15 280   M    M   6        17 250
 8  65  54  60  -1   5   0 0.00  0.0    0  8.1 14 230   M    M   8 1      18 240
 9  65  55  60  -1   5   0    T  0.0    0  8.9 18 240   M    M   8 18     25 230
10  63  55  59  -2   6   0 0.00  0.0    0  6.8 16 210   M    M  10 18     22 240
11  67  54  61   0   4   0 0.00  0.0    0  5.0 14 220   M    M   7 18     18 220
12  66  54  60  -1   5   0 0.00  0.0    0  3.5 13 220   M    M   7 18     18 220
13  69  50  60  -2   5   0 0.00  0.0    0  3.5  9 350   M    M   4 128    13 320
14  66  54  60  -2   5   0 0.00  0.0    0  5.9 13 240   M    M   6 1      20 240
15  68  53  61  -1   4   0 0.00  0.0    0  5.3 13 200   M    M   8 1      16 330
16  65  53  59  -3   6   0 0.00  0.0    0  3.7 13 310   M    M   7 18     17 320
17  67  53  60  -2   5   0 0.00  0.0    0  4.6 14 220   M    M   7 18     17 220
18  67  55  61  -1   4   0 0.00  0.0    0  3.4 12 230   M    M   8 18     15 230
19  66  54  60  -2   5   0 0.00  0.0    0  3.0 12 240   M    M   7 18     16 250
20  65  55  60  -2   5   0 0.00  0.0    0  3.8 12 280   M    M   9 1      17 300
21  65  56  61  -1   4   0 0.00  0.0    0  5.0 14 290   M    M   9 1      17 300
22  67  56  62   0   3   0 0.00  0.0    0  6.2 16 310   M    M   6        19 310
23  69  57  63   1   2   0 0.00  0.0    0  4.9 14 310   M    M   6        18 300
24  65  56  61  -1   4   0 0.00  0.0    0  6.2 14 300   M    M   7        17 290
25  64  55  60  -2   5   0 0.00  0.0    0  5.8 13 250   M    M   9 1      15 280
26  70  57  64   2   1   0 0.00  0.0    0  6.3 21 230   M    M   7 1      26 230
================================================================================
SM 1714 1419       117   0    T      0.0 142.1          M      198
================================================================================
AV 65.9 54.6                               5.5 FASTST   M    M   8    MAX(MPH)
                                 MISC ---->  # 21 230               # 26  230
================================================================================
NOTES:
# LAST OF SEVERAL OCCURRENCES

COLUMN 17 PEAK WIND IN M.P.H.

PRELIMINARY LOCAL CLIMATOLOGICAL DATA (WS FORM: F-6) , PAGE 2

                                          STATION:  MONTEREY AIRPORT
                                          MONTH:    AUGUST
                                          YEAR:     2016
                                          LATITUDE:   36 34 N
                                          LONGITUDE: 121 51 W

[TEMPERATURE DATA]      [PRECIPITATION DATA]       SYMBOLS USED IN COLUMN 16

AVERAGE MONTHLY: 60.2   TOTAL FOR MONTH:      T    1 = FOG OR MIST
DPTR FM NORMAL:  -1.3   DPTR FM NORMAL:   -0.03    2 = FOG REDUCING VISIBILITY
HIGHEST:    70 ON 26    GRTST 24HR    T  ON  9- 9      TO 1/4 MILE OR LESS
LOWEST:     50 ON 13                               3 = THUNDER
                        SNOW, ICE PELLETS, HAIL    4 = ICE PELLETS
                        TOTAL MONTH:   0.0 INCH    5 = HAIL
                        GRTST 24HR     0.0         6 = FREEZING RAIN OR DRIZZLE
                        GRTST DEPTH:   0           7 = DUSTSTORM OR SANDSTORM:
                                                       VSBY 1/2 MILE OR LESS
                                                   8 = SMOKE OR HAZE
[NO. OF DAYS WITH]      [WEATHER - DAYS WITH]      9 = BLOWING SNOW
                                                   X = TORNADO
MAX 32 OR BELOW:   0    0.01 INCH OR MORE:   0
MAX 90 OR ABOVE:   0    0.10 INCH OR MORE:   0
MIN 32 OR BELOW:   0    0.50 INCH OR MORE:   0
MIN  0 OR BELOW:   0    1.00 INCH OR MORE:   0

[HDD (BASE 65) ]
TOTAL THIS MO.   117    CLEAR  (SCALE 0-3)   0
DPTR FM NORMAL    25    PTCLDY (SCALE 4-7)  17
TOTAL FM JUL 1   296    CLOUDY (SCALE 8-10)  9
DPTR FM NORMAL    58

[CDD (BASE 65) ]
TOTAL THIS MO.     0
DPTR FM NORMAL     0    [PRESSURE DATA]
TOTAL FM JAN 1    19    HIGHEST SLP M ON M
DPTR FM NORMAL     9    LOWEST  SLP 29.79 ON 17

[REMARKS]
