000
CXUS53 KMKX 300721
CF6MSN
PRELIMINARY LOCAL CLIMATOLOGICAL DATA (WS FORM: F-6)

                                          STATION:   MADISON WI
                                          MONTH:     MAY
                                          YEAR:      2016
                                          LATITUDE:   43  7 N
                                          LONGITUDE:  89 20 W

  TEMPERATURE IN F:       :PCPN:    SNOW:  WIND      :SUNSHINE: SKY     :PK WND
================================================================================
1   2   3   4   5  6A  6B    7    8   9   10  11  12  13   14  15   16   17  18
                                     12Z  AVG MX 2MIN
DY MAX MIN AVG DEP HDD CDD  WTR  SNW DPTH SPD SPD DIR MIN PSBL S-S WX    SPD DR
================================================================================

 1  58  42  50  -2  15   0    T  0.0    0 12.6 20  50   M    M  10 1      37  80
 2  64  38  51  -2  14   0    T  0.0    0  4.9 15  10   M    M   4        26 360
 3  68  38  53   0  12   0 0.07  0.0    0  7.3 36 350   M    M   5 1      49 350
 4  60  40  50  -4  15   0 0.00  0.0    0 12.6 24  10   M    M   5 1      30  20
 5  67  34  51  -3  14   0 0.00  0.0    0  4.9 13  30   M    M   1        21  50
 6  86  44  65  11   0   0 0.02  0.0    0  5.0 15 360   M    M   4 38     19 360
 7  68  43  56   2   9   0    T  0.0    0  8.9 23 360   M    M   7        30  10
 8  71  36  54  -1  11   0 0.00  0.0    0  4.4 16  50   M    M   6 8      22  40
 9  64  43  54  -1  11   0 0.19  0.0    0 13.0 26 120   M    M   7 1      35 110
10  52  49  51  -4  14   0 0.49  0.0    0 11.0 21 110   M    M  10 1      24 110
11  66  49  58   2   7   0 0.06  0.0    0  6.3 14 140   M    M  10 128    16 110
12  68  49  59   3   6   0 0.44  0.0    0  7.1 17 280   M    M   7 1      26 290
13  60  41  51  -5  14   0 0.20  0.0    0  7.6 17 350   M    M   7 1      27 300
14  45  32  39 -18  26   0    T  0.0    0  9.6 20 330   M    M   8        31 340
15  58  30  44 -13  21   0 0.00  0.0    0  5.4 15 300   M    M   4        22 320
16  71  48  60   3   5   0 0.02  0.0    0  7.5 20 220   M    M   6        28 220
17  61  39  50  -8  15   0    T  0.0    0  7.4 16  30   M    M   5        21  30
18  67  34  51  -7  14   0 0.00  0.0    0  4.1 16 140   M    M   2        21 140
19  70  40  55  -3  10   0 0.00  0.0    0  3.8 14 190   M    M   2 1      19 180
20  72  40  56  -2   9   0 0.00  0.0    0  3.5 13 110   M    M   6 8      19  90
21  78  43  61   2   4   0 0.00  0.0    0  3.6 20  10   M    M   5 1      24  10
22  83  47  65   6   0   0 0.00  0.0    0  3.1 13 140   M    M   3 8      17  40
23  83  53  68   9   0   3 0.00  0.0    0  8.3 18 170   M    M   5        24 170
24  82  58  70  10   0   5    T  0.0    0  4.9 14 160   M    M   5 8      16 170
25  85  59  72  12   0   7 0.06  0.0    0  8.2 22 170   M    M   6 13     26 170
26  84  62  73  13   0   8 0.08  0.0    0  5.5 17 180   M    M   5 138    22 170
27  79  60  70   9   0   5 0.01  0.0    0  7.2 25 140   M    M   5 3      32 170
28  83  64  74  13   0   9 0.30  0.0    0 12.3 23 190   M    M   8 138    31 240
29  79  61  70   9   0   5 0.21  0.0    0  7.0 16 340   M    M   5 13     24 330
================================================================================
SM 2032 1316       246  42  2.15     0.0 207.0          M      163
================================================================================
AV 70.1 45.4                               7.1 FASTST   M    M   6    MAX(MPH)
                                 MISC ---->  # 36 350               # 49  350
================================================================================
NOTES:
# LAST OF SEVERAL OCCURRENCES

COLUMN 17 PEAK WIND IN M.P.H.

PRELIMINARY LOCAL CLIMATOLOGICAL DATA (WS FORM: F-6) , PAGE 2

                                          STATION:  MADISON WI
                                          MONTH:    MAY
                                          YEAR:     2016
                                          LATITUDE:   43  7 N
                                          LONGITUDE:  89 20 W

[TEMPERATURE DATA]      [PRECIPITATION DATA]       SYMBOLS USED IN COLUMN 16

AVERAGE MONTHLY: 57.7   TOTAL FOR MONTH:   2.15    1 = FOG OR MIST
DPTR FM NORMAL:   0.8   DPTR FM NORMAL:   -1.14    2 = FOG REDUCING VISIBILITY
HIGHEST:    86 ON  6    GRTST 24HR  0.67 ON  9-10      TO 1/4 MILE OR LESS
LOWEST:     30 ON 15                               3 = THUNDER
                        SNOW, ICE PELLETS, HAIL    4 = ICE PELLETS
                        TOTAL MONTH:   0.0 INCH    5 = HAIL
                        GRTST 24HR     0.0         6 = FREEZING RAIN OR DRIZZLE
                        GRTST DEPTH:   0           7 = DUSTSTORM OR SANDSTORM:
                                                       VSBY 1/2 MILE OR LESS
                                                   8 = SMOKE OR HAZE
[NO. OF DAYS WITH]      [WEATHER - DAYS WITH]      9 = BLOWING SNOW
                                                   X = TORNADO
MAX 32 OR BELOW:   0    0.01 INCH OR MORE:  13
MAX 90 OR ABOVE:   0    0.10 INCH OR MORE:   6
MIN 32 OR BELOW:   2    0.50 INCH OR MORE:   0
MIN  0 OR BELOW:   0    1.00 INCH OR MORE:   0

[HDD (BASE 65) ]
TOTAL THIS MO.   246    CLEAR  (SCALE 0-3)   4
DPTR FM NORMAL   -10    PTCLDY (SCALE 4-7)  21
TOTAL FM JUL 1  6184    CLOUDY (SCALE 8-10)  4
DPTR FM NORMAL -1079

[CDD (BASE 65) ]
TOTAL THIS MO.    42
DPTR FM NORMAL    22    [PRESSURE DATA]
TOTAL FM JAN 1    42    HIGHEST SLP M ON M
DPTR FM NORMAL    18    LOWEST  SLP 29.63 ON M

[REMARKS]
