000
CXUS53 KMPX 201000
CF6MSP
PRELIMINARY LOCAL CLIMATOLOGICAL DATA (WS FORM: F-6)

                                          STATION:   TWIN CITIES MN
                                          MONTH:     OCTOBER
                                          YEAR:      2014
                                          LATITUDE:   44 52 N
                                          LONGITUDE:  93 13 W

  TEMPERATURE IN F:       :PCPN:    SNOW:  WIND      :SUNSHINE: SKY     :PK WND
================================================================================
1   2   3   4   5  6A  6B    7    8   9   10  11  12  13   14  15   16   17  18
                                     12Z  AVG MX 2MIN
DY MAX MIN AVG DEP HDD CDD  WTR  SNW DPTH SPD SPD DIR MIN PSBL S-S WX    SPD DR
================================================================================

 1  59  50  55   0  10   0 0.69  0.0    0  8.4 18 130   M    M   9 18     24 130
 2  60  47  54  -1  11   0 0.78  0.0    0  5.0 18 310   M    M   9 12     24 320
 3  50  36  43 -11  22   0 0.09  0.0    0 19.6 30 300   M    M   9 12     39 290
 4  51  37  44 -10  21   0 0.03  0.0    0 15.6 26 310   M    M   8 1      37 310
 5  49  35  42 -11  23   0 0.00  0.0    0  8.1 18 270   M    M   7        24 250
 6  63  36  50  -3  15   0    T  0.0    0  9.2 20 270   M    M   3 1      26 240
 7  60  45  53   0  12   0 0.00  0.0    0 10.7 29 290   M    M   6        39 270
 8  59  39  49  -3  16   0 0.00  0.0    0 10.4 21 300   M    M   5        29 300
 9  54  34  44  -8  21   0 0.00  0.0    0  5.4 14 320   M    M   2        22 320
10  53  34  44  -7  21   0 0.00  0.0    0  3.9 14 310   M    M   2 1      18 320
11  57  31  44  -7  21   0 0.00  0.0    0  5.2 13 170   M    M   0 1      17 150
12  61  42  52   2  13   0 0.00  0.0    0 13.2 25 150   M    M   5 1      30 140
13  57  50  54   4  11   0 0.02  0.0    0  8.6 21 360   M    M  10 18     27  20
14  65  47  56   6   9   0 0.00  0.0    0 13.5 25 350   M    M   5        32 340
15  66  38  52   3  13   0 0.00  0.0    0  5.0 15 340   M    M   0        20  20
16  72  41  57   8   8   0 0.00  0.0    0  8.8 20 280   M    M   3        27 280
17  58  49  54   6  11   0 0.00  0.0    0 16.0 25 320   M    M  10        33 360
18  54  39  47  -1  18   0 0.00  0.0    0  5.8 20 350   M    M   6        26 330
19  69  40  55   7  10   0 0.00  0.0    0  9.6 21 210   M    M   3        27 210
================================================================================
SM 1117  770       286   0  1.61     0.0 182.0          M      102
================================================================================
AV 58.8 40.5                               9.6 FASTST   M    M   5    MAX(MPH)
                                 MISC ---->  # 30 300               # 39  290
================================================================================
NOTES:
# LAST OF SEVERAL OCCURRENCES

COLUMN 17 PEAK WIND IN M.P.H.

PRELIMINARY LOCAL CLIMATOLOGICAL DATA (WS FORM: F-6) , PAGE 2

                                          STATION:  TWIN CITIES MN
                                          MONTH:    OCTOBER
                                          YEAR:     2014
                                          LATITUDE:   44 52 N
                                          LONGITUDE:  93 13 W

[TEMPERATURE DATA]      [PRECIPITATION DATA]       SYMBOLS USED IN COLUMN 16

AVERAGE MONTHLY: 49.7   TOTAL FOR MONTH:   1.61    1 = FOG OR MIST
DPTR FM NORMAL:  -1.7   DPTR FM NORMAL:   -0.05    2 = FOG REDUCING VISIBILITY
HIGHEST:    72 ON 16    GRTST 24HR  0.78 ON  2- 2      TO 1/4 MILE OR LESS
LOWEST:     31 ON 11                               3 = THUNDER
                        SNOW, ICE PELLETS, HAIL    4 = ICE PELLETS
                        TOTAL MONTH:   0.0 INCH    5 = HAIL
                        GRTST 24HR     0.0         6 = FREEZING RAIN OR DRIZZLE
                        GRTST DEPTH:   0           7 = DUSTSTORM OR SANDSTORM:
                                                       VSBY 1/2 MILE OR LESS
                                                   8 = SMOKE OR HAZE
[NO. OF DAYS WITH]      [WEATHER - DAYS WITH]      9 = BLOWING SNOW
                                                   X = TORNADO
MAX 32 OR BELOW:   0    0.01 INCH OR MORE:   5
MAX 90 OR ABOVE:   0    0.10 INCH OR MORE:   2
MIN 32 OR BELOW:   1    0.50 INCH OR MORE:   2
MIN  0 OR BELOW:   0    1.00 INCH OR MORE:   0

[HDD (BASE 65) ]
TOTAL THIS MO.   286    CLEAR  (SCALE 0-3)   6
DPTR FM NORMAL    22    PTCLDY (SCALE 4-7)   8
TOTAL FM JUL 1   417    CLOUDY (SCALE 8-10)  5
DPTR FM NORMAL   -20

[CDD (BASE 65) ]
TOTAL THIS MO.     0
DPTR FM NORMAL    -3    [PRESSURE DATA]
TOTAL FM JAN 1   759    HIGHEST SLP M ON M
DPTR FM NORMAL     9    LOWEST  SLP 29.47 ON  6

[REMARKS]
