000
CXUS55 KLIX 190830
CF6MSY
PRELIMINARY LOCAL CLIMATOLOGICAL DATA (WS FORM: F-6)

                                          STATION:   NEW ORLEANS
                                          MONTH:     OCTOBER
                                          YEAR:      2014
                                          LATITUDE:   29 58 N
                                          LONGITUDE:  90 15 W

  TEMPERATURE IN F:       :PCPN:    SNOW:  WIND      :SUNSHINE: SKY     :PK WND
================================================================================
1   2   3   4   5  6A  6B    7    8   9   10  11  12  13   14  15   16   17  18
                                     12Z  AVG MX 2MIN
DY MAX MIN AVG DEP HDD CDD  WTR  SNW DPTH SPD SPD DIR MIN PSBL S-S WX    SPD DR
================================================================================

 1  85  75  80   4   0  15    T  0.0    0  6.6 16 150   M    M   6        20 150
 2  91  76  84   8   0  19    T  0.0    0  9.7 22 180   M    M   5        24 190
 3  81  70  76   1   0  11 0.41  0.0    0 10.7 21 280   M    M   7 13     28 240
 4  73  57  65 -10   0   0 0.00  0.0    0 10.1 23  10   M    M   1        31 330
 5  79  55  67  -8   0   2 0.00  0.0    0  6.0 15 190   M    M   1        19 160
 6  85  66  76   2   0  11 0.00  0.0    0  9.0 17 160   M    M   5        22 180
 7  87  69  78   4   0  13 0.00  0.0    0  5.3 12 160   M    M   5 1      16  70
 8  87  68  78   4   0  13 0.00  0.0    0  5.4 15  40   M    M   5 1      19  40
 9  89  73  81   8   0  16 0.36  0.0    0  6.2 20 230   M    M   6 1      23 240
10  89  74  82   9   0  17 0.00  0.0    0  5.3 13 180   M    M   3 1      19 190
11  88  73  81   8   0  16    T  0.0    0  4.0 10 310   M    M   3        13  30
12  88  73  81   9   0  16 0.21  0.0    0  6.7 16 180   M    M   5 13     19 180
13  89  64  77   5   0  12 0.86  0.0    0 14.2 37 240   M    M   6 13     48 220
14  76  58  67  -5   0   2 0.00  0.0    0 12.2 21 260   M    M   2        27 280
15  78  53  66  -6   0   1 0.00  0.0    0  7.3 18 310   M    M   0        24 330
16  83  56  70  -1   0   5 0.00  0.0    0  1.9 12 310   M    M   1        19  70
17  83  62  73   2   0   8 0.00  0.0    0  4.8 13 170   M    M   1 1      15 230
18  85  64  75   4   0  10 0.00  0.0    0  6.1 18  30   M    M   5 1      28  20
================================================================================
SM 1516 1186         0 187  1.84     0.0 131.5          M       67
================================================================================
AV 84.2 65.9                               7.3 FASTST   M    M   4    MAX(MPH)
                                 MISC ---->  # 37 240               # 48  220
================================================================================
NOTES:
# LAST OF SEVERAL OCCURRENCES

COLUMN 17 PEAK WIND IN M.P.H.

PRELIMINARY LOCAL CLIMATOLOGICAL DATA (WS FORM: F-6) , PAGE 2

                                          STATION:  NEW ORLEANS
                                          MONTH:    OCTOBER
                                          YEAR:     2014
                                          LATITUDE:   29 58 N
                                          LONGITUDE:  90 15 W

[TEMPERATURE DATA]      [PRECIPITATION DATA]       SYMBOLS USED IN COLUMN 16

AVERAGE MONTHLY: 75.1   TOTAL FOR MONTH:   1.84    1 = FOG OR MIST
DPTR FM NORMAL:   1.8   DPTR FM NORMAL:   -0.15    2 = FOG REDUCING VISIBILITY
HIGHEST:    91 ON  2    GRTST 24HR  0.86 ON 13-13      TO 1/4 MILE OR LESS
LOWEST:     53 ON 15                               3 = THUNDER
                        SNOW, ICE PELLETS, HAIL    4 = ICE PELLETS
                        TOTAL MONTH:   0.0 INCH    5 = HAIL
                        GRTST 24HR     0.0         6 = FREEZING RAIN OR DRIZZLE
                        GRTST DEPTH:   0           7 = DUSTSTORM OR SANDSTORM:
                                                       VSBY 1/2 MILE OR LESS
                                                   8 = SMOKE OR HAZE
[NO. OF DAYS WITH]      [WEATHER - DAYS WITH]      9 = BLOWING SNOW
                                                   X = TORNADO
MAX 32 OR BELOW:   0    0.01 INCH OR MORE:   4
MAX 90 OR ABOVE:   1    0.10 INCH OR MORE:   4
MIN 32 OR BELOW:   0    0.50 INCH OR MORE:   1
MIN  0 OR BELOW:   0    1.00 INCH OR MORE:   0

[HDD (BASE 65) ]
TOTAL THIS MO.     0    CLEAR  (SCALE 0-3)   7
DPTR FM NORMAL    -5    PTCLDY (SCALE 4-7)  11
TOTAL FM JUL 1     0    CLOUDY (SCALE 8-10)  0
DPTR FM NORMAL    -5

[CDD (BASE 65) ]
TOTAL THIS MO.   187
DPTR FM NORMAL    32    [PRESSURE DATA]
TOTAL FM JAN 1  2875    HIGHEST SLP M ON M
DPTR FM NORMAL    31    LOWEST  SLP 29.72 ON 13

[REMARKS]
