898
CXUS52 KKEY 191514
CF6MTH
PRELIMINARY LOCAL CLIMATOLOGICAL DATA (WS FORM: F-6)

                                          STATION:   MARATHON
                                          MONTH:     JANUARY
                                          YEAR:      2018
                                          LATITUDE:   24 43 N
                                          LONGITUDE:  81  5 W

  TEMPERATURE IN F:       :PCPN:    SNOW:  WIND      :SUNSHINE: SKY     :PK WND
================================================================================
1   2   3   4   5  6A  6B    7    8   9   10  11  12  13   14  15   16   17  18
                                     12Z  AVG MX 2MIN
DY MAX MIN AVG DEP HDD CDD  WTR  SNW DPTH SPD SPD DIR MIN PSBL S-S WX    SPD DR
================================================================================

 1  80  61  71   1   0   6 0.00  0.0    0  5.5 17 320   M    M   2 18     24 330
 2  68  59  64  -6   1   0 0.07  0.0    0 10.0 16  20   M    M  10 18     22 350
 3  67  61  64  -5   1   0 0.09  0.0    0 14.3 28 310   M    M   9 1      39 310
 4  61  52  57 -12   8   0 0.00  0.0    0 13.5 20  10   M    M   5        27 330
 5  62  52  57 -12   8   0 0.00  0.0    0 11.7 17  20   M    M   0        24  30
 6  67  55  61  -8   4   0    T  0.0    0 15.2 20  30   M    M   1        27  30
 7  70  56  63  -6   2   0 0.00  0.0    0 12.3 18  40   M    M   0        25  40
 8  79  62  71   2   0   6    T  0.0    0  8.8 15 100   M    M   3        23 100
 9  77  67  72   3   0   7 0.03  0.0    0  3.7  9  20   M    M   1 1      14  10
10  74  67  71   2   0   6 0.11  0.0    0  4.4 12  50   M    M   3 13     14  40
11  80  67  74   5   0   9 0.00  0.0    0  5.6  9 140   M    M   2        15 120
12  81  72  77   8   0  12 0.03  0.0    0  5.6 17 220   M    M   6 1      27 220
13  75  61  68  -1   0   3    T  0.0    0  9.9 20 330   M    M   3        29 350
14  66  53  60  -9   5   0 0.00  0.0    0 13.9 21  20   M    M   6        27 330
15  70  57  64  -5   1   0 0.00  0.0    0 11.0 20  30   M    M   3        26  20
16  74  63  69   0   0   4 0.00  0.0    0 13.2 17  60   M    M   3        23  20
17  71  60  66  -3   0   1 0.00  0.0    0 12.1 22 330   M    M   4        30 330
18  61  49  55 -15  10   0 0.00  0.0    0 13.2 21 340   M    M   1        26 350
================================================================================
SM 1283 1074        40  54  0.33     0.0 183.9          M       62
================================================================================
AV 71.3 59.7                              10.2 FASTST   M    M   3    MAX(MPH)
                                 MISC ---->  # 28 310               # 39  310
================================================================================
NOTES:
# LAST OF SEVERAL OCCURRENCES

COLUMN 17 PEAK WIND IN M.P.H.

PRELIMINARY LOCAL CLIMATOLOGICAL DATA (WS FORM: F-6) , PAGE 2

                                          STATION:  MARATHON
                                          MONTH:    JANUARY
                                          YEAR:     2018
                                          LATITUDE:   24 43 N
                                          LONGITUDE:  81  5 W

[TEMPERATURE DATA]      [PRECIPITATION DATA]       SYMBOLS USED IN COLUMN 16

AVERAGE MONTHLY: 65.5   TOTAL FOR MONTH:   0.33    1 = FOG OR MIST
DPTR FM NORMAL:  -3.7   DPTR FM NORMAL:   -0.59    2 = FOG REDUCING VISIBILITY
HIGHEST:    81 ON 12    GRTST 24HR  0.11 ON 10-10      TO 1/4 MILE OR LESS
LOWEST:     49 ON 18                               3 = THUNDER
                        SNOW, ICE PELLETS, HAIL    4 = ICE PELLETS
                        TOTAL MONTH:   0.0 INCH    5 = HAIL
                        GRTST 24HR     0.0         6 = FREEZING RAIN OR DRIZZLE
                        GRTST DEPTH:   0           7 = DUSTSTORM OR SANDSTORM:
                                                       VSBY 1/2 MILE OR LESS
                                                   8 = SMOKE OR HAZE
[NO. OF DAYS WITH]      [WEATHER - DAYS WITH]      9 = BLOWING SNOW
                                                   X = TORNADO
MAX 32 OR BELOW:   0    0.01 INCH OR MORE:   5
MAX 90 OR ABOVE:   0    0.10 INCH OR MORE:   1
MIN 32 OR BELOW:   0    0.50 INCH OR MORE:   0
MIN  0 OR BELOW:   0    1.00 INCH OR MORE:   0

[HDD (BASE 65) ]
TOTAL THIS MO.    40    CLEAR  (SCALE 0-3)  11
DPTR FM NORMAL    13    PTCLDY (SCALE 4-7)   5
TOTAL FM JUL 1    58    CLOUDY (SCALE 8-10)  2
DPTR FM NORMAL    10

[CDD (BASE 65) ]
TOTAL THIS MO.    54
DPTR FM NORMAL   -54    [PRESSURE DATA]
TOTAL FM JAN 1    54    HIGHEST SLP M ON M
DPTR FM NORMAL   -54    LOWEST  SLP 29.91 ON 12

[REMARKS]
