000
CXUS52 KKEY 270545
CF6MTH
PRELIMINARY LOCAL CLIMATOLOGICAL DATA (WS FORM: F-6)

                                          STATION:   MARATHON
                                          MONTH:     FEBRUARY
                                          YEAR:      2017
                                          LATITUDE:   24 43 N
                                          LONGITUDE:  81  5 W

  TEMPERATURE IN F:       :PCPN:    SNOW:  WIND      :SUNSHINE: SKY     :PK WND
================================================================================
1   2   3   4   5  6A  6B    7    8   9   10  11  12  13   14  15   16   17  18
                                     12Z  AVG MX 2MIN
DY MAX MIN AVG DEP HDD CDD  WTR  SNW DPTH SPD SPD DIR MIN PSBL S-S WX    SPD DR
================================================================================

 1  79  64  72   1   0   7 0.00  0.0    0  8.5 14  60   M    M   2        18  50
 2  80  69  75   4   0  10 0.00  0.0    0  7.4 13  50   M    M   2        21  60
 3  81  69  75   4   0  10 0.00  0.0    0  6.6 10 350   M    M   0        14 360
 4  81  70  76   5   0  11 0.00  0.0    0  7.8 14  60   M    M   0        19  20
 5  83  71  77   6   0  12 0.00  0.0    0  6.1 12  60   M    M   0        14  70
 6  83  72  78   7   0  13 0.00  0.0    0  9.3 17  70   M    M   2        23  70
 7  85  76  81  10   0  16    T  0.0    0  6.2 12 100   M    M   2        19 110
 8  87  73  80   9   0  15 0.00  0.0    0  3.1  9 190   M    M   0        11 190
 9  85  71  78   7   0  13 0.00  0.0    0  5.9 15 290   M    M   1 18     20 300
10  82  70  76   5   0  11 0.00  0.0    0 13.5 22  30   M    M   1        29  30
11  82  73  78   7   0  13 0.00  0.0    0  7.7 13  80   M    M   1        20  70
12  84  70  77   5   0  12 0.00  0.0    0  5.0 12 100   M    M   4        15  90
13  80  71  76   4   0  11 0.00  0.0    0  6.6 10 300   M    M   0        14  10
14  82  69  76   4   0  11 0.00  0.0    0  1.9  7 360   M    M   1         9 360
15  85  69  77   5   0  12 0.01  0.0    0  7.6 14 230   M    M   0        27 230
16  79  69  74   2   0   9    T  0.0    0 10.4 15 290   M    M   7        23 260
17  76  64  70  -2   0   5 0.00  0.0    0  5.4 14 310   M    M   2        18 320
18  84  64  74   2   0   9 0.00  0.0    0  3.5  9 130   M    M   2        14 140
19  85  76  81   9   0  16 0.00  0.0    0  5.8 12 300   M    M   1 1      15 310
20  83  73  78   6   0  13 0.00  0.0    0  8.1 15  70   M    M   2        20 100
21  82  73  78   6   0  13 0.00  0.0    0  7.9 13 120   M    M   2        20 120
22  76  67  72   0   0   7 0.62  0.0    0 11.1 21 170   M    M   6 1      35 160
23  79  69  74   2   0   9 0.00  0.0    0  9.3 16 280   M    M   2        22 270
24  78  70  74   2   0   9 0.00  0.0    0  5.9 10 330   M    M   3        15 320
25  82  67  75   3   0  10 0.00  0.0    0  5.4 13 300   M    M   2        19 290
26  82  71  77   5   0  12 0.00  0.0    0  9.5 15  70   M    M   1        20  20
================================================================================
SM 2125 1820         0 289  0.63     0.0 185.5          M       46
================================================================================
AV 81.7 70.0                               7.1 FASTST   M    M   2    MAX(MPH)
                                 MISC ---->  # 22  30               # 35  160
================================================================================
NOTES:
# LAST OF SEVERAL OCCURRENCES

COLUMN 17 PEAK WIND IN M.P.H.

PRELIMINARY LOCAL CLIMATOLOGICAL DATA (WS FORM: F-6) , PAGE 2

                                          STATION:  MARATHON
                                          MONTH:    FEBRUARY
                                          YEAR:     2017
                                          LATITUDE:   24 43 N
                                          LONGITUDE:  81  5 W

[TEMPERATURE DATA]      [PRECIPITATION DATA]       SYMBOLS USED IN COLUMN 16

AVERAGE MONTHLY: 75.9   TOTAL FOR MONTH:   0.63    1 = FOG OR MIST
DPTR FM NORMAL:   4.3   DPTR FM NORMAL:   -1.44    2 = FOG REDUCING VISIBILITY
HIGHEST:    87 ON  8    GRTST 24HR  0.62 ON 22-22      TO 1/4 MILE OR LESS
LOWEST:     64 ON 18,17                            3 = THUNDER
                        SNOW, ICE PELLETS, HAIL    4 = ICE PELLETS
                        TOTAL MONTH:   0.0 INCH    5 = HAIL
                        GRTST 24HR     0.0         6 = FREEZING RAIN OR DRIZZLE
                        GRTST DEPTH:   0           7 = DUSTSTORM OR SANDSTORM:
                                                       VSBY 1/2 MILE OR LESS
                                                   8 = SMOKE OR HAZE
[NO. OF DAYS WITH]      [WEATHER - DAYS WITH]      9 = BLOWING SNOW
                                                   X = TORNADO
MAX 32 OR BELOW:   0    0.01 INCH OR MORE:   2
MAX 90 OR ABOVE:   0    0.10 INCH OR MORE:   1
MIN 32 OR BELOW:   0    0.50 INCH OR MORE:   1
MIN  0 OR BELOW:   0    1.00 INCH OR MORE:   0

[HDD (BASE 65) ]
TOTAL THIS MO.     0    CLEAR  (SCALE 0-3)  23
DPTR FM NORMAL   -22    PTCLDY (SCALE 4-7)   3
TOTAL FM JUL 1     3    CLOUDY (SCALE 8-10)  0
DPTR FM NORMAL   -78

[CDD (BASE 65) ]
TOTAL THIS MO.   289
DPTR FM NORMAL   104    [PRESSURE DATA]
TOTAL FM JAN 1   605    HIGHEST SLP M ON M
DPTR FM NORMAL   239    LOWEST  SLP 29.66 ON 23

[REMARKS]
