000
CXUS55 KGJT 011000
CF6MTJ
PRELIMINARY LOCAL CLIMATOLOGICAL DATA (WS FORM: F-6)

                                          STATION:   MONTROSE CO
                                          MONTH:     FEBRUARY
                                          YEAR:      2015
                                          LATITUDE:   38 30 N
                                          LONGITUDE: 107 53 W

  TEMPERATURE IN F:       :PCPN:    SNOW:  WIND      :SUNSHINE: SKY     :PK WND
================================================================================
1   2   3   4   5  6A  6B    7    8   9   10  11  12  13   14  15   16   17  18
                                     12Z  AVG MX 2MIN
DY MAX MIN AVG DEP HDD CDD  WTR  SNW DPTH SPD SPD DIR MIN PSBL S-S WX    SPD DR
================================================================================

 1  46  26  36   7  29   0 0.00    M    M  5.8 12 130   M    M   3 1      13 150
 2  50  29  40  11  25   0 0.00    M    M  3.7 12 130   M    M   7        13 140
 3  56  29  43  14  22   0 0.00    M    M  5.0 13 130   M    M   3        14 120
 4  56  29  43  13  22   0 0.00    M    M  5.3 12 130   M    M   3 8      14 330
 5  62  28  45  15  20   0 0.00    M    M  5.2 14 160   M    M   0        15 160
 6  65  26  46  16  19   0 0.00    M    M  6.0 14 160   M    M   0 8      14 160
 7  64  28  46  16  19   0 0.00    M    M  6.1 15 150   M    M   1        17 150
 8  63  30  47  16  18   0 0.00    M    M  6.9 13 130   M    M   2        18  20
 9  67  29  48  17  17   0 0.00    M    M  8.4 20 270   M    M   0        25 260
10  58  30  44  13  21   0 0.00    M    M  7.0 23 280   M    M   4        27 290
11  54  25  40   9  25   0 0.00    M    M  6.3 14 340   M    M   2        24 300
12  56  25  41   9  24   0 0.00    M    M  6.9 13 310   M    M   1        18  40
13  62  24  43  11  22   0 0.00    M    M  7.1 14 150   M    M   0        15 150
14  64  27  46  14  19   0 0.00    M    M  7.0 14 160   M    M   0        15 160
15  56  28  42  10  23   0 0.00    M    M  9.4 33 310   M    M   2 8      40 310
16  44  20  32  -1  33   0 0.00    M    M  9.5 29 310   M    M   6        39 320
17  44  15  30  -3  35   0 0.00    M    M  7.0 13 140   M    M   0        16 350
18  54  16  35   2  30   0 0.00    M    M  5.5 14 150   M    M   0        16 140
19  60  20  40   6  25   0 0.00    M    M  6.7 13 330   M    M   0        16 340
20  60  26  43   9  22   0 0.00    M    M  9.2 38 310   M    M   2 8      48 320
21  47  24  36   2  29   0    T    M    M  5.9 18 330   M    M   4        23 340
22  30  23  27  -8  38   0 0.66    M    M  5.4 10 320   M    M   8 12     12 350
23  29  21  25 -10  40   0 0.30    M    M  2.9  8 140   M    M  10 1       9 140
24  35  14  25 -10  40   0 0.00    M    M  3.8 10 140   M    M   7 1      17 150
25  39  13  26 -10  39   0 0.04    M    M  5.3 22 290   M    M   8 1      26 290
26  34   9  22 -14  43   0 0.00    M    M  4.5 12 160   M    M   4        13 150
27  35  18  27  -9  38   0    T    M    M  5.7 13 320   M    M   6 1      16 330
28  35  13  24 -12  41   0 0.05    M    M  6.1 15 140   M    M   6 1      16 200
================================================================================
SM 1425  645       778   0  1.05    M    173.6          M       89
================================================================================
AV 50.9 23.0                               6.2 FASTST   M    M   3    MAX(MPH)
                                 MISC ---->  # 38 310               # 48  320
================================================================================
NOTES:
# LAST OF SEVERAL OCCURRENCES

COLUMN 17 PEAK WIND IN M.P.H.

PRELIMINARY LOCAL CLIMATOLOGICAL DATA (WS FORM: F-6) , PAGE 2

                                          STATION:  MONTROSE CO
                                          MONTH:    FEBRUARY
                                          YEAR:     2015
                                          LATITUDE:   38 30 N
                                          LONGITUDE: 107 53 W

[TEMPERATURE DATA]      [PRECIPITATION DATA]       SYMBOLS USED IN COLUMN 16

AVERAGE MONTHLY: 37.0   TOTAL FOR MONTH:   1.05    1 = FOG OR MIST
DPTR FM NORMAL:   4.5   DPTR FM NORMAL:    0.47    2 = FOG REDUCING VISIBILITY
HIGHEST:    67 ON  9    GRTST 24HR  0.94 ON 22-23      TO 1/4 MILE OR LESS
LOWEST:      9 ON 26                               3 = THUNDER
                        SNOW, ICE PELLETS, HAIL    4 = ICE PELLETS
                        TOTAL MONTH:    M          5 = HAIL
                        GRTST 24HR    M  ON   M    6 = FREEZING RAIN OR DRIZZLE
                        GRTST DEPTH:  M  ON   M    7 = DUSTSTORM OR SANDSTORM:
                                                       VSBY 1/2 MILE OR LESS
                                                   8 = SMOKE OR HAZE
[NO. OF DAYS WITH]      [WEATHER - DAYS WITH]      9 = BLOWING SNOW
                                                   X = TORNADO
MAX 32 OR BELOW:   2    0.01 INCH OR MORE:   4
MAX 90 OR ABOVE:   0    0.10 INCH OR MORE:   2
MIN 32 OR BELOW:  28    0.50 INCH OR MORE:   1
MIN  0 OR BELOW:   0    1.00 INCH OR MORE:   0

[HDD (BASE 65) ]
TOTAL THIS MO.   778    CLEAR  (SCALE 0-3)  17
DPTR FM NORMAL  -132    PTCLDY (SCALE 4-7)   9
TOTAL FM JUL 1  4088    CLOUDY (SCALE 8-10)  2
DPTR FM NORMAL  -627

[CDD (BASE 65) ]
TOTAL THIS MO.     0
DPTR FM NORMAL     0    [PRESSURE DATA]
TOTAL FM JAN 1     0    HIGHEST SLP 30.49 ON 12
DPTR FM NORMAL     0    LOWEST  SLP 29.72 ON 20

[REMARKS]
#FINAL-02-15#
