000
CXUS53 KGRB 170814
CF6MTW
PRELIMINARY LOCAL CLIMATOLOGICAL DATA (WS FORM: F-6)

                                          STATION:   MANITOWOC AWOS
                                          MONTH:     NOVEMBER
                                          YEAR:      2014
                                          LATITUDE:   44  7 N
                                          LONGITUDE:  87 40 W

  TEMPERATURE IN F:       :PCPN:    SNOW:  WIND      :SUNSHINE: SKY     :PK WND
================================================================================
1   2   3   4   5  6A  6B    7    8   9   10  11  12  13   14  15   16   17  18
                                     12Z  AVG MX 2MIN
DY MAX MIN AVG DEP HDD CDD  WTR  SNW DPTH SPD SPD DIR MIN PSBL S-S WX    SPD DR
================================================================================

 1  43  25  34   M  31   0 0.00  0.0    0  6.3 13 360   M    M   6         M  M
 2  49  24  37   M  28   0 0.00  0.0    0  9.8 16 180   M    M   2        22 210
 3  54  38  46   M  19   0    T    M    0  8.5 16 190   M    M   3         M  M
 4  59  41  50   M  15   0 0.30    M    0 11.7 21 280   M    M   7 1      32 280
 5  46  37  42   M  23   0 0.03    M    0  9.7 16 270   M    M   7        21 270
 6  44  36  40   M  25   0 0.31    M    0 14.6 24  10   M    M  10 1      37  10
 7  42  32  37   M  28   0 0.03    M    0 11.7 20 190   M    M   8        29 190
 8  44  30  37   M  28   0 0.03    M    0 12.5 24 320   M    M   7 1      36 310
 9  40  33  37   M  28   0    T    M    0  6.9 15 280   M    M   8 1       M  M
10  45  34  40   M  25   0    T    M    0  8.3 15 100   M    M   8         M  M
11  41  27  34   M  31   0 0.03    M    0 15.0 20 320   M    M   9 1      31 320
12  30  21  26   M  39   0    T    M    0 14.2 20 290   M    M   4        27 290
13  32  21  27   M  38   0 0.00  0.0    0 12.5 16 300   M    M   3        24 290
14  29  18  24   M  41   0    T    M    0  9.1 13 300   M    M   7         M  M
15  28  16  22   M  43   0    T    M    0  7.4 14 240   M    M   8 1       M  M
16  32  19  26   M  39   0 0.01    M    0  8.5 16 230   M    M   8 1      22 230
================================================================================
SM  658  452       481   0  0.74     0.0 166.7          M      105
================================================================================
AV 41.1 28.2                              10.4 FASTST   M    M   7    MAX(MPH)
                                 MISC ---->    24   M                 37    M
================================================================================
NOTES:
# LAST OF SEVERAL OCCURRENCES

COLUMN 17 PEAK WIND IN M.P.H.

PRELIMINARY LOCAL CLIMATOLOGICAL DATA (WS FORM: F-6) , PAGE 2

                                          STATION:  MANITOWOC AWOS
                                          MONTH:    NOVEMBER
                                          YEAR:     2014
                                          LATITUDE:   44  7 N
                                          LONGITUDE:  87 40 W

[TEMPERATURE DATA]      [PRECIPITATION DATA]       SYMBOLS USED IN COLUMN 16

AVERAGE MONTHLY: 34.7   TOTAL FOR MONTH:   0.74    1 = FOG OR MIST
DPTR FM NORMAL:     M   DPTR FM NORMAL:       M    2 = FOG REDUCING VISIBILITY
HIGHEST:    59 ON  4    GRTST 24HR  0.31 ON  6- 6      TO 1/4 MILE OR LESS
LOWEST:     16 ON 15                               3 = THUNDER
                        SNOW, ICE PELLETS, HAIL    4 = ICE PELLETS
                        TOTAL MONTH:   0.0 INCH    5 = HAIL
                        GRTST 24HR     0.0         6 = FREEZING RAIN OR DRIZZLE
                        GRTST DEPTH:   0           7 = DUSTSTORM OR SANDSTORM:
                                                       VSBY 1/2 MILE OR LESS
                                                   8 = SMOKE OR HAZE
[NO. OF DAYS WITH]      [WEATHER - DAYS WITH]      9 = BLOWING SNOW
                                                   X = TORNADO
MAX 32 OR BELOW:   5    0.01 INCH OR MORE:   7
MAX 90 OR ABOVE:   0    0.10 INCH OR MORE:   2
MIN 32 OR BELOW:  10    0.50 INCH OR MORE:   0
MIN  0 OR BELOW:   0    1.00 INCH OR MORE:   0

[HDD (BASE 65) ]
TOTAL THIS MO.   481    CLEAR  (SCALE 0-3)   3
DPTR FM NORMAL     M    PTCLDY (SCALE 4-7)   8
TOTAL FM JUL 1  1026    CLOUDY (SCALE 8-10)  5
DPTR FM NORMAL     M

[CDD (BASE 65) ]
TOTAL THIS MO.     0
DPTR FM NORMAL     M    [PRESSURE DATA]
TOTAL FM JAN 1   163    HIGHEST SLP M ON M
DPTR FM NORMAL   163    LOWEST  SLP M ON M

[REMARKS]
