000
CXUS55 KBOI 221002
CF6MUO
PRELIMINARY LOCAL CLIMATOLOGICAL DATA (WS FORM: F-6)

                                          STATION:   MOUNTAIN HOME AFB
                                          MONTH:     FEBRUARY
                                          YEAR:      2017
                                          LATITUDE:   43  2 N
                                          LONGITUDE: 115 52 W

  TEMPERATURE IN F:       :PCPN:    SNOW:  WIND      :SUNSHINE: SKY     :PK WND
================================================================================
1   2   3   4   5  6A  6B    7    8   9   10  11  12  13   14  15   16   17  18
                                     12Z  AVG MX 2MIN
DY MAX MIN AVG DEP HDD CDD  WTR  SNW DPTH SPD SPD DIR MIN PSBL S-S WX    SPD DR
================================================================================

 1  27  20  24  -8  41   0    T    M    M  6.8 12 110   M    M   9 1       M  M
 2  30  22  26  -6  39   0    T    M    M  5.4 14 130   M    M   8 1       M  M
 3  37  26  32  -1  33   0    T    M    M 18.1 27 130   M    M   3        37 120
 4  45  35  40   7  25   0 0.01    M    M 10.0 15 120   M    M   1         M  M
 5  41  35  38   5  27   0 0.00    M    M 14.5 23 110   M    M   2        31 110
 6  47  36  42   9  23   0    T    M    M 12.7 23 210   M    M   5        32 110
 7  38  31  35   2  30   0 0.33    M    M  8.4 17 120   M    M   6 12      M  M
 8  38  29  34   1  31   0 0.14    M    M 11.2 21 110   M    M   7 1       M  M
 9  46  36  41   7  24   0 0.00    M    M 13.4 20 110   M    M   9         M  M
10  52  34  43   9  22   0    T    M    M  5.4 15  10   M    M   5         M  M
11  40  26  33  -1  32   0 0.00    M    M 13.2 21 310   M    M   0        27 310
12  37  23  30  -4  35   0 0.00    M    M  8.1 18 110   M    M   0         M  M
13  41  21  31  -3  34   0 0.00    M    M  3.6  7  60   M    M   0 1       M  M
14  45  22  34  -1  31   0 0.00    M    M  4.5  9 130   M    M   0 12      M  M
15  49  28  39   4  26   0 0.00    M    M 18.1 28 110   M    M   5        35 110
16  56  36  46  11  19   0    T    M    M 18.8 29 250   M    M   7        53 260
17  48  30  39   4  26   0 0.02    M    M 10.4 22  90   M    M   5        33 100
18  48  40  44   8  21   0 0.09    M    M 12.4 20 100   M    M   9 1      30 100
19  54  35  45   9  20   0 0.03    M    M  8.9 21 270   M    M   6 3      38 260
20  56  38  47  11  18   0 0.02    M    M 14.3 22 200   M    M   7        36 220
21  53  35  44   8  21   0    T    M    M 13.2 27 270   M    M   4        41 240
================================================================================
SM  928  638       578   0  0.64    M    231.4          M       98
================================================================================
AV 44.2 30.4                              11.0 FASTST   M    M   5    MAX(MPH)
                                 MISC ---->    29   M                 53    M
================================================================================
NOTES:
# LAST OF SEVERAL OCCURRENCES

COLUMN 17 PEAK WIND IN M.P.H.

PRELIMINARY LOCAL CLIMATOLOGICAL DATA (WS FORM: F-6) , PAGE 2

                                          STATION:  MOUNTAIN HOME AFB
                                          MONTH:    FEBRUARY
                                          YEAR:     2017
                                          LATITUDE:   43  2 N
                                          LONGITUDE: 115 52 W

[TEMPERATURE DATA]      [PRECIPITATION DATA]       SYMBOLS USED IN COLUMN 16

AVERAGE MONTHLY: 37.3   TOTAL FOR MONTH:   0.64    1 = FOG OR MIST
DPTR FM NORMAL:   3.2   DPTR FM NORMAL:    0.02    2 = FOG REDUCING VISIBILITY
HIGHEST:    56 ON 20,16 GRTST 24HR  0.33 ON  7- 7      TO 1/4 MILE OR LESS
LOWEST:     20 ON  1                               3 = THUNDER
                        SNOW, ICE PELLETS, HAIL    4 = ICE PELLETS
                        TOTAL MONTH:    M          5 = HAIL
                        GRTST 24HR    M  ON   M    6 = FREEZING RAIN OR DRIZZLE
                        GRTST DEPTH:  M  ON   M    7 = DUSTSTORM OR SANDSTORM:
                                                       VSBY 1/2 MILE OR LESS
                                                   8 = SMOKE OR HAZE
[NO. OF DAYS WITH]      [WEATHER - DAYS WITH]      9 = BLOWING SNOW
                                                   X = TORNADO
MAX 32 OR BELOW:   2    0.01 INCH OR MORE:   7
MAX 90 OR ABOVE:   0    0.10 INCH OR MORE:   2
MIN 32 OR BELOW:  11    0.50 INCH OR MORE:   0
MIN  0 OR BELOW:   0    1.00 INCH OR MORE:   0

[HDD (BASE 65) ]
TOTAL THIS MO.   578    CLEAR  (SCALE 0-3)   7
DPTR FM NORMAL   -71    PTCLDY (SCALE 4-7)  10
TOTAL FM JUL 1  4161    CLOUDY (SCALE 8-10)  4
DPTR FM NORMAL    18

[CDD (BASE 65) ]
TOTAL THIS MO.     0
DPTR FM NORMAL     0    [PRESSURE DATA]
TOTAL FM JAN 1     0    HIGHEST SLP M ON M
DPTR FM NORMAL     0    LOWEST  SLP M ON M

[REMARKS]
