000
CXUS56 KOTX 250900
CF6MWH
PRELIMINARY LOCAL CLIMATOLOGICAL DATA (WS FORM: F-6)

                                          STATION:   MOSES LAKE WA AIRPORT
                                          MONTH:     JUNE
                                          YEAR:      2017
                                          LATITUDE:   47 12 N
                                          LONGITUDE: 119 19 W

  TEMPERATURE IN F:       :PCPN:    SNOW:  WIND      :SUNSHINE: SKY     :PK WND
================================================================================
1   2   3   4   5  6A  6B    7    8   9   10  11  12  13   14  15   16   17  18
                                     12Z  AVG MX 2MIN
DY MAX MIN AVG DEP HDD CDD  WTR  SNW DPTH SPD SPD DIR MIN PSBL S-S WX    SPD DR
================================================================================

 1  75  49  62  -1   3   0 0.07    M    M  7.7 24 250   M    M   3        31 250
 2  79  49  64   1   1   0 0.00    M    M  6.6 15 210   M    M   0        22 220
 3  84  51  68   4   0   3 0.00    M    M  5.9 13 260   M    M   0        17 250
 4  71  48  60  -4   5   0 0.00    M    M  9.2 21 140   M    M   0        26 120
 5  76  39  58  -6   7   0 0.00    M    M  4.8 12 140   M    M   0        15 120
 6  86  50  68   4   0   3 0.00    M    M  6.2 14  30   M    M   0        16  30
 7  93  59  76  12   0  11 0.00    M    M  7.6 16  20   M    M   0        21  30
 8  76  54  65   1   0   0 0.00    M    M 12.2 29 210   M    M   2 3      37 210
 9  71  47  59  -6   6   0 0.00    M    M  9.3 17 260   M    M   1        22 250
10  71  47  59  -6   6   0 0.01    M    M  7.8 21 340   M    M   4 3      25 340
11  77  40  59  -6   6   0 0.00    M    M  6.0 15  30   M    M   2        18 350
12  83  47  65   0   0   0 0.00    M    M 10.1 25 260   M    M   1        30 270
13  76  53  65   0   0   0 0.00    M    M 12.9 23 280   M    M   1        27 220
14  73  47  60  -6   5   0 0.00    M    M  8.3 17 180   M    M   2        23 220
15  69  52  61  -5   4   0 0.21    M    M  9.6 20 180   M    M   7        24 180
16  72  53  63  -3   2   0    T    M    M 11.4 23 270   M    M   5        28 270
17  75  48  62  -4   3   0 0.00    M    M  8.2 17 170   M    M   2        30 160
18  87  58  73   7   0   8 0.00    M    M  6.4 16 290   M    M   3        20 270
19  93  55  74   7   0   9 0.00    M    M  6.3 14  10   M    M   0        17  20
20  90  64  77  10   0  12 0.00    M    M 11.0 26 310   M    M   0        32 310
21  85  51  68   1   0   3 0.00  0.0    0 12.3 28 270   M    M   0        35 290
22  82  51  67   0   0   2 0.00    M    M  8.2 15  50   M    M   0        22 360
23  87  47  67  -1   0   2 0.00    M    M  6.2 13  30   M    M   0        18 200
24  95  51  73   5   0   8 0.00    M    M  6.6 13  30   M    M   0        23  30
================================================================================
SM 1926 1210        48  61  0.29     0.0 200.8          M       33
================================================================================
AV 80.3 50.4                               8.4 FASTST   M    M   1    MAX(MPH)
                                 MISC ---->  # 29 210               # 37  210
================================================================================
NOTES:
# LAST OF SEVERAL OCCURRENCES

COLUMN 17 PEAK WIND IN M.P.H.

PRELIMINARY LOCAL CLIMATOLOGICAL DATA (WS FORM: F-6) , PAGE 2

                                          STATION:  MOSES LAKE WA AIRPORT
                                          MONTH:    JUNE
                                          YEAR:     2017
                                          LATITUDE:   47 12 N
                                          LONGITUDE: 119 19 W

[TEMPERATURE DATA]      [PRECIPITATION DATA]       SYMBOLS USED IN COLUMN 16

AVERAGE MONTHLY: 65.3   TOTAL FOR MONTH:   0.29    1 = FOG OR MIST
DPTR FM NORMAL:  -0.0   DPTR FM NORMAL:   -0.39    2 = FOG REDUCING VISIBILITY
HIGHEST:    95 ON 24    GRTST 24HR  0.21 ON 15-15      TO 1/4 MILE OR LESS
LOWEST:     39 ON  5                               3 = THUNDER
                        SNOW, ICE PELLETS, HAIL    4 = ICE PELLETS
                        TOTAL MONTH:   0.0 INCH    5 = HAIL
                        GRTST 24HR     0.0         6 = FREEZING RAIN OR DRIZZLE
                        GRTST DEPTH:   0           7 = DUSTSTORM OR SANDSTORM:
                                                       VSBY 1/2 MILE OR LESS
                                                   8 = SMOKE OR HAZE
[NO. OF DAYS WITH]      [WEATHER - DAYS WITH]      9 = BLOWING SNOW
                                                   X = TORNADO
MAX 32 OR BELOW:   0    0.01 INCH OR MORE:   3
MAX 90 OR ABOVE:   4    0.10 INCH OR MORE:   1
MIN 32 OR BELOW:   0    0.50 INCH OR MORE:   0
MIN  0 OR BELOW:   0    1.00 INCH OR MORE:   0

[HDD (BASE 65) ]
TOTAL THIS MO.    48    CLEAR  (SCALE 0-3)  21
DPTR FM NORMAL     1    PTCLDY (SCALE 4-7)   3
TOTAL FM JUL 1  6176    CLOUDY (SCALE 8-10)  0
DPTR FM NORMAL   302

[CDD (BASE 65) ]
TOTAL THIS MO.    61
DPTR FM NORMAL     3    [PRESSURE DATA]
TOTAL FM JAN 1   104    HIGHEST SLP M ON M
DPTR FM NORMAL    21    LOWEST  SLP 29.52 ON  8

[REMARKS]
