000
CXUS55 KBOI 221002
CF6MYL
PRELIMINARY LOCAL CLIMATOLOGICAL DATA (WS FORM: F-6)

                                          STATION:   MCCALL ID
                                          MONTH:     SEPTEMBER
                                          YEAR:      2017
                                          LATITUDE:   44 52 N
                                          LONGITUDE: 116  6 W

  TEMPERATURE IN F:       :PCPN:    SNOW:  WIND      :SUNSHINE: SKY     :PK WND
================================================================================
1   2   3   4   5  6A  6B    7    8   9   10  11  12  13   14  15   16   17  18
                                     12Z  AVG MX 2MIN
DY MAX MIN AVG DEP HDD CDD  WTR  SNW DPTH SPD SPD DIR MIN PSBL S-S WX    SPD DR
================================================================================

 1  87  44  66  10   0   1 0.00    M    M  3.3 12 300   M    M   0        16 280
 2  91  47  69  14   0   4 0.00    M    M  2.1 10 300   M    M   0        14 190
 3  95  48  72  17   0   7 0.00    M    M  3.4 15 260   M    M   0        18 250
 4  89  53  71  16   0   6 0.00    M    M  4.5 14 270   M    M   2 8      17 280
 5  85  45  65  11   0   0 0.00    M    M  2.3  9  20   M    M   3 8      12  20
 6  88  49  69  15   0   4 0.00    M    M  1.8  9 310   M    M  10 8      12 300
 7  83  48  66  12   0   1 0.00    M    M  2.5 10 330   M    M   8 8      14 290
 8  85  55  70  17   0   5 0.00    M    M  5.2 20  60   M    M   2 8      24  60
 9  83  50  67  14   0   2 0.01    M    M  3.4 14 230   M    M   2 18     19 260
10  81  49  65  12   0   0 0.00    M    M  4.7 16 270   M    M   1        20 280
11  86  42  64  12   1   0 0.00    M    M  3.2 12 280   M    M   0        15 270
12  80  44  62  10   3   0    T    M    M  2.2 10 320   M    M   1        13 180
13  77  55  66  14   0   1 0.00    M    M  5.1 18 150   M    M   3        27 220
14  66  48  57   6   8   0 0.00    M    M  8.7 22 360   M    M   4        29  10
15  50  39  45  -6  20   0 0.00    M    M 11.6 22 350   M    M  10        33 340
16  60  27  44  -6  21   0 0.00    M    M  3.8 12 180   M    M   0        19 170
17  65  32  49  -1  16   0 0.00    M    M  4.6 20 190   M    M   4        24 200
18  59  40  50   0  15   0 0.29    M    M  7.6 22 230   M    M   9 13     32 230
19  44  33  39 -10  26   0 0.20    M    M  6.5 21 190   M    M   9 123    26 290
20  47  35  41  -8  24   0 0.28    M    M  7.0 22 200   M    M   8 1      29 190
21  50  34  42  -6  23   0    T    M    M  4.7 16 340   M    M   8        22 340
================================================================================
SM 1551  917       157  31  0.78    M     98.2          M       84
================================================================================
AV 73.9 43.7                               4.7 FASTST   M    M   4    MAX(MPH)
                                 MISC ---->  # 22 360               # 33  340
================================================================================
NOTES:
# LAST OF SEVERAL OCCURRENCES

COLUMN 17 PEAK WIND IN M.P.H.

PRELIMINARY LOCAL CLIMATOLOGICAL DATA (WS FORM: F-6) , PAGE 2

                                          STATION:  MCCALL ID
                                          MONTH:    SEPTEMBER
                                          YEAR:     2017
                                          LATITUDE:   44 52 N
                                          LONGITUDE: 116  6 W

[TEMPERATURE DATA]      [PRECIPITATION DATA]       SYMBOLS USED IN COLUMN 16

AVERAGE MONTHLY: 58.8   TOTAL FOR MONTH:   0.78    1 = FOG OR MIST
DPTR FM NORMAL:   6.6   DPTR FM NORMAL:    0.19    2 = FOG REDUCING VISIBILITY
HIGHEST:    95 ON  3    GRTST 24HR  0.29 ON 18-18      TO 1/4 MILE OR LESS
LOWEST:     27 ON 16                               3 = THUNDER
                        SNOW, ICE PELLETS, HAIL    4 = ICE PELLETS
                        TOTAL MONTH:    M          5 = HAIL
                        GRTST 24HR    M  ON   M    6 = FREEZING RAIN OR DRIZZLE
                        GRTST DEPTH:  M  ON   M    7 = DUSTSTORM OR SANDSTORM:
                                                       VSBY 1/2 MILE OR LESS
                                                   8 = SMOKE OR HAZE
[NO. OF DAYS WITH]      [WEATHER - DAYS WITH]      9 = BLOWING SNOW
                                                   X = TORNADO
MAX 32 OR BELOW:   0    0.01 INCH OR MORE:   4
MAX 90 OR ABOVE:   2    0.10 INCH OR MORE:   3
MIN 32 OR BELOW:   2    0.50 INCH OR MORE:   0
MIN  0 OR BELOW:   0    1.00 INCH OR MORE:   0

[HDD (BASE 65) ]
TOTAL THIS MO.   157    CLEAR  (SCALE 0-3)  11
DPTR FM NORMAL  -113    PTCLDY (SCALE 4-7)   5
TOTAL FM JUL 1   187    CLOUDY (SCALE 8-10)  5
DPTR FM NORMAL  -411

[CDD (BASE 65) ]
TOTAL THIS MO.    31
DPTR FM NORMAL    31    [PRESSURE DATA]
TOTAL FM JAN 1   229    HIGHEST SLP M ON M
DPTR FM NORMAL   204    LOWEST  SLP 29.61 ON M

[REMARKS]
