000
CXUS55 KBOI 241002
CF6MYL
PRELIMINARY LOCAL CLIMATOLOGICAL DATA (WS FORM: F-6)

                                          STATION:   MCCALL ID
                                          MONTH:     JULY
                                          YEAR:      2017
                                          LATITUDE:   44 52 N
                                          LONGITUDE: 116  6 W

  TEMPERATURE IN F:       :PCPN:    SNOW:  WIND      :SUNSHINE: SKY     :PK WND
================================================================================
1   2   3   4   5  6A  6B    7    8   9   10  11  12  13   14  15   16   17  18
                                     12Z  AVG MX 2MIN
DY MAX MIN AVG DEP HDD CDD  WTR  SNW DPTH SPD SPD DIR MIN PSBL S-S WX    SPD DR
================================================================================

 1  84  46  65   8   0   0 0.00    M    M  2.7 13  10   M    M   0        16 310
 2  87  51  69  11   0   4 0.00    M    M  4.3 16 230   M    M   1        21 240
 3  85  50  68  10   0   3 0.00    M    M  4.6 17 230   M    M   0        22 230
 4  87  46  67   9   0   2 0.00    M    M  2.4 12 140   M    M   0        16 190
 5  91  51  71  13   0   6 0.00    M    M  4.4 16 180   M    M   0        21 170
 6  91  51  71  12   0   6 0.00    M    M  3.7 16 180   M    M   0        20 170
 7  93  51  72  13   0   7 0.00    M    M  4.7 16 180   M    M   0        21  30
 8  93  54  74  15   0   9 0.00    M    M  3.9 16 180   M    M   0        24 220
 9  92  56  74  14   0   9 0.00    M    M  5.3 15 230   M    M   1        21 230
10  85  56  71  11   0   6 0.00    M    M  6.2 18 220   M    M   2        27 220
11  80  50  65   5   0   0 0.00    M    M  4.4 22 310   M    M   0        32 280
12  85  45  65   5   0   0 0.00    M    M  3.8 15 160   M    M   0        20 170
13  90  49  70   9   0   5 0.00    M    M  4.8 17 180   M    M   0        22 180
14  93  51  72  11   0   7 0.00    M    M  3.4 14 170   M    M   0        17 210
15  87  53  70   9   0   5    T    M    M  4.5 15 340   M    M   1 3      21 360
16  83  53  68   7   0   3 0.00    M    M  5.5 14 200   M    M   0        19 350
17  82  45  64   3   1   0 0.00    M    M  4.4 15 300   M    M   0        21 260
18  87  45  66   4   0   1 0.00    M    M  4.6 15 360   M    M   1 8      26 300
19  86  50  68   6   0   3 0.00    M    M  4.6 17 170   M    M   0        21 160
20  82  47  65   3   0   0 0.00    M    M  4.5 20 180   M    M   0        24 190
21  82  44  63   1   2   0 0.00    M    M  4.2 16 230   M    M   0        21 240
22  86  46  66   4   0   1 0.00    M    M  5.4 14 360   M    M   0        18 260
23  89  50  70   8   0   5 0.00    M    M  3.3 16 180   M    M   0 8      20 210
================================================================================
SM 2000 1140         3  82    T     M     99.6          M        6
================================================================================
AV 87.0 49.6                               4.3 FASTST   M    M   0    MAX(MPH)
                                 MISC ---->  # 22 310               # 32  280
================================================================================
NOTES:
# LAST OF SEVERAL OCCURRENCES

COLUMN 17 PEAK WIND IN M.P.H.

PRELIMINARY LOCAL CLIMATOLOGICAL DATA (WS FORM: F-6) , PAGE 2

                                          STATION:  MCCALL ID
                                          MONTH:    JULY
                                          YEAR:     2017
                                          LATITUDE:   44 52 N
                                          LONGITUDE: 116  6 W

[TEMPERATURE DATA]      [PRECIPITATION DATA]       SYMBOLS USED IN COLUMN 16

AVERAGE MONTHLY: 68.3   TOTAL FOR MONTH:      T    1 = FOG OR MIST
DPTR FM NORMAL:   8.1   DPTR FM NORMAL:   -0.57    2 = FOG REDUCING VISIBILITY
HIGHEST:    93 ON 14, 8 GRTST 24HR    T  ON 15-15      TO 1/4 MILE OR LESS
LOWEST:     44 ON 21                               3 = THUNDER
                        SNOW, ICE PELLETS, HAIL    4 = ICE PELLETS
                        TOTAL MONTH:    M          5 = HAIL
                        GRTST 24HR    M  ON   M    6 = FREEZING RAIN OR DRIZZLE
                        GRTST DEPTH:  M  ON   M    7 = DUSTSTORM OR SANDSTORM:
                                                       VSBY 1/2 MILE OR LESS
                                                   8 = SMOKE OR HAZE
[NO. OF DAYS WITH]      [WEATHER - DAYS WITH]      9 = BLOWING SNOW
                                                   X = TORNADO
MAX 32 OR BELOW:   0    0.01 INCH OR MORE:   0
MAX 90 OR ABOVE:   7    0.10 INCH OR MORE:   0
MIN 32 OR BELOW:   0    0.50 INCH OR MORE:   0
MIN  0 OR BELOW:   0    1.00 INCH OR MORE:   0

[HDD (BASE 65) ]
TOTAL THIS MO.     3    CLEAR  (SCALE 0-3)  23
DPTR FM NORMAL  -120    PTCLDY (SCALE 4-7)   0
TOTAL FM JUL 1     3    CLOUDY (SCALE 8-10)  0
DPTR FM NORMAL  -120

[CDD (BASE 65) ]
TOTAL THIS MO.    82
DPTR FM NORMAL    74    [PRESSURE DATA]
TOTAL FM JAN 1    88    HIGHEST SLP M ON M
DPTR FM NORMAL    79    LOWEST  SLP 29.69 ON 10

[REMARKS]
