000
CXUS56 KSTO 011455
CF6MYV
PRELIMINARY LOCAL CLIMATOLOGICAL DATA (WS FORM: F-6)

                                          STATION:   MARYSVILLE AIRPORT CA
                                          MONTH:     FEBRUARY
                                          YEAR:      2015
                                          LATITUDE:   39  5 N
                                          LONGITUDE: 121 34 W

  TEMPERATURE IN F:       :PCPN:    SNOW:  WIND      :SUNSHINE: SKY     :PK WND
================================================================================
1   2   3   4   5  6A  6B    7    8   9   10  11  12  13   14  15   16   17  18
                                     12Z  AVG MX 2MIN
DY MAX MIN AVG DEP HDD CDD  WTR  SNW DPTH SPD SPD DIR MIN PSBL S-S WX    SPD DR
================================================================================

 1  64  36  50   3  15   0 0.00  0.0    0  1.0  8  80   M    M   0 18      9 100
 2  67  39  53   5  12   0 0.00  0.0    0  3.4 10 240   M    M   2 128    12 330
 3  67  42  55   7  10   0 0.00  0.0    0  2.0  7 190   M    M   1 12     11 160
 4  65  40  53   5  12   0 0.00  0.0    0  2.1  9 170   M    M   2 128    11 170
 5  59  51  55   7  10   0 0.00  0.0    0  7.3 13 120   M    M   0 18     16 130
 6  59  53  56   8   9   0 1.22  0.0    0 17.2 36 150   M    M   8 1      47 140
 7  65  56  61  13   4   0 0.05  0.0    0 12.3 35 160   M    M   4 1      42 160
 8  61  54  58   9   7   0 1.23  0.0    0 10.5 31 170   M    M   9 1      39 170
 9  66  48  57   8   8   0    T    M    0 12.5 31 170   M    M   4 1      43  40
10  63  45  54   5  11   0 0.00  0.0    0  6.0 15 340   M    M   0        17 340
11  63  39  51   2  14   0 0.00  0.0    0  1.5  7 250   M    M   0 1       9  90
12  72  43  58   8   7   0 0.00  0.0    0  3.1  9 330   M    M   0 1      10 320
13  73  45  59   9   6   0 0.00  0.0    0  2.7  9 330   M    M   0 1      12 330
14  75  44  60  10   5   0 0.00  0.0    0  2.7  8 330   M    M   0 1      11 330
15  73  41  57   7   8   0 0.00  0.0    0  3.2  9 330   M    M   0 1      12 330
16  75  46  61  11   4   0 0.00  0.0    0  4.6 13 320   M    M   0        15 120
17  68  45  57   7   8   0 0.00  0.0    0  4.3  9 170   M    M   2 12     11 210
18  64  45  55   4  10   0 0.00  0.0    0  2.3  8 310   M    M   7 12     10 310
19  56  44  50  -1  15   0 0.00  0.0    0  2.4  8 170   M    M  10 128    15 150
20  67  48  58   7   7   0 0.00  0.0    0  5.8 10 150   M    M   5 1      14  50
21  56  45  51   0  14   0 0.00  0.0    0  4.6 13 150   M    M   7 128    17 190
22  69  47  58   6   7   0 0.00  0.0    0 15.0 24  10   M    M   2 1      31  20
23  66  42  54   2  11   0 0.00  0.0    0 13.8 26 320   M    M   0        34 320
24  66  35  51  -1  14   0 0.00  0.0    0  5.0 15 330   M    M   0        18 330
25  68  34  51  -1  14   0 0.00  0.0    0  2.8  9 300   M    M   0        12 300
26  73  39  56   4   9   0 0.00  0.0    0  7.2 23 320   M    M   0        28 320
27  66  42  54   2  11   0    T    M    0  8.1 16  80   M    M   2 3      22  80
28  56  41  49  -3  16   0 0.00  0.0    0  4.4 13 120   M    M   4        15 270
================================================================================
SM 1842 1229       278   0  2.50     0.0 167.8          M       69
================================================================================
AV 65.8 43.9                               6.0 FASTST   M    M   2    MAX(MPH)
                                 MISC ---->  # 36 150               # 47  140
================================================================================
NOTES:
# LAST OF SEVERAL OCCURRENCES

COLUMN 17 PEAK WIND IN M.P.H.

PRELIMINARY LOCAL CLIMATOLOGICAL DATA (WS FORM: F-6) , PAGE 2

                                          STATION:  MARYSVILLE AIRPORT CA
                                          MONTH:    FEBRUARY
                                          YEAR:     2015
                                          LATITUDE:   39  5 N
                                          LONGITUDE: 121 34 W

[TEMPERATURE DATA]      [PRECIPITATION DATA]       SYMBOLS USED IN COLUMN 16

AVERAGE MONTHLY: 54.8   TOTAL FOR MONTH:   2.50    1 = FOG OR MIST
DPTR FM NORMAL:   4.8   DPTR FM NORMAL:   -0.89    2 = FOG REDUCING VISIBILITY
HIGHEST:    75 ON 16,14 GRTST 24HR  1.27 ON  6- 7      TO 1/4 MILE OR LESS
LOWEST:     34 ON 25                               3 = THUNDER
                        SNOW, ICE PELLETS, HAIL    4 = ICE PELLETS
                        TOTAL MONTH:   0.0 INCH    5 = HAIL
                        GRTST 24HR     0.0         6 = FREEZING RAIN OR DRIZZLE
                        GRTST DEPTH:   0           7 = DUSTSTORM OR SANDSTORM:
                                                       VSBY 1/2 MILE OR LESS
                                                   8 = SMOKE OR HAZE
[NO. OF DAYS WITH]      [WEATHER - DAYS WITH]      9 = BLOWING SNOW
                                                   X = TORNADO
MAX 32 OR BELOW:   0    0.01 INCH OR MORE:   3
MAX 90 OR ABOVE:   0    0.10 INCH OR MORE:   2
MIN 32 OR BELOW:   0    0.50 INCH OR MORE:   2
MIN  0 OR BELOW:   0    1.00 INCH OR MORE:   2

[HDD (BASE 65) ]
TOTAL THIS MO.   278    CLEAR  (SCALE 0-3)  19
DPTR FM NORMAL  -143    PTCLDY (SCALE 4-7)   6
TOTAL FM JUL 1  1504    CLOUDY (SCALE 8-10)  3
DPTR FM NORMAL  -621

[CDD (BASE 65) ]
TOTAL THIS MO.     0
DPTR FM NORMAL     0    [PRESSURE DATA]
TOTAL FM JAN 1     0    HIGHEST SLP 30.37 ON 24
DPTR FM NORMAL     0    LOWEST  SLP 29.64 ON 27

[REMARKS]
#FINAL-02-15#
