000
CXUS53 KBIS 250728
CF6N60
PRELIMINARY LOCAL CLIMATOLOGICAL DATA (WS FORM: F-6)

                                          STATION:   GARRISON (AMOS) ND
                                          MONTH:     JUNE
                                          YEAR:      2017
                                          LATITUDE:   47 39 N
                                          LONGITUDE: 101 23 W

  TEMPERATURE IN F:       :PCPN:    SNOW:  WIND      :SUNSHINE: SKY     :PK WND
================================================================================
1   2   3   4   5  6A  6B    7    8   9   10  11  12  13   14  15   16   17  18
                                     12Z  AVG MX 2MIN
DY MAX MIN AVG DEP HDD CDD  WTR  SNW DPTH SPD SPD DIR MIN PSBL S-S WX    SPD DR
================================================================================

 1  89  49  69   M   0   4 0.00    M    M 12.2 21 170   M    M   0        26 170
 2  89  58  74   M   0   9 0.00    M    M 12.9 37 310   M    M   0        44 310
 3  81  53  67   M   0   2 0.00    M    M 12.6 26 320   M    M   0        40 320
 4  89  44  67   M   0   2 0.00    M    M  6.1 17  80   M    M   0        23  80
 5  90  56  73   M   0   8 0.00    M    M 12.4 25 320   M    M   0        36 310
 6  76  52  64   M   1   0 0.00    M    M 13.3 26 320   M    M   0        38 320
 7  78  48  63   M   2   0 0.00    M    M  6.7 16 350   M    M   0        24 330
 8  81  47  64   M   1   0 0.00    M    M 10.2 20 110   M    M   0        26 110
 9  95  62  79   M   0  14 0.00    M    M 17.7 30 300   M    M   0        38 310
10  78  56  67   M   0   2 0.03    M    M 14.6 32 280   M    M   0        43 260
11  77  49  63   M   2   0 0.00    M    M 11.9 28 300   M    M   0        38 310
12  80  44  62   M   3   0 0.00    M    M  9.7 25 110   M    M   M        32 100
13  70  56  63   M   2   0 0.12    M    M 12.9 30 110   M    M   M        35 110
14  70  54  62   M   3   0 0.27    M    M 15.8 32 260   M    M   0        41 280
15  77  53  65   M   0   0 0.00    M    M 15.9 32 280   M    M   0        41 310
16  76  51  64   M   1   0 0.00    M    M 11.2 29 300   M    M   0        37 310
17  68  48  58   M   7   0 0.01    M    M 10.2 29 330   M    M   0        40 330
18  75  49  62   M   3   0 0.61    M    M 14.5 36 280   M    M   0        43 280
19  77  46  62   M   3   0 0.00    M    M  9.1 26 300   M    M   M        39 320
20  71  44  58   M   7   0 0.00    M    M  6.1 12 120   M    M   0        14 140
21  79  52  66   M   0   1 0.00    M    M 12.6 32 330   M    M   0        42 330
22  72  51  62   M   3   0 0.00    M    M 21.2 37 300   M    M   0        45 310
23  65  48  57   M   8   0 0.00    M    M 21.3 33 320   M    M   0        42 330
24  63  40  52   M  13   0 0.00    M    M 14.2 26 320   M    M   0        35 320
================================================================================
SM 1866 1210        59  42  1.04    M    305.3          M        0
================================================================================
AV 77.8 50.4                              12.7 FASTST   M    M   0    MAX(MPH)
                                 MISC ---->  # 37 310               # 45  310
================================================================================
NOTES:
# LAST OF SEVERAL OCCURRENCES

COLUMN 17 PEAK WIND IN M.P.H.

PRELIMINARY LOCAL CLIMATOLOGICAL DATA (WS FORM: F-6) , PAGE 2

                                          STATION:  GARRISON (AMOS) ND
                                          MONTH:    JUNE
                                          YEAR:     2017
                                          LATITUDE:   47 39 N
                                          LONGITUDE: 101 23 W

[TEMPERATURE DATA]      [PRECIPITATION DATA]       SYMBOLS USED IN COLUMN 16

AVERAGE MONTHLY: 64.1   TOTAL FOR MONTH:   1.04    1 = FOG OR MIST
DPTR FM NORMAL:     M   DPTR FM NORMAL:       M    2 = FOG REDUCING VISIBILITY
HIGHEST:    95 ON  9    GRTST 24HR  0.61 ON 18-18      TO 1/4 MILE OR LESS
LOWEST:     40 ON 24                               3 = THUNDER
                        SNOW, ICE PELLETS, HAIL    4 = ICE PELLETS
                        TOTAL MONTH:    M          5 = HAIL
                        GRTST 24HR    M  ON   M    6 = FREEZING RAIN OR DRIZZLE
                        GRTST DEPTH:  M  ON   M    7 = DUSTSTORM OR SANDSTORM:
                                                       VSBY 1/2 MILE OR LESS
                                                   8 = SMOKE OR HAZE
[NO. OF DAYS WITH]      [WEATHER - DAYS WITH]      9 = BLOWING SNOW
                                                   X = TORNADO
MAX 32 OR BELOW:   0    0.01 INCH OR MORE:   5
MAX 90 OR ABOVE:   2    0.10 INCH OR MORE:   3
MIN 32 OR BELOW:   0    0.50 INCH OR MORE:   1
MIN  0 OR BELOW:   0    1.00 INCH OR MORE:   0

[HDD (BASE 65) ]
TOTAL THIS MO.    59    CLEAR  (SCALE 0-3)  21
DPTR FM NORMAL     M    PTCLDY (SCALE 4-7)   0
TOTAL FM JUL 1  8517    CLOUDY (SCALE 8-10)  0
DPTR FM NORMAL     M

[CDD (BASE 65) ]
TOTAL THIS MO.    42
DPTR FM NORMAL     M    [PRESSURE DATA]
TOTAL FM JAN 1    47    HIGHEST SLP  0.00 ON M
DPTR FM NORMAL     M    LOWEST  SLP 29.25 ON 10

[REMARKS]
