000
CXHW50 PHFO 261250
CF6NGF
PRELIMINARY LOCAL CLIMATOLOGICAL DATA (WS FORM: F-6)

                                          STATION:   KANEOHE BAY MCAS HI
                                          MONTH:     FEBRUARY
                                          YEAR:      2017
                                          LATITUDE:   21 25 N
                                          LONGITUDE: 157 46 W

  TEMPERATURE IN F:       :PCPN:    SNOW:  WIND      :SUNSHINE: SKY     :PK WND
================================================================================
1   2   3   4   5  6A  6B    7    8   9   10  11  12  13   14  15   16   17  18
                                     12Z  AVG MX 2MIN
DY MAX MIN AVG DEP HDD CDD  WTR  SNW DPTH SPD SPD DIR MIN PSBL S-S WX    SPD DR
================================================================================

 1  78  72  75   2   0  10 0.00  0.0    M  8.8 12  70   M    M  10        18  70
 2  78  64  71  -2   0   6 0.00  0.0    M  5.1 10 100   M    M   6         M  M
 3  80  62  71  -2   0   6 0.00  0.0    M  5.3 13 130   M    M   6        17 120
 4  79  78  79   7   0  14 0.00  0.0    M  6.9  8 190   M    M   6         M  M
 5  81  78  80   8   0  15 0.00  0.0    M 12.7 13 210   M    M  10        33 210
 6   M   M   M   M   M   M    T    M    M 15.0 15 350   M    M  10        22 210
 7  77  73  75   3   0  10 0.00  0.0    M  9.2 14 340   M    M   4         M  M
 8  78  72  75   3   0  10 0.00  0.0    M  9.6 12 360   M    M   9         M  M
 9  75  64  70  -2   0   5 0.00  0.0    M  3.5  7  60   M    M   4         M  M
10  78  65  72   0   0   7    T  0.0    M  2.6 10 210   M    M   6         M  M
11  77  69  73   1   0   8 0.00  0.0    M 10.9 15 250   M    M   7        24 250
12  76  76  76   4   0  11 0.00  0.0    M 10.4 10 210   M    M   4        23 210
13  81  75  78   6   0  13 0.00  0.0    M 13.0 17 230   M    M   4        27 230
14  82  77  80   8   0  15 0.00  0.0    0 13.1 18 230   M    M   4        32 220
15  80  72  76   3   0  11 0.00  0.0    M  8.5 14 240   M    M   9         M  M
16   M   M   M   M   M   M 0.00  0.0    0  2.3  8  60   M    M   8         M  M
17   M   M   M   M   M   M 0.00  0.0    M  0.0  M   M   M    M  10         M  M
18  73  73  73   0   0   8    T  0.0    M   M   M   M   M    M   0         M  M
19  73  72  73   0   0   8    T  0.0    M 19.6 20  40   M    M   9         M  M
20  73  69  71  -2   0   6 0.00  0.0    M 10.4 14  70   M    M  10        25  70
21   M   M   M   M   M   M    M    M    M   M   M   M   M    M   M         M  M
22  73  73  73   0   0   8 0.00  0.0    M 12.7 13  80   M    M   8        23  80
23  78  72  75   2   0  10 0.00  0.0    M 13.2 14  40   M    M   3        20  50
24   M   M   M   M   M   M    M    M    M   M   M   M   M    M   M         M  M
25  74  73  74   1   0   9 0.00  0.0    M  6.1  7  90   M    M   8         M  M
================================================================================
SM 1544 1429         0 190    T      0.0 198.9          M      155
================================================================================
AV 77.2 71.5                               9.0 FASTST   M    M   7    MAX(MPH)
                                 MISC ---->    20   M                 33    M
================================================================================
NOTES:
# LAST OF SEVERAL OCCURRENCES

COLUMN 17 PEAK WIND IN M.P.H.

PRELIMINARY LOCAL CLIMATOLOGICAL DATA (WS FORM: F-6) , PAGE 2

                                          STATION:  KANEOHE BAY MCAS HI
                                          MONTH:    FEBRUARY
                                          YEAR:     2017
                                          LATITUDE:   21 25 N
                                          LONGITUDE: 157 46 W

[TEMPERATURE DATA]      [PRECIPITATION DATA]       SYMBOLS USED IN COLUMN 16

AVERAGE MONTHLY: 74.3   TOTAL FOR MONTH:      T    1 = FOG OR MIST
DPTR FM NORMAL:   1.8   DPTR FM NORMAL:   -2.78    2 = FOG REDUCING VISIBILITY
HIGHEST:    82 ON 14    GRTST 24HR    T  ON 19-19      TO 1/4 MILE OR LESS
LOWEST:     62 ON  3                               3 = THUNDER
                        SNOW, ICE PELLETS, HAIL    4 = ICE PELLETS
                        TOTAL MONTH:   0.0 INCH    5 = HAIL
                        GRTST 24HR     0.0         6 = FREEZING RAIN OR DRIZZLE
                        GRTST DEPTH:   0           7 = DUSTSTORM OR SANDSTORM:
                                                       VSBY 1/2 MILE OR LESS
                                                   8 = SMOKE OR HAZE
[NO. OF DAYS WITH]      [WEATHER - DAYS WITH]      9 = BLOWING SNOW
                                                   X = TORNADO
MAX 32 OR BELOW:   0    0.01 INCH OR MORE:   0
MAX 90 OR ABOVE:   0    0.10 INCH OR MORE:   0
MIN 32 OR BELOW:   0    0.50 INCH OR MORE:   0
MIN  0 OR BELOW:   0    1.00 INCH OR MORE:   0

[HDD (BASE 65) ]
TOTAL THIS MO.     0    CLEAR  (SCALE 0-3)   2
DPTR FM NORMAL     0    PTCLDY (SCALE 4-7)  12
TOTAL FM JUL 1     0    CLOUDY (SCALE 8-10)  9
DPTR FM NORMAL     0

[CDD (BASE 65) ]
TOTAL THIS MO.   190
DPTR FM NORMAL   -10    [PRESSURE DATA]
TOTAL FM JAN 1   434    HIGHEST SLP M ON M
DPTR FM NORMAL   -11    LOWEST  SLP M ON M

[REMARKS]
