261
CXUS56 KMTR 291000
CF6NUQ
PRELIMINARY LOCAL CLIMATOLOGICAL DATA (WS FORM: F-6)

                                          STATION:   MOFFETT FIELD
                                          MONTH:     MAY
                                          YEAR:      2016
                                          LATITUDE:   37 25 N
                                          LONGITUDE: 122  3 W

  TEMPERATURE IN F:       :PCPN:    SNOW:  WIND      :SUNSHINE: SKY     :PK WND
================================================================================
1   2   3   4   5  6A  6B    7    8   9   10  11  12  13   14  15   16   17  18
                                     12Z  AVG MX 2MIN
DY MAX MIN AVG DEP HDD CDD  WTR  SNW DPTH SPD SPD DIR MIN PSBL S-S WX    SPD DR
================================================================================

 1  83  54  69   8   0   4 0.00  0.0    0  5.9 20 360   M    M   0        22 360
 2  71  55  63   2   2   0 0.00  0.0    0  6.9 21 350   M    M   3        25 350
 3  72  56  64   3   1   0 0.00  0.0    0  6.5 14 350   M    M   5        17 360
 4  70  56  63   2   2   0 0.00  0.0    0  6.1 16 350   M    M   4        19 350
 5  71  56  64   2   1   0 0.00  0.0    0  6.3 17 350   M    M   8        20 360
 6  61  54  58  -4   7   0 0.11  0.0    0  3.8 13 130   M    M   8 1      16 140
 7  64  54  59  -3   6   0 0.02  0.0    0  4.9 12 140   M    M   8        15 140
 8  70  57  64   2   1   0 0.00  0.0    0  7.6 20 350   M    M   7        22 350
 9  69  56  63   1   2   0 0.00  0.0    0  7.1 20 350   M    M   6        23 350
10  72  56  64   2   1   0 0.00  0.0    0  5.5 16 340   M    M   5        20 340
11  69  56  63   1   2   0 0.00  0.0    0  6.2 15 350   M    M   4 1      18 360
12  67  56  62   0   3   0 0.00  0.0    0  7.3 17 340   M    M   5        20 350
13  69  54  62   0   3   0 0.00  0.0    0  7.6 21  10   M    M   6        24  10
14  73  53  63   1   2   0 0.00  0.0    0  7.8 25 350   M    M   5        30 350
15  73  56  65   2   0   0 0.00  0.0    0  8.2 23 350   M    M   3        27 360
16  76  54  65   2   0   0 0.00  0.0    0  7.9 22 350   M    M   1        25 360
17  90  55  73  10   0   8 0.00  0.0    0  5.1 16 350   M    M   0        21 330
18  82  60  71   8   0   6 0.00  0.0    0  6.8 18 350   M    M   0        22 350
19  72  55  64   1   1   0 0.00  0.0    0  7.0 17 290   M    M   0        25 270
20  64  53  59  -4   6   0 0.00  0.0    0 10.0 20 270   M    M   4        29 280
21  64  53  59  -4   6   0    T  0.0    0  4.7 15 260   M    M   6        19 290
22  69  47  58  -5   7   0 0.00  0.0    0  5.9 22 350   M    M   4        27 360
23  71  50  61  -3   4   0 0.00  0.0    0  6.9 23 350   M    M   1        27 350
24  71  55  63  -1   2   0 0.00  0.0    0  8.0 20 340   M    M   7        27  20
25  72  55  64   0   1   0 0.00  0.0    0  7.2 24 350   M    M   4        28 350
26  74  53  64   0   1   0 0.00  0.0    0  7.4 23 350   M    M   1        27 350
27  77  52  65   1   0   0 0.00  0.0    0  6.6 20 340   M    M   0        24 350
28  86  57  72   8   0   7 0.00  0.0    0  6.9 18 350   M    M   0        23 340
================================================================================
SM 2022 1528        61  25  0.13     0.0 188.1          M      105
================================================================================
AV 72.2 54.6                               6.7 FASTST   M    M   4    MAX(MPH)
                                 MISC ---->  # 25 350               # 30  350
================================================================================
NOTES:
# LAST OF SEVERAL OCCURRENCES

COLUMN 17 PEAK WIND IN M.P.H.

PRELIMINARY LOCAL CLIMATOLOGICAL DATA (WS FORM: F-6) , PAGE 2

                                          STATION:  MOFFETT FIELD
                                          MONTH:    MAY
                                          YEAR:     2016
                                          LATITUDE:   37 25 N
                                          LONGITUDE: 122  3 W

[TEMPERATURE DATA]      [PRECIPITATION DATA]       SYMBOLS USED IN COLUMN 16

AVERAGE MONTHLY: 63.4   TOTAL FOR MONTH:   0.13    1 = FOG OR MIST
DPTR FM NORMAL:   0.8   DPTR FM NORMAL:   -0.31    2 = FOG REDUCING VISIBILITY
HIGHEST:    90 ON 17    GRTST 24HR  0.11 ON  6- 6      TO 1/4 MILE OR LESS
LOWEST:     47 ON 22                               3 = THUNDER
                        SNOW, ICE PELLETS, HAIL    4 = ICE PELLETS
                        TOTAL MONTH:   0.0 INCH    5 = HAIL
                        GRTST 24HR     0.0         6 = FREEZING RAIN OR DRIZZLE
                        GRTST DEPTH:   0           7 = DUSTSTORM OR SANDSTORM:
                                                       VSBY 1/2 MILE OR LESS
                                                   8 = SMOKE OR HAZE
[NO. OF DAYS WITH]      [WEATHER - DAYS WITH]      9 = BLOWING SNOW
                                                   X = TORNADO
MAX 32 OR BELOW:   0    0.01 INCH OR MORE:   2
MAX 90 OR ABOVE:   1    0.10 INCH OR MORE:   1
MIN 32 OR BELOW:   0    0.50 INCH OR MORE:   0
MIN  0 OR BELOW:   0    1.00 INCH OR MORE:   0

[HDD (BASE 65) ]
TOTAL THIS MO.    61    CLEAR  (SCALE 0-3)  10
DPTR FM NORMAL   -38    PTCLDY (SCALE 4-7)  17
TOTAL FM JUL 1  1780    CLOUDY (SCALE 8-10)  1
DPTR FM NORMAL  -366

[CDD (BASE 65) ]
TOTAL THIS MO.    25
DPTR FM NORMAL    -3    [PRESSURE DATA]
TOTAL FM JAN 1    50    HIGHEST SLP 29.94 ON 17
DPTR FM NORMAL     7    LOWEST  SLP 29.78 ON 19

[REMARKS]
