000
CXUS51 KOKX 300703
CF6NYC
PRELIMINARY LOCAL CLIMATOLOGICAL DATA (WS FORM: F-6)

                                          STATION:   CENTRAL PARK NY
                                          MONTH:     JUNE
                                          YEAR:      2015
                                          LATITUDE:   40 46 N
                                          LONGITUDE:  73 58 W

  TEMPERATURE IN F:       :PCPN:    SNOW:  WIND      :SUNSHINE: SKY     :PK WND
================================================================================
1   2   3   4   5  6A  6B    7    8   9   10  11  12  13   14  15   16   17  18
                                     12Z  AVG MX 2MIN
DY MAX MIN AVG DEP HDD CDD  WTR  SNW DPTH SPD SPD DIR MIN PSBL S-S WX    SPD DR
================================================================================

 1  58  51  55 -12  10   0 0.72  0.0    0 10.3 16  70   M    M  10 1      29  70
 2  55  50  53 -14  12   0 0.37  0.0    0  6.2 14  60   M    M   9 1      19  50
 3  70  52  61  -7   4   0 0.00  0.0    0  4.6 10 150   M    M   5 1      16 180
 4  65  54  60  -8   5   0 0.00  0.0    0  5.2 12  60   M    M   6        16  80
 5  70  55  63  -5   2   0 0.13  0.0    0  2.9  9  80   M    M   9 18     14  50
 6  76  60  68  -1   0   3 0.19  0.0    0  4.6  9 330   M    M   5 1      22  50
 7  74  55  65  -4   0   0 0.00  0.0    0  3.9 12 190   M    M   0        23 180
 8  79  63  71   2   0   6 0.06  0.0    0  6.0 15 250   M    M   5 1      27 240
 9  83  68  76   6   0  11 0.01  0.0    0  4.8 15 290   M    M   5 18     25 280
10  82  65  74   4   0   9 0.00  0.0    0  3.2 13 230   M    M   0        19 250
11  89  72  81  11   0  16 0.00  0.0    0  4.5 14 250   M    M   2 8      19 250
12  88  73  81  10   0  16 0.00  0.0    0  4.5 13 170   M    M   0 8      23 240
13  86  72  79   8   0  14 0.00  0.0    0  5.4 14 360   M    M   2        22 320
14  88  66  77   6   0  12 0.36  0.0    0  2.6 10 230   M    M   2 1      18 210
15  83  64  74   2   0   9 0.57  0.0    0  4.6 17  70   M    M   9 18     25  60
16  79  65  72   0   0   7 0.27  0.0    0  2.2  8 290   M    M   7 18     13 310
17  82  66  74   2   0   9    T  0.0    0  3.8 12 160   M    M   2 8      17  50
18  71  64  68  -4   0   3 0.00  0.0    0  3.5  8 200   M    M   9        15 170
19  87  68  78   5   0  13 0.00  0.0    0  3.7 10  60   M    M   6        16  30
20  75  64  70  -3   0   5    T  0.0    0  5.4 15  80   M    M   9 18     22  60
21  88  71  80   7   0  15 0.64  0.0    0  4.5 16 300   M    M   7 18     28 310
22  87  70  79   6   0  14 0.00  0.0    0  4.9 13 260   M    M   1        19 260
23  90  75  83   9   0  18 0.02  0.0    0  5.9 16 250   M    M   2        27 250
24  84  68  76   2   0  11 0.00  0.0    0  4.6 13 340   M    M   0        19 360
25  83  65  74   0   0   9 0.00  0.0    0  3.1 13 240   M    M   2        22 250
26  81  69  75   1   0  10 0.00  0.0    0  4.5 16  60   M    M   5        21  80
27  71  58  65  -9   0   0 1.12  0.0    0  7.4 16  60   M    M   8 1      24  80
28  73  62  68  -7   0   3 0.29  0.0    0  5.3 18  60   M    M  10 1      25  90
29  76  63  70  -5   0   5 0.00  0.0    0  4.8 12 250   M    M   4        20 250
================================================================================
SM 2273 1848        33 218  4.75     0.0 136.9          M      141
================================================================================
AV 78.4 63.7                               4.7 FASTST   M    M   5    MAX(MPH)
                                 MISC ---->  # 18  60               # 29   70
================================================================================
NOTES:
# LAST OF SEVERAL OCCURRENCES

COLUMN 17 PEAK WIND IN M.P.H.

PRELIMINARY LOCAL CLIMATOLOGICAL DATA (WS FORM: F-6) , PAGE 2

                                          STATION:  CENTRAL PARK NY
                                          MONTH:    JUNE
                                          YEAR:     2015
                                          LATITUDE:   40 46 N
                                          LONGITUDE:  73 58 W

[TEMPERATURE DATA]      [PRECIPITATION DATA]       SYMBOLS USED IN COLUMN 16

AVERAGE MONTHLY: 71.1   TOTAL FOR MONTH:   4.75    1 = FOG OR MIST
DPTR FM NORMAL:  -0.3   DPTR FM NORMAL:    0.47    2 = FOG REDUCING VISIBILITY
HIGHEST:    90 ON 23    GRTST 24HR  2.09 ON 31- 1      TO 1/4 MILE OR LESS
LOWEST:     50 ON  2                               3 = THUNDER
                        SNOW, ICE PELLETS, HAIL    4 = ICE PELLETS
                        TOTAL MONTH:   0.0 INCH    5 = HAIL
                        GRTST 24HR     0.0         6 = FREEZING RAIN OR DRIZZLE
                        GRTST DEPTH:   0           7 = DUSTSTORM OR SANDSTORM:
                                                       VSBY 1/2 MILE OR LESS
                                                   8 = SMOKE OR HAZE
[NO. OF DAYS WITH]      [WEATHER - DAYS WITH]      9 = BLOWING SNOW
                                                   X = TORNADO
MAX 32 OR BELOW:   0    0.01 INCH OR MORE:  13
MAX 90 OR ABOVE:   1    0.10 INCH OR MORE:  10
MIN 32 OR BELOW:   0    0.50 INCH OR MORE:   4
MIN  0 OR BELOW:   0    1.00 INCH OR MORE:   1

[HDD (BASE 65) ]
TOTAL THIS MO.    33    CLEAR  (SCALE 0-3)  11
DPTR FM NORMAL    16    PTCLDY (SCALE 4-7)  10
TOTAL FM JUL 1  4974    CLOUDY (SCALE 8-10)  8
DPTR FM NORMAL   226

[CDD (BASE 65) ]
TOTAL THIS MO.   218
DPTR FM NORMAL    16    [PRESSURE DATA]
TOTAL FM JAN 1   377    HIGHEST SLP M ON M
DPTR FM NORMAL   106    LOWEST  SLP 29.63 ON  9

[REMARKS]
