000
CXUS56 KMTR 231000
CF6OAK
PRELIMINARY LOCAL CLIMATOLOGICAL DATA (WS FORM: F-6)

                                          STATION:   OAKLAND AIRPORT
                                          MONTH:     OCTOBER
                                          YEAR:      2014
                                          LATITUDE:   37 43 N
                                          LONGITUDE: 122 13 W

  TEMPERATURE IN F:       :PCPN:    SNOW:  WIND      :SUNSHINE: SKY     :PK WND
================================================================================
1   2   3   4   5  6A  6B    7    8   9   10  11  12  13   14  15   16   17  18
                                     12Z  AVG MX 2MIN
DY MAX MIN AVG DEP HDD CDD  WTR  SNW DPTH SPD SPD DIR MIN PSBL S-S WX    SPD DR
================================================================================

 1  83  53  68   5   0   3 0.00  0.0    0  4.0 15 280   M    M   0        31  80
 2  87  52  70   7   0   5 0.00  0.0    0  5.6 14 340   M    M   0 8      18  60
 3  89  55  72  10   0   7 0.00  0.0    0  4.5 15 300   M    M   1        20  60
 4  92  55  74  12   0   9 0.00  0.0    0  4.4 14 310   M    M   1        17 300
 5  88  53  71   9   0   6 0.00  0.0    0  5.0 15 330   M    M   1        35  80
 6  83  52  68   6   0   3 0.00  0.0    0  5.5 15 330   M    M   2 1      62 360
 7  73  51  62   0   3   0 0.00  0.0    0  6.5 18 290   M    M   3 1      21 290
 8  75  52  64   2   1   0 0.00  0.0    0  5.3 16 280   M    M   2 1      17 290
 9  66  57  62   0   3   0 0.00  0.0    0  9.3 17 280   M    M   6        20 280
10  66  56  61  -1   4   0 0.00  0.0    0  8.8 18 280   M    M   8        28 320
11  73  55  64   3   1   0 0.00  0.0    0  6.0 13 280   M    M   5        15 280
12  86  51  69   8   0   4 0.00  0.0    0  4.2 13 270   M    M   0 8      18 160
13  83  50  67   6   0   2 0.00  0.0    0  6.3 17 300   M    M   1 8      33  70
14  72  58  65   4   0   0 0.00  0.0    0  9.4 26 210   M    M   8        32 220
15  71  54  63   2   2   0    T  0.0    0  8.0 21 210   M    M   8        28 330
16  71  51  61   0   4   0 0.00  0.0    0  5.5 18 270   M    M   6        22 290
17  73  51  62   2   3   0 0.00  0.0    0  4.3 12 240   M    M   6        17 100
18  75  54  65   5   0   0 0.00  0.0    0  5.7 17 280   M    M   3        28 230
19  71  55  63   3   2   0 0.00  0.0    0  6.7 20 290   M    M   4        22 280
20  70  54  62   2   3   0 0.01  0.0    0  9.2 18 280   M    M   6 1      22 270
21  70  49  60   0   5   0 0.00  0.0    0  7.1 20 270   M    M   2 8      36  90
22  71  49  60   0   5   0 0.00  0.0    0  5.3 15 280   M    M   5        17 280
================================================================================
SM 1688 1167        36  39  0.01     0.0 136.6          M       78
================================================================================
AV 76.7 53.0                               6.2 FASTST   M    M   4    MAX(MPH)
                                 MISC ---->  # 26 210               # 62  360
================================================================================
NOTES:
# LAST OF SEVERAL OCCURRENCES

COLUMN 17 PEAK WIND IN M.P.H.

PRELIMINARY LOCAL CLIMATOLOGICAL DATA (WS FORM: F-6) , PAGE 2

                                          STATION:  OAKLAND AIRPORT
                                          MONTH:    OCTOBER
                                          YEAR:     2014
                                          LATITUDE:   37 43 N
                                          LONGITUDE: 122 13 W

[TEMPERATURE DATA]      [PRECIPITATION DATA]       SYMBOLS USED IN COLUMN 16

AVERAGE MONTHLY: 64.9   TOTAL FOR MONTH:   0.01    1 = FOG OR MIST
DPTR FM NORMAL:   3.6   DPTR FM NORMAL:   -0.64    2 = FOG REDUCING VISIBILITY
HIGHEST:    92 ON  4    GRTST 24HR  0.01 ON 20-20      TO 1/4 MILE OR LESS
LOWEST:     49 ON 22,21                            3 = THUNDER
                        SNOW, ICE PELLETS, HAIL    4 = ICE PELLETS
                        TOTAL MONTH:   0.0 INCH    5 = HAIL
                        GRTST 24HR     0.0         6 = FREEZING RAIN OR DRIZZLE
                        GRTST DEPTH:   0           7 = DUSTSTORM OR SANDSTORM:
                                                       VSBY 1/2 MILE OR LESS
                                                   8 = SMOKE OR HAZE
[NO. OF DAYS WITH]      [WEATHER - DAYS WITH]      9 = BLOWING SNOW
                                                   X = TORNADO
MAX 32 OR BELOW:   0    0.01 INCH OR MORE:   1
MAX 90 OR ABOVE:   1    0.10 INCH OR MORE:   0
MIN 32 OR BELOW:   0    0.50 INCH OR MORE:   0
MIN  0 OR BELOW:   0    1.00 INCH OR MORE:   0

[HDD (BASE 65) ]
TOTAL THIS MO.    36    CLEAR  (SCALE 0-3)  11
DPTR FM NORMAL   -57    PTCLDY (SCALE 4-7)  10
TOTAL FM JUL 1    66    CLOUDY (SCALE 8-10)  1
DPTR FM NORMAL  -227

[CDD (BASE 65) ]
TOTAL THIS MO.    39
DPTR FM NORMAL    27    [PRESSURE DATA]
TOTAL FM JAN 1   305    HIGHEST SLP M ON M
DPTR FM NORMAL   168    LOWEST  SLP 29.81 ON 14

[REMARKS]
