000
CXUS56 KMTR 251000
CF6OAK
PRELIMINARY LOCAL CLIMATOLOGICAL DATA (WS FORM: F-6)

                                          STATION:   OAKLAND AIRPORT
                                          MONTH:     MARCH
                                          YEAR:      2017
                                          LATITUDE:   37 43 N
                                          LONGITUDE: 122 13 W

  TEMPERATURE IN F:       :PCPN:    SNOW:  WIND      :SUNSHINE: SKY     :PK WND
================================================================================
1   2   3   4   5  6A  6B    7    8   9   10  11  12  13   14  15   16   17  18
                                     12Z  AVG MX 2MIN
DY MAX MIN AVG DEP HDD CDD  WTR  SNW DPTH SPD SPD DIR MIN PSBL S-S WX    SPD DR
================================================================================

 1  62  41  52  -1  13   0 0.00  0.0    0  4.7 15 290   M    M   0        18 290
 2  66  41  54   1  11   0 0.00  0.0    0  4.7 14 300   M    M   1        16 300
 3  65  43  54   1  11   0 0.00  0.0    0  7.5 18 270   M    M   5        22 260
 4  62  52  57   4   8   0 0.61  0.0    0 12.4 24 170   M    M   9 1      28 170
 5  54  46  50  -4  15   0 0.22    M    0 15.9 41 280   M    M   7 1      48 280
 6  55  45  50  -4  15   0 0.16    M    0  8.8 22 200   M    M   4 1      27 200
 7  60  42  51  -3  14   0    T    M    0  5.9 17 300   M    M   5        20 300
 8  67  44  56   2   9   0 0.00  0.0    0  5.9 16 270   M    M   2        19 280
 9  71  49  60   6   5   0 0.00  0.0    0  4.8 14 270   M    M   6 12     16 290
10  69  53  61   7   4   0 0.00  0.0    0  4.2 10 300   M    M   7        13 310
11  66  51  59   5   6   0 0.00  0.0    0  6.4 20 270   M    M   4 1      22 270
12  71  47  59   5   6   0 0.00  0.0    0  5.1 16 280   M    M   2 1      18 280
13  74  48  61   7   4   0 0.00  0.0    0  4.4 16 300   M    M   1        18 300
14  78  53  66  12   0   1 0.00  0.0    0  5.4 14 300   M    M   1        16 310
15  63  54  59   5   6   0 0.00  0.0    0  7.2 21 290   M    M   7        23 290
16  67  53  60   6   5   0 0.00  0.0    0  6.3 22 280   M    M   8 1      24 280
17  76  48  62   8   3   0 0.00  0.0    0  5.1 14 280   M    M   3        16 280
18  68  53  61   7   4   0 0.00  0.0    0  5.7 16 290   M    M   7        19 290
19  64  56  60   6   5   0 0.00  0.0    0  4.8 17 290   M    M   9 1      21 300
20  64  55  60   5   5   0 0.40  0.0    0 12.6 24 150   M    M   9 13     29 200
21  67  59  63   8   2   0 0.30  0.0    0 15.1 26 150   M    M   6 1      31 140
22  63  52  58   3   7   0 0.28  0.0    0 14.2 26 280   M    M   6 1      30 280
23  62  45  54  -1  11   0 0.00  0.0    0  7.3 18 260   M    M   5        21 260
24  58  53  56   1   9   0 0.68  0.0    0 11.3 29 150   M    M  10 1      34 140
================================================================================
SM 1572 1183       178   1  2.65     0.0 185.7          M      124
================================================================================
AV 65.5 49.3                               7.7 FASTST   M    M   5    MAX(MPH)
                                 MISC ---->  # 41 280               # 48  280
================================================================================
NOTES:
# LAST OF SEVERAL OCCURRENCES

COLUMN 17 PEAK WIND IN M.P.H.

PRELIMINARY LOCAL CLIMATOLOGICAL DATA (WS FORM: F-6) , PAGE 2

                                          STATION:  OAKLAND AIRPORT
                                          MONTH:    MARCH
                                          YEAR:     2017
                                          LATITUDE:   37 43 N
                                          LONGITUDE: 122 13 W

[TEMPERATURE DATA]      [PRECIPITATION DATA]       SYMBOLS USED IN COLUMN 16

AVERAGE MONTHLY: 57.4   TOTAL FOR MONTH:   2.65    1 = FOG OR MIST
DPTR FM NORMAL:   3.4   DPTR FM NORMAL:    0.14    2 = FOG REDUCING VISIBILITY
HIGHEST:    78 ON 14    GRTST 24HR  0.68 ON 24-24      TO 1/4 MILE OR LESS
LOWEST:     41 ON  2, 1                            3 = THUNDER
                        SNOW, ICE PELLETS, HAIL    4 = ICE PELLETS
                        TOTAL MONTH:   0.0 INCH    5 = HAIL
                        GRTST 24HR     0.0         6 = FREEZING RAIN OR DRIZZLE
                        GRTST DEPTH:   0           7 = DUSTSTORM OR SANDSTORM:
                                                       VSBY 1/2 MILE OR LESS
                                                   8 = SMOKE OR HAZE
[NO. OF DAYS WITH]      [WEATHER - DAYS WITH]      9 = BLOWING SNOW
                                                   X = TORNADO
MAX 32 OR BELOW:   0    0.01 INCH OR MORE:   7
MAX 90 OR ABOVE:   0    0.10 INCH OR MORE:   7
MIN 32 OR BELOW:   0    0.50 INCH OR MORE:   2
MIN  0 OR BELOW:   0    1.00 INCH OR MORE:   0

[HDD (BASE 65) ]
TOTAL THIS MO.   178    CLEAR  (SCALE 0-3)   7
DPTR FM NORMAL   -86    PTCLDY (SCALE 4-7)  13
TOTAL FM JUL 1  1707    CLOUDY (SCALE 8-10)  4
DPTR FM NORMAL  -579

[CDD (BASE 65) ]
TOTAL THIS MO.     1
DPTR FM NORMAL     1    [PRESSURE DATA]
TOTAL FM JAN 1     1    HIGHEST SLP M ON M
DPTR FM NORMAL     1    LOWEST  SLP 29.82 ON  5

[REMARKS]
