823
CXUS54 KMAF 181100
CF6ODO
PRELIMINARY LOCAL CLIMATOLOGICAL DATA (WS FORM: F-6)

                                          STATION:   Odessa Schleymeyer
                                          MONTH:     AUGUST
                                          YEAR:      2017
                                          LATITUDE:   31 55 N
                                          LONGITUDE: 102 23 W

  TEMPERATURE IN F:       :PCPN:    SNOW:  WIND      :SUNSHINE: SKY     :PK WND
================================================================================
1   2   3   4   5  6A  6B    7    8   9   10  11  12  13   14  15   16   17  18
                                     12Z  AVG MX 2MIN
DY MAX MIN AVG DEP HDD CDD  WTR  SNW DPTH SPD SPD DIR MIN PSBL S-S WX    SPD DR
================================================================================

 1  82  68  75  -9   0  10 2.01  0.0    0  8.0 24  70   M    M   7 13     31  10
 2  85  69  77  -7   0  12    T  0.0    0  8.4 17  40   M    M   4 1      22  40
 3  87  68  78  -6   0  13 0.00  0.0    0  5.0 14  90   M    M   0 1      17  70
 4  91  69  80  -4   0  15 0.00  0.0    0  6.3 13 190   M    M   1        17 130
 5  95  75  85   1   0  20 0.00  0.0    0 10.4 21 190   M    M   0        24 190
 6  98  74  86   3   0  21    T  0.0    0  7.9 21 190   M    M   2 3      25 190
 7  89  73  81  -2   0  16    T  0.0    0 11.0 20  90   M    M   2 3      25  90
 8  86  71  79  -4   0  14    T  0.0    0 10.2 17  80   M    M   7 1      22  80
 9  92  70  81  -2   0  16 0.00  0.0    0  7.7 15 170   M    M   2        22  40
10  95  73  84   1   0  19 0.00  0.0    0 10.4 20 170   M    M   1        26 160
11  95  74  85   2   0  20 0.00  0.0    0 12.4 22 160   M    M   0        29 150
12  93  71  82  -1   0  17 0.06  0.0    0  8.4 22 350   M    M   4 138    27 350
13  98  70  84   1   0  19 0.09  0.0    0  6.7 36 210   M    M   2 3      42 210
14  94  69  82  -1   0  17 0.00  0.0    0  8.7 18 180   M    M   0        22 190
15  86  72  79  -4   0  14 0.10  0.0    0 10.8 30 130   M    M   3 138    40 120
16  97  70  84   1   0  19    T  0.0    0  7.2 23 220   M    M   0 3      28 210
17  94  72  83   0   0  18 0.00  0.0    0 11.7 24 140   M    M   0        31 150
================================================================================
SM 1557 1208         0 280  2.26     0.0 151.2          M       35
================================================================================
AV 91.6 71.1                               8.9 FASTST   M    M   2    MAX(MPH)
                                 MISC ---->  # 36 210               # 42  210
================================================================================
NOTES:
# LAST OF SEVERAL OCCURRENCES

COLUMN 17 PEAK WIND IN M.P.H.

PRELIMINARY LOCAL CLIMATOLOGICAL DATA (WS FORM: F-6) , PAGE 2

                                          STATION:  Odessa Schleymeyer
                                          MONTH:    AUGUST
                                          YEAR:     2017
                                          LATITUDE:   31 55 N
                                          LONGITUDE: 102 23 W

[TEMPERATURE DATA]      [PRECIPITATION DATA]       SYMBOLS USED IN COLUMN 16

AVERAGE MONTHLY: 81.3   TOTAL FOR MONTH:   2.26    1 = FOG OR MIST
DPTR FM NORMAL:  -2.0   DPTR FM NORMAL:    1.22    2 = FOG REDUCING VISIBILITY
HIGHEST:    98 ON 13, 6 GRTST 24HR  2.01 ON  1- 1      TO 1/4 MILE OR LESS
LOWEST:     68 ON  3, 1                            3 = THUNDER
                        SNOW, ICE PELLETS, HAIL    4 = ICE PELLETS
                        TOTAL MONTH:   0.0 INCH    5 = HAIL
                        GRTST 24HR     0.0         6 = FREEZING RAIN OR DRIZZLE
                        GRTST DEPTH:   0           7 = DUSTSTORM OR SANDSTORM:
                                                       VSBY 1/2 MILE OR LESS
                                                   8 = SMOKE OR HAZE
[NO. OF DAYS WITH]      [WEATHER - DAYS WITH]      9 = BLOWING SNOW
                                                   X = TORNADO
MAX 32 OR BELOW:   0    0.01 INCH OR MORE:   4
MAX 90 OR ABOVE:  11    0.10 INCH OR MORE:   2
MIN 32 OR BELOW:   0    0.50 INCH OR MORE:   1
MIN  0 OR BELOW:   0    1.00 INCH OR MORE:   1

[HDD (BASE 65) ]
TOTAL THIS MO.     0    CLEAR  (SCALE 0-3)  13
DPTR FM NORMAL     0    PTCLDY (SCALE 4-7)   4
TOTAL FM JUL 1     0    CLOUDY (SCALE 8-10)  0
DPTR FM NORMAL     0

[CDD (BASE 65) ]
TOTAL THIS MO.   280
DPTR FM NORMAL   -30    [PRESSURE DATA]
TOTAL FM JAN 1  2002    HIGHEST SLP M ON M
DPTR FM NORMAL   206    LOWEST  SLP 29.68 ON M

[REMARKS]
