000
CXUS53 KGID 232022
CF6ODX
PRELIMINARY LOCAL CLIMATOLOGICAL DATA (WS FORM: F-6)

                                          STATION:   ORD NE
                                          MONTH:     JANUARY
                                          YEAR:      2018
                                          LATITUDE:   41 37 N
                                          LONGITUDE:  98 57 W

  TEMPERATURE IN F:       :PCPN:    SNOW:  WIND      :SUNSHINE: SKY     :PK WND
================================================================================
1   2   3   4   5  6A  6B    7    8   9   10  11  12  13   14  15   16   17  18
                                     12Z  AVG MX 2MIN
DY MAX MIN AVG DEP HDD CDD  WTR  SNW DPTH SPD SPD DIR MIN PSBL S-S WX    SPD DR
================================================================================

 1   6 -19  -6 -30  71   0 0.00    M    M  4.3 10 180   M    M   3        14 190
 2  28  -6  11 -13  54   0 0.00    M    M  9.8 17 250   M    M   1        24 290
 3  28   9  19  -5  46   0 0.00    M    M  9.1 29 340   M    M   6        40 360
 4  38   6  22  -2  43   0 0.00    M    M  5.1 16 320   M    M   2 1      20 330
 5  17   6  12 -12  53   0    T    M    M  5.8 13  80   M    M   4 18     16  80
 6  24   4  14 -10  51   0 0.00    M    M  8.6 20 190   M    M   2 18     25 180
 7  45  17  31   7  34   0 0.01    M    M  6.7 25 330   M    M   3 1      35 330
 8  52  19  36  12  29   0 0.00    M    M  4.5 15 200   M    M   0 1      20 210
 9  50  31  41  17  24   0 0.00    M    M  8.1 18 200   M    M   0        23 200
10  43  15  29   5  36   0    T    M    M 10.3 36 350   M    M   3 1      50 350
11  16   2   9 -15  56   0 0.02    M    M 20.7 33 320   M    M   3 19     45 350
12   7  -4   2 -22  63   0 0.02    M    M  7.1 15  10   M    M   7 1      19  10
13  15   3   9 -15  56   0 0.03    M    M  7.4 14 180   M    M  10 18     18 170
14  40   7  24   0  41   0 0.04    M    M 10.4 30 340   M    M   8 1      39 360
15  18  -2   8 -17  57   0    T    M    M 20.7 30 330   M    M   4        38 330
16  14  -7   4 -21  61   0 0.00    M    M  9.2 21 320   M    M   3        27 330
17  37   5  21  -4  44   0 0.00    M    M  7.4 14 220   M    M   0        18 210
18  47   9  28   3  37   0 0.00    M    M  3.0 10 260   M    M   0        14 250
19  64  23  44  19  21   0 0.00    M    M  3.6 12 330   M    M   0        14 360
20  51  28  40  15  25   0 0.00    M    M  8.5 18  20   M    M   0        23  30
21  37  31  34   9  31   0 0.06    M    M 19.0 39  30   M    M   8 1      52  20
22  33  21  27   2  38   0 0.65    M    M 23.5 38  20   M    M   6 1268   53  30
================================================================================
SM  710  198       971   0  0.83    M    212.8          M       73
================================================================================
AV 32.3  9.0                               9.7 FASTST   M    M   3    MAX(MPH)
                                 MISC ---->  # 39  30               # 53   30
================================================================================
NOTES:
# LAST OF SEVERAL OCCURRENCES

COLUMN 17 PEAK WIND IN M.P.H.

PRELIMINARY LOCAL CLIMATOLOGICAL DATA (WS FORM: F-6) , PAGE 2

                                          STATION:  ORD NE
                                          MONTH:    JANUARY
                                          YEAR:     2018
                                          LATITUDE:   41 37 N
                                          LONGITUDE:  98 57 W

[TEMPERATURE DATA]      [PRECIPITATION DATA]       SYMBOLS USED IN COLUMN 16

AVERAGE MONTHLY: 20.6   TOTAL FOR MONTH:   0.83    1 = FOG OR MIST
DPTR FM NORMAL:  -3.7   DPTR FM NORMAL:    0.59    2 = FOG REDUCING VISIBILITY
HIGHEST:    64 ON 19    GRTST 24HR  0.65 ON 22-22      TO 1/4 MILE OR LESS
LOWEST:    -19 ON  1                               3 = THUNDER
                        SNOW, ICE PELLETS, HAIL    4 = ICE PELLETS
                        TOTAL MONTH:    M          5 = HAIL
                        GRTST 24HR    M  ON   M    6 = FREEZING RAIN OR DRIZZLE
                        GRTST DEPTH:  M  ON   M    7 = DUSTSTORM OR SANDSTORM:
                                                       VSBY 1/2 MILE OR LESS
                                                   8 = SMOKE OR HAZE
[NO. OF DAYS WITH]      [WEATHER - DAYS WITH]      9 = BLOWING SNOW
                                                   X = TORNADO
MAX 32 OR BELOW:  10    0.01 INCH OR MORE:   7
MAX 90 OR ABOVE:   0    0.10 INCH OR MORE:   1
MIN 32 OR BELOW:  22    0.50 INCH OR MORE:   1
MIN  0 OR BELOW:   5    1.00 INCH OR MORE:   0

[HDD (BASE 65) ]
TOTAL THIS MO.   971    CLEAR  (SCALE 0-3)  13
DPTR FM NORMAL    78    PTCLDY (SCALE 4-7)   8
TOTAL FM JUL 1  3538    CLOUDY (SCALE 8-10)  1
DPTR FM NORMAL   -79

[CDD (BASE 65) ]
TOTAL THIS MO.     0
DPTR FM NORMAL     0    [PRESSURE DATA]
TOTAL FM JAN 1     0    HIGHEST SLP M ON M
DPTR FM NORMAL     0    LOWEST  SLP 29.39 ON 10

[REMARKS]
