000
CXUS53 KGID 260730
CF6ODX
PRELIMINARY LOCAL CLIMATOLOGICAL DATA (WS FORM: F-6)

                                          STATION:   ORD NE
                                          MONTH:     MAY
                                          YEAR:      2017
                                          LATITUDE:   41 37 N
                                          LONGITUDE:  98 57 W

  TEMPERATURE IN F:       :PCPN:    SNOW:  WIND      :SUNSHINE: SKY     :PK WND
================================================================================
1   2   3   4   5  6A  6B    7    8   9   10  11  12  13   14  15   16   17  18
                                     12Z  AVG MX 2MIN
DY MAX MIN AVG DEP HDD CDD  WTR  SNW DPTH SPD SPD DIR MIN PSBL S-S WX    SPD DR
================================================================================

 1  56  33  45  -9  20   0 0.11    M    M 12.6 22 280   M    M   4 1      28 320
 2  63  36  50  -4  15   0 0.00    M    M  8.2 16 300   M    M   4        22 300
 3  61  38  50  -5  15   0 0.03    M    M  8.3 23  20   M    M   6        29 320
 4  69  34  52  -3  13   0 0.00    M    M  7.5 17  10   M    M   0        24 360
 5  77  33  55   0  10   0 0.00    M    M  3.1 12 220   M    M   0        15 200
 6  81  42  62   6   3   0 0.00    M    M  6.4 14 120   M    M   0        17 120
 7  87  47  67  11   0   2 0.00    M    M 12.5 30 170   M    M   0        38 160
 8  81  57  69  13   0   4 0.00    M    M  8.8 22 360   M    M   0        27  10
 9  74  54  64   7   1   0 0.00    M    M  8.8 20  70   M    M   4        26  70
10  61  51  56  -1   9   0 0.46    M    M  9.6 24  60   M    M   9 13     31  60
11  68  43  56  -2   9   0 0.00    M    M 10.7 23  40   M    M   4        29  20
12  75  37  56  -2   9   0 0.00    M    M  5.2 14 200   M    M   0        21 210
13  78  43  61   3   4   0 0.00    M    M 14.5 29 180   M    M   0        39 170
14  82  49  66   7   0   1 0.00    M    M  8.5 22  10   M    M   0        30 350
15  82  54  68   9   0   3 0.03    M    M 11.1 38 190   M    M   0        48 190
16  80  57  69  10   0   4 0.45    M    M  9.2 29 150   M    M   3 13     37 160
17  60  50  55  -5  10   0 0.74    M    M 13.9 33 320   M    M   8 1      43 330
18  52  48  50 -10  15   0 0.12    M    M 15.0 24  60   M    M  10 1      31  40
19  50  43  47 -13  18   0 0.45    M    M 13.1 26  10   M    M  10 1      32  10
20  46  38  42 -19  23   0 0.60    M    M 15.4 24 320   M    M   9 18     33 320
21  68  33  51 -10  14   0 0.00    M    M  8.1 17 300   M    M   1        23 280
22  70  42  56  -5   9   0 0.00    M    M 10.5 32 340   M    M   1        42 320
23  57  43  50 -12  15   0    T    M    M 15.0 28 340   M    M   9        35 350
24  67  37  52 -10  13   0 0.00    M    M  6.6 15 200   M    M   2        19 200
25  75  51  63   1   2   0    T    M    M 10.2 25 200   M    M   1 3      30 210
================================================================================
SM 1720 1093       227  14  2.99    M    252.8          M       85
================================================================================
AV 68.8 43.7                              10.1 FASTST   M    M   3    MAX(MPH)
                                 MISC ---->  # 38 190               # 48  190
================================================================================
NOTES:
# LAST OF SEVERAL OCCURRENCES

COLUMN 17 PEAK WIND IN M.P.H.

PRELIMINARY LOCAL CLIMATOLOGICAL DATA (WS FORM: F-6) , PAGE 2

                                          STATION:  ORD NE
                                          MONTH:    MAY
                                          YEAR:     2017
                                          LATITUDE:   41 37 N
                                          LONGITUDE:  98 57 W

[TEMPERATURE DATA]      [PRECIPITATION DATA]       SYMBOLS USED IN COLUMN 16

AVERAGE MONTHLY: 56.3   TOTAL FOR MONTH:   2.99    1 = FOG OR MIST
DPTR FM NORMAL:  -1.9   DPTR FM NORMAL:    0.06    2 = FOG REDUCING VISIBILITY
HIGHEST:    87 ON  7    GRTST 24HR  1.73 ON 30- 1      TO 1/4 MILE OR LESS
LOWEST:     33 ON 21, 5                            3 = THUNDER
                        SNOW, ICE PELLETS, HAIL    4 = ICE PELLETS
                        TOTAL MONTH:    M          5 = HAIL
                        GRTST 24HR    M  ON   M    6 = FREEZING RAIN OR DRIZZLE
                        GRTST DEPTH:  M  ON   M    7 = DUSTSTORM OR SANDSTORM:
                                                       VSBY 1/2 MILE OR LESS
                                                   8 = SMOKE OR HAZE
[NO. OF DAYS WITH]      [WEATHER - DAYS WITH]      9 = BLOWING SNOW
                                                   X = TORNADO
MAX 32 OR BELOW:   0    0.01 INCH OR MORE:   9
MAX 90 OR ABOVE:   0    0.10 INCH OR MORE:   7
MIN 32 OR BELOW:   0    0.50 INCH OR MORE:   2
MIN  0 OR BELOW:   0    1.00 INCH OR MORE:   0

[HDD (BASE 65) ]
TOTAL THIS MO.   227    CLEAR  (SCALE 0-3)  13
DPTR FM NORMAL    32    PTCLDY (SCALE 4-7)   7
TOTAL FM JUL 1  5916    CLOUDY (SCALE 8-10)  5
DPTR FM NORMAL  -632

[CDD (BASE 65) ]
TOTAL THIS MO.    14
DPTR FM NORMAL   -13    [PRESSURE DATA]
TOTAL FM JAN 1    14    HIGHEST SLP M ON M
DPTR FM NORMAL   -15    LOWEST  SLP 29.31 ON 17

[REMARKS]
