000
CXUS53 KOAX 281420
CF6OFK
PRELIMINARY LOCAL CLIMATOLOGICAL DATA (WS FORM: F-6)

                                          STATION:   NORFOLK, NEBRASKA
                                          MONTH:     JULY
                                          YEAR:      2015
                                          LATITUDE:   41 58 N
                                          LONGITUDE:  97 26 W

  TEMPERATURE IN F:       :PCPN:    SNOW:  WIND      :SUNSHINE: SKY     :PK WND
================================================================================
1   2   3   4   5  6A  6B    7    8   9   10  11  12  13   14  15   16   17  18
                                     12Z  AVG MX 2MIN
DY MAX MIN AVG DEP HDD CDD  WTR  SNW DPTH SPD SPD DIR MIN PSBL S-S WX    SPD DR
================================================================================

 1  82  64  73  -1   0   8 0.00  0.0    0  8.4 15  90   M    M   4 18     21  70
 2  68  61  65  -9   0   0 1.07  0.0    0  6.7 13  70   M    M  10 1      16  70
 3  78  62  70  -4   0   5 0.00  0.0    0  2.6  9 190   M    M   7 1       9 190
 4  82  56  69  -6   0   4 0.00  0.0    0  8.0 18 160   M    M   0 128    26 160
 5  90  68  79   4   0  14 0.73  0.0    0 15.0 24 150   M    M   2 13     34 120
 6  81  60  71  -4   0   6 0.25  0.0    0 12.3 26 210   M    M   7 138    36 220
 7  73  52  63 -12   2   0 0.00  0.0    0  5.6 17  10   M    M   0 1      23 360
 8  76  49  63 -12   2   0 0.00  0.0    0  4.1 10 200   M    M   1 1      14 180
 9  83  62  73  -2   0   8 0.00  0.0    0  7.0 14 260   M    M   1        23 270
10  81  60  71  -4   0   6 0.00  0.0    0 10.9 20 150   M    M   3 1      25 150
11  90  66  78   3   0  13 0.03  0.0    0  8.2 25 220   M    M   3 13     31 220
12  95  71  83   8   0  18 0.00  0.0    0  7.3 15 180   M    M   0 1      23 200
13  95  68  82   7   0  17 0.00  0.0    0  7.5 20 340   M    M   0        26 330
14  94  67  81   6   0  16 0.00  0.0    0  5.3 14 360   M    M   0        16 360
15  79  69  74  -1   0   9 1.92  0.0    0  9.0 31 130   M    M   9 13     36 140
16  89  71  80   5   0  15 0.17  0.0    0  3.8 32 360   M    M   6 123    40 360
17  96  67  82   7   0  17 0.57  0.0    0  9.2 35 290   M    M   1 123    48 300
18  89  65  77   2   0  12 0.09  0.0    0  5.7 22 120   M    M   2 3      26 130
19  85  67  76   1   0  11 0.00  0.0    0  6.2 15 300   M    M   0        20 310
20  84  62  73  -2   0   8 0.25  0.0    0 10.0 30 350   M    M   2 3      43 350
21  81  58  70  -5   0   5 0.00  0.0    0  4.1 10 180   M    M   1        13 130
22  79  64  72  -3   0   7 0.00  0.0    0  9.0 17 170   M    M   1        21 180
23  89  64  77   2   0  12 0.00  0.0    0 11.6 22 160   M    M   3        28 180
24  93  74  84   9   0  19 0.00  0.0    0  7.5 16 170   M    M   1 1      22 170
25  86  68  77   2   0  12 0.01  0.0    0  8.0 17 190   M    M   1        23 190
26  89  68  79   4   0  14 0.00  0.0    0  5.8 18 340   M    M   5 1      21 340
27  90  77  84   9   0  19 0.00  0.0    0 11.6 24 140   M    M   4 1      30 140
================================================================================
SM 2297 1740         4 275  5.09     0.0 210.4          M       74
================================================================================
AV 85.1 64.4                               7.8 FASTST   M    M   3    MAX(MPH)
                                 MISC ---->  # 35 290               # 48  300
================================================================================
NOTES:
# LAST OF SEVERAL OCCURRENCES

COLUMN 17 PEAK WIND IN M.P.H.

PRELIMINARY LOCAL CLIMATOLOGICAL DATA (WS FORM: F-6) , PAGE 2

                                          STATION:  NORFOLK, NEBRASKA
                                          MONTH:    JULY
                                          YEAR:     2015
                                          LATITUDE:   41 58 N
                                          LONGITUDE:  97 26 W

[TEMPERATURE DATA]      [PRECIPITATION DATA]       SYMBOLS USED IN COLUMN 16

AVERAGE MONTHLY: 74.8   TOTAL FOR MONTH:   5.09    1 = FOG OR MIST
DPTR FM NORMAL:  -0.1   DPTR FM NORMAL:    2.18    2 = FOG REDUCING VISIBILITY
HIGHEST:    96 ON 17    GRTST 24HR  1.92 ON 15-15      TO 1/4 MILE OR LESS
LOWEST:     49 ON  8                               3 = THUNDER
                        SNOW, ICE PELLETS, HAIL    4 = ICE PELLETS
                        TOTAL MONTH:   0.0 INCH    5 = HAIL
                        GRTST 24HR     0.0         6 = FREEZING RAIN OR DRIZZLE
                        GRTST DEPTH:   0           7 = DUSTSTORM OR SANDSTORM:
                                                       VSBY 1/2 MILE OR LESS
                                                   8 = SMOKE OR HAZE
[NO. OF DAYS WITH]      [WEATHER - DAYS WITH]      9 = BLOWING SNOW
                                                   X = TORNADO
MAX 32 OR BELOW:   0    0.01 INCH OR MORE:  10
MAX 90 OR ABOVE:   8    0.10 INCH OR MORE:   7
MIN 32 OR BELOW:   0    0.50 INCH OR MORE:   4
MIN  0 OR BELOW:   0    1.00 INCH OR MORE:   2

[HDD (BASE 65) ]
TOTAL THIS MO.     4    CLEAR  (SCALE 0-3)  18
DPTR FM NORMAL     4    PTCLDY (SCALE 4-7)   7
TOTAL FM JUL 1     4    CLOUDY (SCALE 8-10)  2
DPTR FM NORMAL     4

[CDD (BASE 65) ]
TOTAL THIS MO.   275
DPTR FM NORMAL     7    [PRESSURE DATA]
TOTAL FM JAN 1   494    HIGHEST SLP M ON M
DPTR FM NORMAL   -21    LOWEST  SLP 29.65 ON 17

[REMARKS]
