000
CXUS53 KOAX 291000
CF6OFK
PRELIMINARY LOCAL CLIMATOLOGICAL DATA (WS FORM: F-6)

                                          STATION:   NORFOLK, NEBRASKA
                                          MONTH:     JULY
                                          YEAR:      2016
                                          LATITUDE:   41 58 N
                                          LONGITUDE:  97 26 W

  TEMPERATURE IN F:       :PCPN:    SNOW:  WIND      :SUNSHINE: SKY     :PK WND
================================================================================
1   2   3   4   5  6A  6B    7    8   9   10  11  12  13   14  15   16   17  18
                                     12Z  AVG MX 2MIN
DY MAX MIN AVG DEP HDD CDD  WTR  SNW DPTH SPD SPD DIR MIN PSBL S-S WX    SPD DR
================================================================================

 1  77  50  64 -10   1   0    T  0.0    0  5.3 13 160   M    M   2        16  70
 2  64  58  61 -13   4   0 1.10  0.0    0 10.8 17 110   M    M   9 1      21 110
 3  68  60  64 -10   1   0 0.00  0.0    0  7.2 15 110   M    M  10 1      21 110
 4  77  63  70  -5   0   5 0.00  0.0    0  9.1 20 190   M    M   9        23 190
 5  91  65  78   3   0  13 0.02  0.0    0  7.3 32 220   M    M   0 13     39 220
 6  88  65  77   2   0  12 0.62  0.0    0  8.7 35 310   M    M   1 13     45 300
 7  84  63  74  -1   0   9 0.08  0.0    0  7.8 30  10   M    M   3 3      33  10
 8  85  58  72  -3   0   7 0.00  0.0    0  3.9 10 100   M    M   1        13 110
 9  88  66  77   2   0  12 0.00  0.0    0 12.3 20 150   M    M   2        26 150
10  90  74  82   7   0  17 0.00  0.0    0 15.0 26 150   M    M   2        35 130
11  92  68  80   5   0  15 0.00  0.0    0 14.9 29 200   M    M   3 3      37 200
12  85  60  73  -2   0   8 0.00  0.0    0  7.3 15 320   M    M   0        19 300
13  85  65  75   0   0  10 0.00  0.0    0  8.2 26 330   M    M   2 1      30 330
14  86  60  73  -2   0   8 0.00  0.0    0  8.5 22 330   M    M   0        26 340
15  71  57  64 -11   1   0 0.82  0.0    0  6.3 18 180   M    M   4 13     24 180
16  85  53  69  -6   0   4 0.00  0.0    0 10.6 28 150   M    M   2 18     39 120
17  85  67  76   1   0  11 0.03  0.0    0  7.0 20  10   M    M   5 3      25 350
18  84  69  77   2   0  12    T  0.0    0  7.8 15 110   M    M   9 3      18 110
19  87  71  79   4   0  14    T  0.0    0 11.4 22 140   M    M   2        27 140
20  92  74  83   8   0  18 0.00  0.0    0 15.6 25 190   M    M   0        34 200
21  93  76  85  10   0  20 0.01  0.0    0  9.6 21 190   M    M   0 13     26 180
22  92  74  83   8   0  18 0.00  0.0    0  5.7 13 130   M    M   1 12     17 120
23  92  73  83   8   0  18 0.01  0.0    0  8.0 21 260   M    M   0 13     26 260
24  86  62  74  -1   0   9 0.00  0.0    0  7.8 18 340   M    M   1        24 340
25  86  57  72  -3   0   7 0.00  0.0    0  5.8 15 180   M    M   1        19 170
26  86  59  73  -2   0   8 0.00  0.0    0  7.3 16 130   M    M   0 1      22 120
27  86  67  77   2   0  12 0.06  0.0    0  7.3 28 300   M    M   3 3      37 300
28  82  61  72  -3   0   7    T  0.0    0  6.1 14 350   M    M   1        17  10
================================================================================
SM 2367 1795         7 274  2.75     0.0 242.6          M       73
================================================================================
AV 84.5 64.1                               8.7 FASTST   M    M   3    MAX(MPH)
                                 MISC ---->  # 35 310               # 45  300
================================================================================
NOTES:
# LAST OF SEVERAL OCCURRENCES

COLUMN 17 PEAK WIND IN M.P.H.

PRELIMINARY LOCAL CLIMATOLOGICAL DATA (WS FORM: F-6) , PAGE 2

                                          STATION:  NORFOLK, NEBRASKA
                                          MONTH:    JULY
                                          YEAR:     2016
                                          LATITUDE:   41 58 N
                                          LONGITUDE:  97 26 W

[TEMPERATURE DATA]      [PRECIPITATION DATA]       SYMBOLS USED IN COLUMN 16

AVERAGE MONTHLY: 74.3   TOTAL FOR MONTH:   2.75    1 = FOG OR MIST
DPTR FM NORMAL:  -0.6   DPTR FM NORMAL:   -0.26    2 = FOG REDUCING VISIBILITY
HIGHEST:    93 ON 21    GRTST 24HR  1.10 ON  2- 2      TO 1/4 MILE OR LESS
LOWEST:     50 ON  1                               3 = THUNDER
                        SNOW, ICE PELLETS, HAIL    4 = ICE PELLETS
                        TOTAL MONTH:   0.0 INCH    5 = HAIL
                        GRTST 24HR     0.0         6 = FREEZING RAIN OR DRIZZLE
                        GRTST DEPTH:   0           7 = DUSTSTORM OR SANDSTORM:
                                                       VSBY 1/2 MILE OR LESS
                                                   8 = SMOKE OR HAZE
[NO. OF DAYS WITH]      [WEATHER - DAYS WITH]      9 = BLOWING SNOW
                                                   X = TORNADO
MAX 32 OR BELOW:   0    0.01 INCH OR MORE:   9
MAX 90 OR ABOVE:   7    0.10 INCH OR MORE:   3
MIN 32 OR BELOW:   0    0.50 INCH OR MORE:   3
MIN  0 OR BELOW:   0    1.00 INCH OR MORE:   1

[HDD (BASE 65) ]
TOTAL THIS MO.     7    CLEAR  (SCALE 0-3)  21
DPTR FM NORMAL     7    PTCLDY (SCALE 4-7)   3
TOTAL FM JUL 1     7    CLOUDY (SCALE 8-10)  4
DPTR FM NORMAL     7

[CDD (BASE 65) ]
TOTAL THIS MO.   274
DPTR FM NORMAL    -4    [PRESSURE DATA]
TOTAL FM JAN 1   588    HIGHEST SLP M ON M
DPTR FM NORMAL    63    LOWEST  SLP 29.56 ON 11

[REMARKS]
