000
CXUS55 KCAE 201400
CF6OGB
PRELIMINARY LOCAL CLIMATOLOGICAL DATA (WS FORM: F-6)

                                          STATION:   ORANGEBURG AIRPORT SC
                                          MONTH:     OCTOBER
                                          YEAR:      2014
                                          LATITUDE:   33 27 N
                                          LONGITUDE:  80 51 W

  TEMPERATURE IN F:       :PCPN:    SNOW:  WIND      :SUNSHINE: SKY     :PK WND
================================================================================
1   2   3   4   5  6A  6B    7    8   9   10  11  12  13   14  15   16   17  18
                                     12Z  AVG MX 2MIN
DY MAX MIN AVG DEP HDD CDD  WTR  SNW DPTH SPD SPD DIR MIN PSBL S-S WX    SPD DR
================================================================================

 1  85  60  73   3   0   8 0.00    M    M  2.2  9 150   M    M   1 1      14  80
 2  85  62  74   4   0   9 0.00    M    M  1.9  8 170   M    M   1 12     10 170
 3  84  61  73   3   0   8 0.30    M    M  7.0 20 210   M    M   6 123    25 200
 4  75  51  63  -6   2   0    T    M    M 10.5 21 270   M    M   0        28 270
 5  69  43  56 -13   9   0 0.00    M    M  2.5 14 280   M    M   0        21 300
 6  77  46  62  -7   3   0 0.00    M    M  4.6 14 190   M    M   0        17 190
 7  82  55  69   1   0   4 0.00    M    M  4.3 16 220   M    M   0        21 220
 8  89  62  76   8   0  11 0.00    M    M  4.9 15 240   M    M   0 1      22 260
 9  83  59  71   3   0   6 0.00    M    M  2.8 10  80   M    M   0 12     16 100
10  86  60  73   6   0   8 0.00    M    M  4.4 10 190   M    M   1        14 210
11  90  66  78  11   0  13 0.00    M    M  5.8 17 270   M    M   3 12     24 280
12  79  66  73   7   0   8    T    M    M  6.5 13  50   M    M   7 1      18  50
13  85  67  76  10   0  11 0.00    M    M  5.5 14 150   M    M   6 128    17 140
14  84  69  77  11   0  12 0.46    M    M  9.7 25 200   M    M   5 13     35 200
15  75  58  67   2   0   2 0.51    M    M  6.7 18 240   M    M   5 1      29 250
16  73  54  64  -1   1   0 0.00    M    M  7.3 20 290   M    M   4        27 290
17  77  49  63  -2   2   0 0.00    M    M  4.1 14 260   M    M   0 1      18 270
18  83  56  70   6   0   5 0.00    M    M  8.3 18 260   M    M   0        24 250
19  72  50  61  -3   4   0 0.00  0.0    0  4.2 16  40   M    M   0        21  50
================================================================================
SM 1533 1094        21 105  1.27     0.0 103.2          M       39
================================================================================
AV 80.7 57.6                               5.4 FASTST   M    M   2    MAX(MPH)
                                 MISC ---->  # 25 200               # 35  200
================================================================================
NOTES:
# LAST OF SEVERAL OCCURRENCES

COLUMN 17 PEAK WIND IN M.P.H.

PRELIMINARY LOCAL CLIMATOLOGICAL DATA (WS FORM: F-6) , PAGE 2

                                          STATION:  ORANGEBURG AIRPORT SC
                                          MONTH:    OCTOBER
                                          YEAR:     2014
                                          LATITUDE:   33 27 N
                                          LONGITUDE:  80 51 W

[TEMPERATURE DATA]      [PRECIPITATION DATA]       SYMBOLS USED IN COLUMN 16

AVERAGE MONTHLY: 69.1   TOTAL FOR MONTH:   1.27    1 = FOG OR MIST
DPTR FM NORMAL:   2.0   DPTR FM NORMAL:   -1.17    2 = FOG REDUCING VISIBILITY
HIGHEST:    90 ON 11    GRTST 24HR  0.97 ON 14-15      TO 1/4 MILE OR LESS
LOWEST:     43 ON  5                               3 = THUNDER
                        SNOW, ICE PELLETS, HAIL    4 = ICE PELLETS
                        TOTAL MONTH:   0.0 INCH    5 = HAIL
                        GRTST 24HR     0.0         6 = FREEZING RAIN OR DRIZZLE
                        GRTST DEPTH:   0           7 = DUSTSTORM OR SANDSTORM:
                                                       VSBY 1/2 MILE OR LESS
                                                   8 = SMOKE OR HAZE
[NO. OF DAYS WITH]      [WEATHER - DAYS WITH]      9 = BLOWING SNOW
                                                   X = TORNADO
MAX 32 OR BELOW:   0    0.01 INCH OR MORE:   3
MAX 90 OR ABOVE:   1    0.10 INCH OR MORE:   3
MIN 32 OR BELOW:   0    0.50 INCH OR MORE:   1
MIN  0 OR BELOW:   0    1.00 INCH OR MORE:   0

[HDD (BASE 65) ]
TOTAL THIS MO.    21    CLEAR  (SCALE 0-3)  13
DPTR FM NORMAL   -11    PTCLDY (SCALE 4-7)   6
TOTAL FM JUL 1    25    CLOUDY (SCALE 8-10)  0
DPTR FM NORMAL   -11

[CDD (BASE 65) ]
TOTAL THIS MO.   105
DPTR FM NORMAL    32    [PRESSURE DATA]
TOTAL FM JAN 1  2227    HIGHEST SLP M ON M
DPTR FM NORMAL   160    LOWEST  SLP 29.76 ON  4

[REMARKS]
