000
CXHW52 PHFO 251250
CF6OGG
PRELIMINARY LOCAL CLIMATOLOGICAL DATA (WS FORM: F-6)

                                          STATION:   KAHULUI HI
                                          MONTH:     MARCH
                                          YEAR:      2017
                                          LATITUDE:   20 53 N
                                          LONGITUDE: 156 26 W

  TEMPERATURE IN F:       :PCPN:    SNOW:  WIND      :SUNSHINE: SKY     :PK WND
================================================================================
1   2   3   4   5  6A  6B    7    8   9   10  11  12  13   14  15   16   17  18
                                     12Z  AVG MX 2MIN
DY MAX MIN AVG DEP HDD CDD  WTR  SNW DPTH SPD SPD DIR MIN PSBL S-S WX    SPD DR
================================================================================

 1  79  67  73   1   0   8 1.04  0.0    0 13.5 33 210   M    M   7 1      43 200
 2  82  70  76   4   0  11 0.09  0.0    0 13.4 25 210   M    M   3 3      32 220
 3  86  68  77   5   0  12    T  0.0    0  4.1 12  10   M    M   4        15 360
 4  84  67  76   4   0  11 0.00  0.0    0 11.5 26 210   M    M   3        32 210
 5  83  69  76   4   0  11 0.17  0.0    0  7.7 18 200   M    M   5 1      23 190
 6  83  69  76   4   0  11 0.50  0.0    0  5.6 13 120   M    M   6 1      17 360
 7  81  64  73   1   0   8 1.51  0.0    0  7.2 15  10   M    M   6 13     21  20
 8  77  66  72  -1   0   7 0.47  0.0    0  8.6 18  30   M    M   7 18     20  20
 9  81  64  73   0   0   8 0.04  0.0    0  5.6 16  30   M    M   5 18     19  30
10  85  64  75   2   0  10 0.00  0.0    0  7.8 22  40   M    M   4 1      25  40
11  84  65  75   2   0  10 0.00  0.0    0  5.5 12  30   M    M   3        17  10
12  85  64  75   2   0  10 0.00  0.0    0  5.1 13  10   M    M   2        16  10
13  84  65  75   2   0  10 0.00  0.0    0  6.6 14  10   M    M   2 1      18 360
14  88  64  76   3   0  11 0.00  0.0    0  6.4 18  30   M    M   3        22  30
15  86  63  75   2   0  10 0.00  0.0    0  6.8 20  20   M    M   3        23  20
16  84  62  73   0   0   8 0.00  0.0    0  6.2 15  10   M    M   2        21  10
17  79  64  72  -1   0   7 0.32  0.0    0  8.5 15  10   M    M   7 1      18  20
18  81  69  75   2   0  10 0.00  0.0    0  9.1 16  30   M    M   5        21  40
19  82  70  76   3   0  11 0.00  0.0    0 14.7 24  30   M    M   4        29  30
20  84  73  79   6   0  14 0.00  0.0    0 13.8 28  30   M    M   5        32  30
21  86  72  79   6   0  14 0.00  0.0    0 14.5 24  70   M    M   2        33  80
22  86  63  75   2   0  10 0.00  0.0    0  8.8 21  30   M    M   3        28  50
23  85  67  76   3   0  11 0.00  0.0    0 10.1 21  40   M    M   4        28  60
24  86  67  77   4   0  12 0.00  0.0    0 10.4 23  60   M    M   3 1      29  80
================================================================================
SM 2001 1596         0 245  4.14     0.0 211.5          M       98
================================================================================
AV 83.4 66.5                               8.8 FASTST   M    M   4    MAX(MPH)
                                 MISC ---->  # 33 210               # 43  200
================================================================================
NOTES:
# LAST OF SEVERAL OCCURRENCES

COLUMN 17 PEAK WIND IN M.P.H.

PRELIMINARY LOCAL CLIMATOLOGICAL DATA (WS FORM: F-6) , PAGE 2

                                          STATION:  KAHULUI HI
                                          MONTH:    MARCH
                                          YEAR:     2017
                                          LATITUDE:   20 53 N
                                          LONGITUDE: 156 26 W

[TEMPERATURE DATA]      [PRECIPITATION DATA]       SYMBOLS USED IN COLUMN 16

AVERAGE MONTHLY: 74.9   TOTAL FOR MONTH:   4.14    1 = FOG OR MIST
DPTR FM NORMAL:   2.2   DPTR FM NORMAL:    2.28    2 = FOG REDUCING VISIBILITY
HIGHEST:    88 ON 14    GRTST 24HR  1.51 ON  7- 7      TO 1/4 MILE OR LESS
LOWEST:     62 ON 16                               3 = THUNDER
                        SNOW, ICE PELLETS, HAIL    4 = ICE PELLETS
                        TOTAL MONTH:   0.0 INCH    5 = HAIL
                        GRTST 24HR     0.0         6 = FREEZING RAIN OR DRIZZLE
                        GRTST DEPTH:   0           7 = DUSTSTORM OR SANDSTORM:
                                                       VSBY 1/2 MILE OR LESS
                                                   8 = SMOKE OR HAZE
[NO. OF DAYS WITH]      [WEATHER - DAYS WITH]      9 = BLOWING SNOW
                                                   X = TORNADO
MAX 32 OR BELOW:   0    0.01 INCH OR MORE:   8
MAX 90 OR ABOVE:   0    0.10 INCH OR MORE:   6
MIN 32 OR BELOW:   0    0.50 INCH OR MORE:   3
MIN  0 OR BELOW:   0    1.00 INCH OR MORE:   2

[HDD (BASE 65) ]
TOTAL THIS MO.     0    CLEAR  (SCALE 0-3)  10
DPTR FM NORMAL     0    PTCLDY (SCALE 4-7)  14
TOTAL FM JUL 1     0    CLOUDY (SCALE 8-10)  0
DPTR FM NORMAL     0

[CDD (BASE 65) ]
TOTAL THIS MO.   245
DPTR FM NORMAL    61    [PRESSURE DATA]
TOTAL FM JAN 1   716    HIGHEST SLP M ON M
DPTR FM NORMAL   123    LOWEST  SLP 29.82 ON  1

[REMARKS]
