000
CXHW52 PHFO 261250
CF6OGG
PRELIMINARY LOCAL CLIMATOLOGICAL DATA (WS FORM: F-6)

                                          STATION:   KAHULUI HI
                                          MONTH:     MAY
                                          YEAR:      2015
                                          LATITUDE:   20 53 N
                                          LONGITUDE: 156 26 W

  TEMPERATURE IN F:       :PCPN:    SNOW:  WIND      :SUNSHINE: SKY     :PK WND
================================================================================
1   2   3   4   5  6A  6B    7    8   9   10  11  12  13   14  15   16   17  18
                                     12Z  AVG MX 2MIN
DY MAX MIN AVG DEP HDD CDD  WTR  SNW DPTH SPD SPD DIR MIN PSBL S-S WX    SPD DR
================================================================================

 1  80  70  75   0   0  10 0.05  0.0    0 14.9 26  40   M    M   5 18     31  40
 2  84  69  77   2   0  12 0.00  0.0    0 15.4 26  50   M    M   3        35  70
 3  84  70  77   2   0  12 0.00  0.0    0 15.2 26  40   M    M   5        33  80
 4  84  66  75   0   0  10 0.00  0.0    0 14.4 26  70   M    M   5        35  70
 5  83  66  75   0   0  10    T  0.0    0 14.0 25  70   M    M   4        33  70
 6  84  68  76   1   0  11    T  0.0    0 16.1 25  70   M    M   4        37  70
 7  83  70  77   2   0  12 0.01  0.0    0 15.4 31  40   M    M   6 1      36  50
 8  84  70  77   2   0  12 0.01  0.0    0 16.2 26  50   M    M   6        33  50
 9  83  71  77   2   0  12    T  0.0    0 16.4 30  50   M    M   5        39  50
10  84  69  77   2   0  12 0.01  0.0    M 16.2 28  40   M    M   5 1      39  70
11  82  70  76   1   0  11 0.03  0.0    0 15.4 29  40   M    M   4        36  80
12  83  69  76   1   0  11 0.06  0.0    0 14.4 30  40   M    M   5 1      33  40
13  84  70  77   1   0  12 0.00  0.0    0 15.5 29  40   M    M   4 8      33  40
14  84  70  77   1   0  12 0.06  0.0    0 14.8 25  60   M    M   4        33  50
15  83  68  76   0   0  11    T  0.0    0 14.1 26  30   M    M   3        32  40
16  84  72  78   2   0  13    T  0.0    0 17.0 30  50   M    M   5        38  60
17  84  70  77   1   0  12 0.00  0.0    0 14.9 28  50   M    M   5        37  40
18  84  71  78   2   0  13 0.24  0.0    0 14.9 24  50   M    M   4 8      35  50
19  83  71  77   1   0  12 0.00  0.0    0 12.4 25  50   M    M   4        33  50
20  85  66  76   0   0  11 0.00  0.0    0 12.2 26  50   M    M   5 18     31  50
21  84  62  73  -3   0   8 0.00  0.0    0  5.5 17  40   M    M   3        20  40
22  85  63  74  -2   0   9 0.08  0.0    0  7.4 15  40   M    M   4 1      18  40
23  82  69  76   0   0  11 0.51  0.0    0  9.0 18  20   M    M   9 1      24  20
24  81  66  74  -2   0   9 0.00  0.0    0 10.6 18  40   M    M   5        23  20
25  81  65  73  -4   0   8 0.00  0.0    0  6.3 13  10   M    M   6        17  10
================================================================================
SM 2082 1711         0 276  1.06     0.0 338.6          M      118
================================================================================
AV 83.3 68.4                              13.5 FASTST   M    M   5    MAX(MPH)
                                 MISC ---->  # 31  40               # 39   50
================================================================================
NOTES:
# LAST OF SEVERAL OCCURRENCES

COLUMN 17 PEAK WIND IN M.P.H.

PRELIMINARY LOCAL CLIMATOLOGICAL DATA (WS FORM: F-6) , PAGE 2

                                          STATION:  KAHULUI HI
                                          MONTH:    MAY
                                          YEAR:     2015
                                          LATITUDE:   20 53 N
                                          LONGITUDE: 156 26 W

[TEMPERATURE DATA]      [PRECIPITATION DATA]       SYMBOLS USED IN COLUMN 16

AVERAGE MONTHLY: 75.9   TOTAL FOR MONTH:   1.06    1 = FOG OR MIST
DPTR FM NORMAL:   0.3   DPTR FM NORMAL:    0.40    2 = FOG REDUCING VISIBILITY
HIGHEST:    85 ON 22,20 GRTST 24HR  0.59 ON 22-23      TO 1/4 MILE OR LESS
LOWEST:     62 ON 21                               3 = THUNDER
                        SNOW, ICE PELLETS, HAIL    4 = ICE PELLETS
                        TOTAL MONTH:   0.0 INCH    5 = HAIL
                        GRTST 24HR     0.0         6 = FREEZING RAIN OR DRIZZLE
                        GRTST DEPTH:   0           7 = DUSTSTORM OR SANDSTORM:
                                                       VSBY 1/2 MILE OR LESS
                                                   8 = SMOKE OR HAZE
[NO. OF DAYS WITH]      [WEATHER - DAYS WITH]      9 = BLOWING SNOW
                                                   X = TORNADO
MAX 32 OR BELOW:   0    0.01 INCH OR MORE:  10
MAX 90 OR ABOVE:   0    0.10 INCH OR MORE:   2
MIN 32 OR BELOW:   0    0.50 INCH OR MORE:   1
MIN  0 OR BELOW:   0    1.00 INCH OR MORE:   0

[HDD (BASE 65) ]
TOTAL THIS MO.     0    CLEAR  (SCALE 0-3)   3
DPTR FM NORMAL     0    PTCLDY (SCALE 4-7)  21
TOTAL FM JUL 1     0    CLOUDY (SCALE 8-10)  1
DPTR FM NORMAL     0

[CDD (BASE 65) ]
TOTAL THIS MO.   276
DPTR FM NORMAL    13    [PRESSURE DATA]
TOTAL FM JAN 1  1257    HIGHEST SLP M ON M
DPTR FM NORMAL    68    LOWEST  SLP 29.95 ON M

[REMARKS]
