000
CXUS55 KEAX 300736
CF6OJC
PRELIMINARY LOCAL CLIMATOLOGICAL DATA (WS FORM: F-6)

                                          STATION:   Johnson County Executive KS
                                          MONTH:     SEPTEMBER
                                          YEAR:      2016
                                          LATITUDE:   38 50 N
                                          LONGITUDE:  94 44 W

  TEMPERATURE IN F:       :PCPN:    SNOW:  WIND      :SUNSHINE: SKY     :PK WND
================================================================================
1   2   3   4   5  6A  6B    7    8   9   10  11  12  13   14  15   16   17  18
                                     12Z  AVG MX 2MIN
DY MAX MIN AVG DEP HDD CDD  WTR  SNW DPTH SPD SPD DIR MIN PSBL S-S WX    SPD DR
================================================================================

 1  78  60  69  -5   0   4 0.00    M    M  7.3 16  50   M    M   0        21  50
 2  76  58  67  -7   0   2 0.00    M    M  6.0 13  90   M    M   2        16 150
 3  77  58  68  -6   0   3 0.00    M    M  6.9 14 120   M    M   1        20 130
 4  81  60  71  -2   0   6 0.00    M    M 10.2 20 160   M    M   0        24 140
 5  87  64  76   3   0  11 0.00    M    M 10.7 23 170   M    M   1        29 200
 6  89  71  80   8   0  15 0.00    M    M 10.6 22 200   M    M   1        30 210
 7  87  74  81   9   0  16    T    M    M 11.0 21 190   M    M   1        28 190
 8  80  71  76   4   0  11 0.29    M    M  6.9 15 250   M    M   6 13     21 260
 9  82  64  73   2   0   8 1.77    M    M  7.0 39 320   M    M   7 13     53 320
10  74  56  65  -6   0   0    T    M    M  9.0 18  10   M    M   2 1      28 340
11  74  52  63  -7   2   0 0.00    M    M  6.8 16 170   M    M   0        21 170
12  82  60  71   1   0   6 0.00    M    M 11.0 22 170   M    M   0        26 160
13  82  65  74   4   0   9 0.31    M    M  7.0 21 360   M    M   5 13     25  60
14  76  64  70   1   0   5 0.19    M    M  8.1 25  50   M    M   4 13     32  50
15  84  65  75   6   0  10 0.00    M    M  7.1 23 180   M    M   1 12     29 160
16  70  63  67  -1   0   2 0.27    M    M  6.2 23 330   M    M   3 13     33 330
17  80  61  71   3   0   6 0.00    M    M  3.7 10 260   M    M   3 18     14 280
18  82  59  71   3   0   6 0.00    M    M  4.9 15 160   M    M   0        17 160
19  88  63  76   9   0  11 0.00    M    M  7.2 16 200   M    M   0        21 170
20  89  70  80  13   0  15 0.00    M    M  6.5 13 170   M    M   0        16 170
21  88  70  79  13   0  14 0.00    M    M  8.7 16 170   M    M   1        22 210
22  86  67  77  11   0  12 0.00    M    M  8.1 15 170   M    M   0        21 230
23  85  65  75   9   0  10 0.00    M    M  6.9 15 170   M    M   0        19 160
24  87  67  77  12   0  12 0.05    M    M  8.5 22 160   M    M   3 1      28 140
25  69  59  64  -1   1   0 0.49    M    M  5.5 16 360   M    M   5 18     22 350
26  72  50  61  -3   4   0 0.00    M    M  5.6 15 350   M    M   0        19 350
27  78  51  65   1   0   0 0.00    M    M  5.4 14 260   M    M   0        18 210
28  67  53  60  -4   5   0 0.00    M    M 10.2 22  30   M    M   1        26  20
29  71  48  60  -3   5   0 0.00    M    M  7.2 14 350   M    M   0        19 350
================================================================================
SM 2321 1788        17 194  3.37    M    220.2          M       47
================================================================================
AV 80.0 61.7                               7.6 FASTST   M    M   2    MAX(MPH)
                                 MISC ---->  # 39 320               # 53  320
================================================================================
NOTES:
# LAST OF SEVERAL OCCURRENCES

COLUMN 17 PEAK WIND IN M.P.H.

PRELIMINARY LOCAL CLIMATOLOGICAL DATA (WS FORM: F-6) , PAGE 2

                                          STATION:  Johnson County Executive KS
                                          MONTH:    SEPTEMBER
                                          YEAR:     2016
                                          LATITUDE:   38 50 N
                                          LONGITUDE:  94 44 W

[TEMPERATURE DATA]      [PRECIPITATION DATA]       SYMBOLS USED IN COLUMN 16

AVERAGE MONTHLY: 70.8   TOTAL FOR MONTH:   3.37    1 = FOG OR MIST
DPTR FM NORMAL:   2.1   DPTR FM NORMAL:   -1.03    2 = FOG REDUCING VISIBILITY
HIGHEST:    89 ON 20, 6 GRTST 24HR  1.77 ON  9-10      TO 1/4 MILE OR LESS
LOWEST:     48 ON 29                               3 = THUNDER
                        SNOW, ICE PELLETS, HAIL    4 = ICE PELLETS
                        TOTAL MONTH:    M          5 = HAIL
                        GRTST 24HR    M  ON   M    6 = FREEZING RAIN OR DRIZZLE
                        GRTST DEPTH:  M  ON   M    7 = DUSTSTORM OR SANDSTORM:
                                                       VSBY 1/2 MILE OR LESS
                                                   8 = SMOKE OR HAZE
[NO. OF DAYS WITH]      [WEATHER - DAYS WITH]      9 = BLOWING SNOW
                                                   X = TORNADO
MAX 32 OR BELOW:   0    0.01 INCH OR MORE:   7
MAX 90 OR ABOVE:   0    0.10 INCH OR MORE:   6
MIN 32 OR BELOW:   0    0.50 INCH OR MORE:   1
MIN  0 OR BELOW:   0    1.00 INCH OR MORE:   1

[HDD (BASE 65) ]
TOTAL THIS MO.    17    CLEAR  (SCALE 0-3)  22
DPTR FM NORMAL   -25    PTCLDY (SCALE 4-7)   7
TOTAL FM JUL 1    17    CLOUDY (SCALE 8-10)  0
DPTR FM NORMAL   -26

[CDD (BASE 65) ]
TOTAL THIS MO.   194
DPTR FM NORMAL    40    [PRESSURE DATA]
TOTAL FM JAN 1  1413    HIGHEST SLP  0.00 ON M
DPTR FM NORMAL    94    LOWEST  SLP  0.00 ON M

[REMARKS]
