000
CXUS54 KOUN 300800
CF6OKC
PRELIMINARY LOCAL CLIMATOLOGICAL DATA (WS FORM: F-6)

                                          STATION:   OKLAHOMA CITY
                                          MONTH:     JUNE
                                          YEAR:      2015
                                          LATITUDE:   35 24 N
                                          LONGITUDE:  97 36 W

  TEMPERATURE IN F:       :PCPN:    SNOW:  WIND      :SUNSHINE: SKY     :PK WND
================================================================================
1   2   3   4   5  6A  6B    7    8   9   10  11  12  13   14  15   16   17  18
                                     12Z  AVG MX 2MIN
DY MAX MIN AVG DEP HDD CDD  WTR  SNW DPTH SPD SPD DIR MIN PSBL S-S WX    SPD DR
================================================================================

 1  82  55  69  -5   0   4 0.00  0.0    0  6.5 14 150   M    M   5 1      17 180
 2  88  64  76   2   0  11 0.00  0.0    0 12.4 21 180   M    M   6        26 180
 3  89  67  78   3   0  13 0.00  0.0    0 15.0 23 180   M    M   2        29 190
 4  90  68  79   4   0  14 0.00  0.0    0 11.9 21 190   M    M   4 8      25 150
 5  89  67  78   3   0  13 0.00  0.0    0  8.7 17 200   M    M   6 1      20 200
 6  90  67  79   3   0  14 0.00  0.0    0  7.3 16 180   M    M   4 1      21 200
 7  92  69  81   5   0  16 0.00  0.0    0 11.7 28 230   M    M   5        35 320
 8  92  69  81   5   0  16 0.00  0.0    0  4.8 12  50   M    M   6        18  40
 9  94  67  81   5   0  16 0.00  0.0    0  6.4 15 200   M    M   3        19 200
10  96  68  82   5   0  17 0.00  0.0    0 10.3 17 180   M    M   5        25 140
11  92  73  83   6   0  18 0.00  0.0    0 14.1 24 180   M    M   5        32 180
12  90  67  79   2   0  14 2.62  0.0    0 10.4 26 340   M    M   7 13     32 360
13  83  66  75  -2   0  10 0.91  0.0    0 10.1 17 160   M    M   8 13     22 120
14  86  70  78   0   0  13 0.00  0.0    0 12.3 21 140   M    M   7        27 140
15  82  67  75  -3   0  10 0.83  0.0    0  7.1 16 180   M    M   8 138    20 190
16  86  70  78   0   0  13 0.02  0.0    0  5.8 16 140   M    M   9 1       5 140
17  76  70  73  -5   0   8 0.72  0.0    0  9.9 21  30   M    M  10 1      29  70
18  87  68  78  -1   0  13 0.60  0.0    0 12.8 25 340   M    M   8 1      31 340
19  90  68  79   0   0  14 0.00  0.0    0  5.0 13 190   M    M   6        18 210
20  91  74  83   4   0  18 0.00  0.0    0 15.6 26 210   M    M   4        35 200
21  88  71  80   1   0  15 0.00  0.0    0 13.5 22 150   M    M   3        28 160
22  91  73  82   2   0  17 0.00  0.0    0 16.9 30 210   M    M   2        38 220
23  93  70  82   2   0  17 0.00  0.0    0 10.7 20 220   M    M   3        24 210
24  94  72  83   3   0  18 0.00  0.0    0 12.7 22 220   M    M   2        30 240
25  95  75  85   5   0  20 0.00  0.0    0 12.8 22 200   M    M   3        29 230
26  93  73  83   3   0  18 0.00  0.0    0 10.8 22 360   M    M   6        27  20
27  87  67  77  -4   0  12 0.00  0.0    0  8.3 16  30   M    M   3        28 350
28  92  62  77  -4   0  12 0.00  0.0    0  9.2 17 200   M    M   3        21 210
29  96  69  83   2   0  18 0.07  0.0    0  9.7 32 290   M    M   6 3      40 270
================================================================================
SM 2594 1986         0 412  5.77     0.0 302.7          M      149
================================================================================
AV 89.4 68.5                              10.4 FASTST   M    M   5    MAX(MPH)
                                 MISC ---->  # 32 290               # 40  270
================================================================================
NOTES:
# LAST OF SEVERAL OCCURRENCES

COLUMN 17 PEAK WIND IN M.P.H.

PRELIMINARY LOCAL CLIMATOLOGICAL DATA (WS FORM: F-6) , PAGE 2

                                          STATION:  OKLAHOMA CITY
                                          MONTH:    JUNE
                                          YEAR:     2015
                                          LATITUDE:   35 24 N
                                          LONGITUDE:  97 36 W

[TEMPERATURE DATA]      [PRECIPITATION DATA]       SYMBOLS USED IN COLUMN 16

AVERAGE MONTHLY: 79.0   TOTAL FOR MONTH:   5.77    1 = FOG OR MIST
DPTR FM NORMAL:   1.2   DPTR FM NORMAL:    0.96    2 = FOG REDUCING VISIBILITY
HIGHEST:    96 ON 29,10 GRTST 24HR  3.52 ON 12-13      TO 1/4 MILE OR LESS
LOWEST:     55 ON  1                               3 = THUNDER
                        SNOW, ICE PELLETS, HAIL    4 = ICE PELLETS
                        TOTAL MONTH:   0.0 INCH    5 = HAIL
                        GRTST 24HR     0.0         6 = FREEZING RAIN OR DRIZZLE
                        GRTST DEPTH:   0           7 = DUSTSTORM OR SANDSTORM:
                                                       VSBY 1/2 MILE OR LESS
                                                   8 = SMOKE OR HAZE
[NO. OF DAYS WITH]      [WEATHER - DAYS WITH]      9 = BLOWING SNOW
                                                   X = TORNADO
MAX 32 OR BELOW:   0    0.01 INCH OR MORE:   7
MAX 90 OR ABOVE:  17    0.10 INCH OR MORE:   5
MIN 32 OR BELOW:   0    0.50 INCH OR MORE:   5
MIN  0 OR BELOW:   0    1.00 INCH OR MORE:   1

[HDD (BASE 65) ]
TOTAL THIS MO.     0    CLEAR  (SCALE 0-3)   9
DPTR FM NORMAL     0    PTCLDY (SCALE 4-7)  16
TOTAL FM JUL 1  3280    CLOUDY (SCALE 8-10)  4
DPTR FM NORMAL   -84

[CDD (BASE 65) ]
TOTAL THIS MO.   412
DPTR FM NORMAL    39    [PRESSURE DATA]
TOTAL FM JAN 1   589    HIGHEST SLP M ON M
DPTR FM NORMAL   -34    LOWEST  SLP 29.65 ON 11

[REMARKS]
