000
CXUS55 KGGW 290800
CF6OLF
PRELIMINARY LOCAL CLIMATOLOGICAL DATA (WS FORM: F-6)

                                          STATION:   WOLF POINT MT
                                          MONTH:     JUNE
                                          YEAR:      2017
                                          LATITUDE:   48  5 N
                                          LONGITUDE: 105 35 W

  TEMPERATURE IN F:       :PCPN:    SNOW:  WIND      :SUNSHINE: SKY     :PK WND
================================================================================
1   2   3   4   5  6A  6B    7    8   9   10  11  12  13   14  15   16   17  18
                                     12Z  AVG MX 2MIN
DY MAX MIN AVG DEP HDD CDD  WTR  SNW DPTH SPD SPD DIR MIN PSBL S-S WX    SPD DR
================================================================================

 1  97  55  76  17   0  11 0.00  0.0    0  7.9 26 270   M    M   0        34 270
 2  85  54  70  10   0   5    T  0.0    0 12.0 24 290   M    M   1        31 270
 3  86  48  67   7   0   2    T    M    0  5.8 17 270   M    M   0        21 280
 4  97  51  74  14   0   9 0.00  0.0    0 11.1 20  90   M    M   0        24  90
 5  88  53  71  11   0   6    T  0.0    0 16.0 30 280   M    M   0 3      37 270
 6  81  48  65   4   0   0 0.00  0.0    0 10.1 26 330   M    M   0        35  20
 7  84  39  62   1   3   0    T    M    0  6.0 15  90   M    M   0        19  70
 8  91  53  72  11   0   7 0.00  0.0    0 12.7 23 100   M    M   0        31 100
 9  90  64  77  15   0  12    T  0.0    0 14.1 28 290   M    M   2        37 290
10  80  50  65   3   0   0    T  0.0    0 11.2 23 210   M    M   2        32 220
11  78  46  62   0   3   0 0.00  0.0    0 11.2 28 280   M    M   0        33 250
12  86  46  66   4   0   1 0.09    M    0 10.4 22  90   M    M   2 3      36 100
13  74  57  66   3   0   1 0.01  0.0    0 14.1 24  70   M    M   7        31  80
14  70  50  60  -3   5   0 0.01  0.0    0 14.4 30 260   M    M   8 1      38 270
15  81  48  65   2   0   0 0.00  0.0    0 12.9 26 260   M    M   2        39 280
16  81  49  65   2   0   0    T    M    0 10.3 31 300   M    M   5        38 260
17  78  45  62  -2   3   0    T    M    0 15.6 36 320   M    M   4        46 330
18  79  42  61  -3   4   0 0.01    M    0  6.4 36 340   M    M   5        47 340
19  85  42  64   0   1   0 0.00  0.0    0  9.7 22 350   M    M   2        32 280
20  86  50  68   4   0   3 0.00  0.0    0  5.6 13 110   M    M   2        18 190
21  83  55  69   4   0   4 0.10  0.0    0 12.4 32  10   M    M   2 38     39  30
22  74  50  62  -3   3   0 0.00  0.0    0 18.5 47 300   M    M   6        57 300
23  73  44  59  -6   6   0 0.00  0.0    0 14.1 26 320   M    M   7 8      35 300
24  77  37  57  -9   8   0 0.00  0.0    0  4.9 18 350   M    M   3 8      24 350
25  82  40  61  -5   4   0 0.00  0.0    0  6.2 16  20   M    M   2        20  10
26  90  46  68   2   0   3    T    M    0  7.6 17 200   M    M   0        26 250
27  89  55  72   6   0   7 0.00  0.0    0 10.2 23 310   M    M   0        31 290
28  79  44  62  -5   3   0 0.01    M    0  7.8 30  10   M    M   1 3      36  10
================================================================================
SM 2324 1361        43  71  0.23     0.0 299.2          M       63
================================================================================
AV 83.0 48.6                              10.7 FASTST   M    M   2    MAX(MPH)
                                 MISC ---->  # 47 300               # 57  300
================================================================================
NOTES:
# LAST OF SEVERAL OCCURRENCES

COLUMN 17 PEAK WIND IN M.P.H.

PRELIMINARY LOCAL CLIMATOLOGICAL DATA (WS FORM: F-6) , PAGE 2

                                          STATION:  WOLF POINT MT
                                          MONTH:    JUNE
                                          YEAR:     2017
                                          LATITUDE:   48  5 N
                                          LONGITUDE: 105 35 W

[TEMPERATURE DATA]      [PRECIPITATION DATA]       SYMBOLS USED IN COLUMN 16

AVERAGE MONTHLY: 65.8   TOTAL FOR MONTH:   0.23    1 = FOG OR MIST
DPTR FM NORMAL:   2.8   DPTR FM NORMAL:   -2.37    2 = FOG REDUCING VISIBILITY
HIGHEST:    97 ON  4, 1 GRTST 24HR  0.10 ON 21-21      TO 1/4 MILE OR LESS
LOWEST:     37 ON 24                               3 = THUNDER
                        SNOW, ICE PELLETS, HAIL    4 = ICE PELLETS
                        TOTAL MONTH:   0.0 INCH    5 = HAIL
                        GRTST 24HR     0.0         6 = FREEZING RAIN OR DRIZZLE
                        GRTST DEPTH:   0           7 = DUSTSTORM OR SANDSTORM:
                                                       VSBY 1/2 MILE OR LESS
                                                   8 = SMOKE OR HAZE
[NO. OF DAYS WITH]      [WEATHER - DAYS WITH]      9 = BLOWING SNOW
                                                   X = TORNADO
MAX 32 OR BELOW:   0    0.01 INCH OR MORE:   6
MAX 90 OR ABOVE:   5    0.10 INCH OR MORE:   1
MIN 32 OR BELOW:   0    0.50 INCH OR MORE:   0
MIN  0 OR BELOW:   0    1.00 INCH OR MORE:   0

[HDD (BASE 65) ]
TOTAL THIS MO.    43    CLEAR  (SCALE 0-3)  21
DPTR FM NORMAL   -61    PTCLDY (SCALE 4-7)   7
TOTAL FM JUL 1  7972    CLOUDY (SCALE 8-10)  0
DPTR FM NORMAL  -799

[CDD (BASE 65) ]
TOTAL THIS MO.    71
DPTR FM NORMAL    20    [PRESSURE DATA]
TOTAL FM JAN 1    81    HIGHEST SLP M ON M
DPTR FM NORMAL    21    LOWEST  SLP 29.42 ON  9

[REMARKS]
