000
CXUS55 KSEW 300945
CF6OLM

PRELIMINARY LOCAL CLIMATOLOGICAL DATA (WS FORM: F-6)

                                          STATION:   OLYMPIA WA AIRPORT
                                          MONTH:     SEPTEMBER
                                          YEAR:      2014
                                          LATITUDE:   46 58 N
                                          LONGITUDE: 122 54 W

  TEMPERATURE IN F:       :PCPN:    SNOW:  WIND      :SUNSHINE: SKY     :PK WND
================================================================================
1   2   3   4   5  6A  6B    7    8   9   10  11  12  13   14  15   16   17  18
                                     12Z  AVG MX 2MIN
DY MAX MIN AVG DEP HDD CDD  WTR  SNW DPTH SPD SPD DIR MIN PSBL S-S WX    SPD DR
================================================================================

 1  75  51  63   1   2   0 0.00  0.0    M  3.1 12 240   M    M   4        16 230
 2  72  50  61  -1   4   0    T  0.0    0  7.4 20 240   M    M   7 1      29 240
 3  71  47  59  -3   6   0 0.00  0.0    0  5.3 12 250   M    M   5        15 260
 4  75  43  59  -3   6   0 0.00  0.0    0  6.3 17  40   M    M   2 12     23  40
 5  85  44  65   3   0   0 0.00  0.0    0  6.1 20  30   M    M   0 12     22  30
 6  89  44  67   6   0   2 0.00  0.0    0  3.5 12 350   M    M   0 12     17  30
 7  87  47  67   6   0   2 0.00  0.0    0  2.2 10 330   M    M   2 1      14 270
 8  73  50  62   1   3   0 0.00  0.0    0  9.4 18 210   M    M   6        24 240
 9  75  51  63   2   2   0    T  0.0    0  4.7 12 270   M    M   6        17 170
10  71  42  57  -3   8   0 0.00  0.0    0  3.8 16  30   M    M   5 1      19  30
11  75  37  56  -4   9   0 0.00  0.0    0  7.9 21  20   M    M   0        27 360
12  78  36  57  -3   8   0 0.00  0.0    0  5.8 18  30   M    M   0        22  30
13  83  37  60   0   5   0 0.00  0.0    0  3.4 14  10   M    M   0        17 360
14  85  40  63   3   2   0 0.00  0.0    0  2.5 10 360   M    M   0        13  10
15  88  41  65   6   0   0 0.00  0.0    0  2.1  8  20   M    M   0        12  20
16  73  50  62   3   3   0 0.01  0.0    0  4.4 14 200   M    M   1 12     19 220
17  71  49  60   1   5   0 0.12  0.0    0  3.8 13  30   M    M   5 1      15  20
18  68  59  64   6   1   0 0.00  0.0    0  5.6 15 240   M    M   9 1      19 240
19  81  53  67   9   0   2 0.00  0.0    0  5.0 13 350   M    M   7 1      15 350
20  76  46  61   3   4   0 0.00  0.0    0  6.2 17  30   M    M   3 12     23  30
21  80  48  64   6   1   0 0.00  0.0    0  3.3  9 180   M    M   0 1      12  10
22  72  54  63   6   2   0 0.04  0.0    0  4.6 12 180   M    M   8 1      16 170
23  65  57  61   4   4   0 0.97  0.0    0  2.2 12 200   M    M   9 12     15 220
24  68  57  63   6   2   0 0.59  0.0    0  4.6 13 190   M    M   9 1      16 160
25  72  54  63   7   2   0 0.20  0.0    0  3.7 16 230   M    M   8 1      23 240
26  65  52  59   3   6   0 1.06  0.0    0  8.2 20 190   M    M   9 12     25 210
27  70  50  60   4   5   0 0.00  0.0    0  5.0 12 360   M    M   5 12     15  20
28  67  43  55  -1  10   0 0.00  0.0    0  2.2  9 360   M    M   4 12     12 360
29  62  46  54  -1  11   0 0.08  0.0    0  9.3 17 230   M    M   7 12     23 230
================================================================================
SM 2172 1378       111   6  3.07     0.0 141.6          M      121
================================================================================
AV 74.9 47.5                               4.9 FASTST   M    M   4    MAX(MPH)
                                 MISC ---->  # 21  20               # 29  240
================================================================================
NOTES:
# LAST OF SEVERAL OCCURRENCES

COLUMN 17 PEAK WIND IN M.P.H.

PRELIMINARY LOCAL CLIMATOLOGICAL DATA (WS FORM: F-6) , PAGE 2

                                          STATION:  OLYMPIA WA AIRPORT
                                          MONTH:    SEPTEMBER
                                          YEAR:     2014
                                          LATITUDE:   46 58 N
                                          LONGITUDE: 122 54 W

[TEMPERATURE DATA]      [PRECIPITATION DATA]       SYMBOLS USED IN COLUMN 16

AVERAGE MONTHLY: 61.2   TOTAL FOR MONTH:   3.07    1 = FOG OR MIST
DPTR FM NORMAL:   2.1   DPTR FM NORMAL:    1.44    2 = FOG REDUCING VISIBILITY
HIGHEST:    89 ON  6    GRTST 24HR  1.51 ON 23-24      TO 1/4 MILE OR LESS
LOWEST:     36 ON 12                               3 = THUNDER
                        SNOW, ICE PELLETS, HAIL    4 = ICE PELLETS
                        TOTAL MONTH:   0.0 INCH    5 = HAIL
                        GRTST 24HR     0.0         6 = FREEZING RAIN OR DRIZZLE
                        GRTST DEPTH:   0           7 = DUSTSTORM OR SANDSTORM:
                                                       VSBY 1/2 MILE OR LESS
                                                   8 = SMOKE OR HAZE
[NO. OF DAYS WITH]      [WEATHER - DAYS WITH]      9 = BLOWING SNOW
                                                   X = TORNADO
MAX 32 OR BELOW:   0    0.01 INCH OR MORE:   8
MAX 90 OR ABOVE:   0    0.10 INCH OR MORE:   5
MIN 32 OR BELOW:   0    0.50 INCH OR MORE:   3
MIN  0 OR BELOW:   0    1.00 INCH OR MORE:   1

[HDD (BASE 65) ]
TOTAL THIS MO.   111    CLEAR  (SCALE 0-3)  12
DPTR FM NORMAL   -70    PTCLDY (SCALE 4-7)  11
TOTAL FM JUL 1   164    CLOUDY (SCALE 8-10)  6
DPTR FM NORMAL  -167

[CDD (BASE 65) ]
TOTAL THIS MO.     6
DPTR FM NORMAL     2    [PRESSURE DATA]
TOTAL FM JAN 1   187    HIGHEST SLP M ON M
DPTR FM NORMAL    84    LOWEST  SLP 29.68 ON 23

[REMARKS]
