000
CXUS53 KARX 280646
CF6OLZ
PRELIMINARY LOCAL CLIMATOLOGICAL DATA (WS FORM: F-6)

                                          STATION:   OELWEIN IA
                                          MONTH:     NOVEMBER
                                          YEAR:      2014
                                          LATITUDE:   42 40 N
                                          LONGITUDE:  91 58 W

  TEMPERATURE IN F:       :PCPN:    SNOW:  WIND      :SUNSHINE: SKY     :PK WND
================================================================================
1   2   3   4   5  6A  6B    7    8   9   10  11  12  13   14  15   16   17  18
                                     12Z  AVG MX 2MIN
DY MAX MIN AVG DEP HDD CDD  WTR  SNW DPTH SPD SPD DIR MIN PSBL S-S WX    SPD DR
================================================================================

 1  45  19  32   M  33   0 0.00  0.0    0  8.2 13 140   M    M   0 1       M  M
 2  54  30  42   M  23   0 0.00  0.0    0 16.4 27 160   M    M   4        36 160
 3  63  41  52   M  13   0 0.00  0.0    0 15.7 21 190   M    M   4        27 200
 4  57  30  44   M  21   0 0.02  0.0    0 14.8 23 300   M    M   2        31 300
 5  57  30  44   M  21   0 0.00  0.0    0 10.3 24 240   M    M   4        32 240
 6  46  28  37   M  28   0 0.00  0.0    0 16.8 28 330   M    M   7        38 330
 7  46  27  37   M  28   0    M  0.0    0 11.5 22 160   M    M   5        28 160
 8  46  32  39   M  26   0 0.00  0.0    0 17.4 30 320   M    M   7        41 320
 9  52  36  44   M  21   0 0.00  0.0    0  9.4 15 280   M    M   6         M  M
10  59  32  46   M  19   0 0.00  0.0    0 15.2 24 340   M    M   6 1      32 340
11  32  23  28   M  37   0    M    M    M 22.1 28 320   M    M  10        36 330
12  25  18  22   M  43   0    M    M    M 14.8 20 290   M    M   9        24 290
13  27  18  23   M  42   0    T    T    0 14.5 20 300   M    M  10        25 300
14  25   9  17   M  48   0 0.00  0.0    0  7.4 14 320   M    M   2        14  99
15  23   7  15   M  50   0    M    M    0  4.2  9 140   M    M   5 1       M  M
16  21   3  12   M  53   0    M    M    0  9.7 15 280   M    M   6 1       M  M
17  12   7  10   M  55   0    M    M    M 17.7 25 290   M    M   6 8      31 290
18  18   1  10   M  55   0    T    T    M 12.5 20 270   M    M   7        25 290
19  23  16  20   M  45   0    M    M    M 17.6 27 310   M    M   8        32 310
20  19   0  10   M  55   0 0.00  0.0    M 11.0 18 300   M    M   0        23 300
21  32   0  16   M  49   0 0.00  0.0    M 11.3 18 170   M    M   3         M  M
22  52  32  42   M  23   0    M    M    M 12.8 17 180   M    M   8 12     18 210
23  52  37  45   M  20   0 0.20    M    M 13.7 23 310   M    M  10 12     32 330
24  37  16  27   M  38   0    M    M    M 24.2 31 290   M    M  10 1      39 300
25  23  10  17   M  48   0    M    M    M  9.6 18 300   M    M   3         M  M
26  30  21  26   M  39   0    M    M    M 11.8 15 110   M    M   7 8      17  10
27  25   3  14   M  51   0    T    T    0 10.5 20 320   M    M   5        21 310
================================================================================
SM 1001  526       984   0  0.22    T    361.1          M      154
================================================================================
AV 37.1 19.5                              13.4 FASTST   M    M   6    MAX(MPH)
                                 MISC ---->    31   M                 41    M
================================================================================
NOTES:
# LAST OF SEVERAL OCCURRENCES

COLUMN 17 PEAK WIND IN M.P.H.

PRELIMINARY LOCAL CLIMATOLOGICAL DATA (WS FORM: F-6) , PAGE 2

                                          STATION:  OELWEIN IA
                                          MONTH:    NOVEMBER
                                          YEAR:     2014
                                          LATITUDE:   42 40 N
                                          LONGITUDE:  91 58 W

[TEMPERATURE DATA]      [PRECIPITATION DATA]       SYMBOLS USED IN COLUMN 16

AVERAGE MONTHLY: 28.3   TOTAL FOR MONTH:   0.22    1 = FOG OR MIST
DPTR FM NORMAL:     M   DPTR FM NORMAL:       M    2 = FOG REDUCING VISIBILITY
HIGHEST:    63 ON  3    GRTST 24HR  0.20 ON 23-23      TO 1/4 MILE OR LESS
LOWEST:      0 ON 21,20                            3 = THUNDER
                        SNOW, ICE PELLETS, HAIL    4 = ICE PELLETS
                        TOTAL MONTH:    T          5 = HAIL
                        GRTST 24HR    T  ON 27-27  6 = FREEZING RAIN OR DRIZZLE
                        GRTST DEPTH:   0           7 = DUSTSTORM OR SANDSTORM:
                                                       VSBY 1/2 MILE OR LESS
                                                   8 = SMOKE OR HAZE
[NO. OF DAYS WITH]      [WEATHER - DAYS WITH]      9 = BLOWING SNOW
                                                   X = TORNADO
MAX 32 OR BELOW:  14    0.01 INCH OR MORE:   2
MAX 90 OR ABOVE:   0    0.10 INCH OR MORE:   1
MIN 32 OR BELOW:  24    0.50 INCH OR MORE:   0
MIN  0 OR BELOW:   2    1.00 INCH OR MORE:   0

[HDD (BASE 65) ]
TOTAL THIS MO.   984    CLEAR  (SCALE 0-3)   4
DPTR FM NORMAL     M    PTCLDY (SCALE 4-7)  16
TOTAL FM JUL 1  1654    CLOUDY (SCALE 8-10)  7
DPTR FM NORMAL     M

[CDD (BASE 65) ]
TOTAL THIS MO.     0
DPTR FM NORMAL     M    [PRESSURE DATA]
TOTAL FM JAN 1   562    HIGHEST SLP M ON M
DPTR FM NORMAL     M    LOWEST  SLP M ON M

[REMARKS]
