000
CXUS53 KARX 270930
CF6OLZ
PRELIMINARY LOCAL CLIMATOLOGICAL DATA (WS FORM: F-6)

                                          STATION:   OELWEIN IA
                                          MONTH:     SEPTEMBER
                                          YEAR:      2016
                                          LATITUDE:   42 40 N
                                          LONGITUDE:  91 58 W

  TEMPERATURE IN F:       :PCPN:    SNOW:  WIND      :SUNSHINE: SKY     :PK WND
================================================================================
1   2   3   4   5  6A  6B    7    8   9   10  11  12  13   14  15   16   17  18
                                     12Z  AVG MX 2MIN
DY MAX MIN AVG DEP HDD CDD  WTR  SNW DPTH SPD SPD DIR MIN PSBL S-S WX    SPD DR
================================================================================

 1  73  54  64   M   1   0 0.00  0.0    0  7.4 12  50   M    M   1        15  40
 2  73  52  63   M   2   0 0.00  0.0    0  6.2 10 110   M    M   1        14 150
 3  73  54  64   M   1   0 0.00  0.0    0  8.6 15 160   M    M   3        17 170
 4  77  59  68   M   0   3 0.00  0.0    0 10.9 17 160   M    M   4        25 170
 5  86  63  75   M   0  10 0.00  0.0    0 11.7 17 180   M    M   2        27 180
 6  90  72  81   M   0  16 0.02  0.0    0 10.9 16 200   M    M   4        23 220
 7  77  68  73   M   0   8 0.20  0.0    0  6.7 13  40   M    M   9 12     14 240
 8  79  61  70   M   0   5 0.00  0.0    0  5.0 14 320   M    M   4 12     17 300
 9  70  61  66   M   0   1 0.84  0.0    0  8.5 16 100   M    M   7 12     36 350
10  72  50  61   M   4   0 0.01  0.0    0 10.4 20 300   M    M   5        28 300
11  75  48  62   M   3   0 0.00  0.0    0  9.2 16 210   M    M   0        23 210
12  81  52  67   M   0   2 0.00  0.0    0 12.2 22 180   M    M   2        31 180
13  68  59  64   M   1   0 0.01  0.0    0  7.4 15 350   M    M  10        22 350
14   M  54   M   M   M   M 0.00  0.0    0  5.4  9  70   M    M   3        14  60
15  81  57  69   M   0   4 1.37  0.0    0 10.2 20 360   M    M   8        32 330
16  72  59  66   M   0   1 0.25  0.0    0  6.5 15 140   M    M   6 1      20 280
17  70  55  63   M   2   0 0.00  0.0    0  7.3 16 310   M    M   3 1      22 290
18  84  50  67   M   0   2 0.00  0.0    0  9.1 16 230   M    M   2 1      31 230
19  79  55  67   M   0   2 0.04  0.0    0  7.5 14  30   M    M   3 1      22  20
20  86  55  71   M   0   6 0.00  0.0    0 10.0 17 140   M    M   0        21 140
21  79  68  74   M   0   9 0.00  0.0    0 13.5 24 130   M    M   5        31 130
22  72  64  68   M   0   3 3.00  0.0    0  9.4 18  70   M    M   9 1      30  70
23  70  64  67   M   0   2 0.66  0.0    0  9.0 16  90   M    M   8 1      18 100
24  77  63  70   M   0   5 0.00  0.0    0 11.4 16 130   M    M   5 1      22 120
25  72  54  63   M   2   0 0.10  0.0    0 10.9 17 270   M    M   7 1      28 290
26  68  48  58   M   7   0 0.00  0.0    0 12.9 24 280   M    M   0        38 300
================================================================================
SM 1904 1499        23  79  6.50     0.0 238.2          M      111
================================================================================
AV 76.2 57.7                               9.2 FASTST   M    M   4    MAX(MPH)
                                 MISC ---->    24   M               # 38  300
================================================================================
NOTES:
# LAST OF SEVERAL OCCURRENCES

COLUMN 17 PEAK WIND IN M.P.H.

PRELIMINARY LOCAL CLIMATOLOGICAL DATA (WS FORM: F-6) , PAGE 2

                                          STATION:  OELWEIN IA
                                          MONTH:    SEPTEMBER
                                          YEAR:     2016
                                          LATITUDE:   42 40 N
                                          LONGITUDE:  91 58 W

[TEMPERATURE DATA]      [PRECIPITATION DATA]       SYMBOLS USED IN COLUMN 16

AVERAGE MONTHLY: 66.9   TOTAL FOR MONTH:   6.50    1 = FOG OR MIST
DPTR FM NORMAL:     M   DPTR FM NORMAL:       M    2 = FOG REDUCING VISIBILITY
HIGHEST:    90 ON  6    GRTST 24HR  3.00 ON 22-22      TO 1/4 MILE OR LESS
LOWEST:     48 ON 26,11                            3 = THUNDER
                        SNOW, ICE PELLETS, HAIL    4 = ICE PELLETS
                        TOTAL MONTH:   0.0 INCH    5 = HAIL
                        GRTST 24HR     0.0         6 = FREEZING RAIN OR DRIZZLE
                        GRTST DEPTH:   0           7 = DUSTSTORM OR SANDSTORM:
                                                       VSBY 1/2 MILE OR LESS
                                                   8 = SMOKE OR HAZE
[NO. OF DAYS WITH]      [WEATHER - DAYS WITH]      9 = BLOWING SNOW
                                                   X = TORNADO
MAX 32 OR BELOW:   0    0.01 INCH OR MORE:  11
MAX 90 OR ABOVE:   1    0.10 INCH OR MORE:   7
MIN 32 OR BELOW:   0    0.50 INCH OR MORE:   4
MIN  0 OR BELOW:   0    1.00 INCH OR MORE:   2

[HDD (BASE 65) ]
TOTAL THIS MO.    23    CLEAR  (SCALE 0-3)  12
DPTR FM NORMAL     M    PTCLDY (SCALE 4-7)  10
TOTAL FM JUL 1    28    CLOUDY (SCALE 8-10)  4
DPTR FM NORMAL     M

[CDD (BASE 65) ]
TOTAL THIS MO.    79
DPTR FM NORMAL     M    [PRESSURE DATA]
TOTAL FM JAN 1   716    HIGHEST SLP M ON M
DPTR FM NORMAL     M    LOWEST  SLP M ON M

[REMARKS]
