000
CXUS53 KARX 300930
CF6OLZ
PRELIMINARY LOCAL CLIMATOLOGICAL DATA (WS FORM: F-6)

                                          STATION:   OELWEIN IA
                                          MONTH:     MAY
                                          YEAR:      2015
                                          LATITUDE:   42 40 N
                                          LONGITUDE:  91 58 W

  TEMPERATURE IN F:       :PCPN:    SNOW:  WIND      :SUNSHINE: SKY     :PK WND
================================================================================
1   2   3   4   5  6A  6B    7    8   9   10  11  12  13   14  15   16   17  18
                                     12Z  AVG MX 2MIN
DY MAX MIN AVG DEP HDD CDD  WTR  SNW DPTH SPD SPD DIR MIN PSBL S-S WX    SPD DR
================================================================================

 1  66  39  53   M  12   0 0.00  0.0    0  8.7 14 200   M    M   3        24 200
 2  77  46  62   M   3   0 0.00  0.0    0 14.4 25 220   M    M   3        36 190
 3  81  57  69   M   0   4 0.35  0.0    0 15.2 22 320   M    M   4        39 320
 4  70  57  64   M   1   0    M  0.0    0  8.6 18  50   M    M   8 1      18  50
 5  61  52  57   M   8   0    M  0.0    0 13.6 18  80   M    M  10 12     22 110
 6  79  54  67   M   0   2 0.04  0.0    0 15.3 27 190   M    M   7 128    38 190
 7  79  61  70   M   0   5 0.00  0.0    0 16.8 25 180   M    M   2        33 180
 8  64  54  59   M   6   0 0.00  0.0    0  9.8 14 340   M    M   9 1      14 280
 9  68  54  61   M   4   0 0.00  0.0    0  9.4 13  90   M    M   8        18  90
10  63  55  59   M   6   0    T  0.0    0 17.2 22 110   M    M   9 1      29 110
11  63  43  53   M  12   0 0.00  0.0    0 18.7 25 250   M    M  10 1      32 250
12  59  41  50   M  15   0    T  0.0    0 17.6 28 300   M    M   5        36 300
13  68  41  55   M  10   0 0.00  0.0    0 13.7 21 150   M    M   2        28 130
14  59  50  55   M  10   0 0.23  0.0    0 17.3 25 150   M    M   8 128    33 150
15  72  57  65   M   0   0 0.00  0.0    0  6.7 12 280   M    M   8 12     13  99
16  79  61  70   M   0   5 0.09  0.0    0 11.1 16 170   M    M   7 1      18 170
17  79  61  70   M   0   5 0.00  0.0    0 20.0 35 210   M    M   5        45 230
18  61  41  51   M  14   0 0.00  0.0    0 21.4 29 290   M    M   8        38 300
19  55  39  47   M  18   0 0.00  0.0    0 13.0 22 320   M    M   5        24 350
20  46  41  44   M  21   0    T  0.0    0  6.0  9  90   M    M   9 8       M  M
21  73  37  55   M  10   0 0.00  0.0    0 10.2 22 310   M    M   1        29 300
22  73  45  59   M   6   0 0.00  0.0    0  4.9 10 240   M    M   1        15 320
23  77  50  64   M   1   0 0.00  0.0    0  8.6 16 180   M    M   5        22 200
24  66  57  62   M   3   0 0.46  0.0    0 12.6 21 100   M    M   9 1      29 130
25  77  63  70   M   0   5 0.12  0.0    0 14.4 24 220   M    M   7 1      32 210
26  66  59  63   M   2   0 0.99  0.0    0 11.3 22 290   M    M   7        46 240
27  79  57  68   M   0   3 0.00  0.0    0  8.9 15 260   M    M   4        17 270
28  81  59  70   M   0   5 0.00  0.0    0 10.9 21 170   M    M   2        27 150
29  81  64  73   M   0   8 0.15  0.0    0 10.5 31 260   M    M   6 3      47 260
================================================================================
SM 2022 1495       162  42  2.43     0.0 366.8          M      172
================================================================================
AV 69.7 51.6                              12.6 FASTST   M    M   6    MAX(MPH)
                                 MISC ---->  # 35 210                 47    M
================================================================================
NOTES:
# LAST OF SEVERAL OCCURRENCES

COLUMN 17 PEAK WIND IN M.P.H.

PRELIMINARY LOCAL CLIMATOLOGICAL DATA (WS FORM: F-6) , PAGE 2

                                          STATION:  OELWEIN IA
                                          MONTH:    MAY
                                          YEAR:     2015
                                          LATITUDE:   42 40 N
                                          LONGITUDE:  91 58 W

[TEMPERATURE DATA]      [PRECIPITATION DATA]       SYMBOLS USED IN COLUMN 16

AVERAGE MONTHLY: 60.6   TOTAL FOR MONTH:   2.43    1 = FOG OR MIST
DPTR FM NORMAL:     M   DPTR FM NORMAL:       M    2 = FOG REDUCING VISIBILITY
HIGHEST:    81 ON 29,28 GRTST 24HR  0.99 ON 26-26      TO 1/4 MILE OR LESS
LOWEST:     37 ON 21                               3 = THUNDER
                        SNOW, ICE PELLETS, HAIL    4 = ICE PELLETS
                        TOTAL MONTH:   0.0 INCH    5 = HAIL
                        GRTST 24HR     0.0         6 = FREEZING RAIN OR DRIZZLE
                        GRTST DEPTH:   0           7 = DUSTSTORM OR SANDSTORM:
                                                       VSBY 1/2 MILE OR LESS
                                                   8 = SMOKE OR HAZE
[NO. OF DAYS WITH]      [WEATHER - DAYS WITH]      9 = BLOWING SNOW
                                                   X = TORNADO
MAX 32 OR BELOW:   0    0.01 INCH OR MORE:   8
MAX 90 OR ABOVE:   0    0.10 INCH OR MORE:   6
MIN 32 OR BELOW:   0    0.50 INCH OR MORE:   1
MIN  0 OR BELOW:   0    1.00 INCH OR MORE:   0

[HDD (BASE 65) ]
TOTAL THIS MO.   162    CLEAR  (SCALE 0-3)   6
DPTR FM NORMAL     M    PTCLDY (SCALE 4-7)  14
TOTAL FM JUL 1  7365    CLOUDY (SCALE 8-10)  9
DPTR FM NORMAL     M

[CDD (BASE 65) ]
TOTAL THIS MO.    42
DPTR FM NORMAL     M    [PRESSURE DATA]
TOTAL FM JAN 1    43    HIGHEST SLP M ON M
DPTR FM NORMAL     M    LOWEST  SLP M ON M

[REMARKS]
