000
CXUS53 KOAX 241000
CF6OMA
PRELIMINARY LOCAL CLIMATOLOGICAL DATA (WS FORM: F-6)

                                          STATION:   OMAHA EPPLEY, NEBRASKA
                                          MONTH:     MARCH
                                          YEAR:      2017
                                          LATITUDE:   41 17 N
                                          LONGITUDE:  95 54 W

  TEMPERATURE IN F:       :PCPN:    SNOW:  WIND      :SUNSHINE: SKY     :PK WND
================================================================================
1   2   3   4   5  6A  6B    7    8   9   10  11  12  13   14  15   16   17  18
                                     12Z  AVG MX 2MIN
DY MAX MIN AVG DEP HDD CDD  WTR  SNW DPTH SPD SPD DIR MIN PSBL S-S WX    SPD DR
================================================================================

 1  44  25  35   2  30   0 0.00  0.0    0 14.7 30 320   M    M   7        36 310
 2  46  20  33  -1  32   0 0.00  0.0    0  5.9 23 320   M    M   2        27 330
 3  52  21  37   3  28   0 0.00  0.0    0 13.4 28 160   M    M   5        35 180
 4  73  28  51  17  14   0 0.00  0.0    0 13.6 29 180   M    M   4        35 180
 5  66  52  59  24   6   0 0.00  0.0    0 18.6 30 170   M    M   8        38 170
 6  78  39  59  24   6   0 0.07  0.0    0 25.6 39 290   M    M   7 3      53 280
 7  58  37  48  12  17   0 0.00  0.0    0 14.8 33 260   M    M   3        43 260
 8  57  34  46  10  19   0 0.00  0.0    0  7.1 17 350   M    M   2        22 290
 9  50  27  39   2  26   0 0.00  0.0    0 12.8 25  20   M    M   4        32  30
10  28  17  23 -14  42   0    T    T    0 11.1 23 350   M    M   7        27 350
11  31  22  27 -10  38   0    T    T    0  7.2 13  50   M    M   9        16  50
12  41  25  33  -5  32   0 0.03    T    0 15.5 30 170   M    M  10 168    37 160
13  32  22  27 -11  38   0 0.02  0.3    T 15.8 30 360   M    M  10 16     35 360
14  33  20  27 -12  38   0    T    T    T  5.9 13  80   M    M   8        16  70
15  40  18  29 -10  36   0 0.00  0.0    0 13.3 22 140   M    M   8        25 140
16  66  33  50  10  15   0 0.00  0.0    0 16.0 28 180   M    M   7        43 200
17  68  35  52  12  13   0 0.00  0.0    0 13.8 32 310   M    M   5        40 300
18  58  27  43   3  22   0 0.00  0.0    0  6.5 14 350   M    M   6        18 330
19  82  40  61  20   4   0 0.00  0.0    0 13.8 25 160   M    M   6        31 160
20  68  45  57  16   8   0 0.00  0.0    0 14.0 24  30   M    M   7        31  10
21  49  37  43   1  22   0 0.01  0.0    0 12.8 29  10   M    M   8        35  10
22  51  33  42   0  23   0    T    T    0 15.0 24 140   M    M   9 4      29 130
23  76  45  61  19   4   0    T  0.0    0 19.8 41 160   M    M   9 3      49 160
================================================================================
SM 1247  702       513   0  0.13     0.3 307.0          M      151
================================================================================
AV 54.2 30.5                              13.3 FASTST   M    M   7    MAX(MPH)
                                 MISC ---->  # 41 160               # 53  280
================================================================================
NOTES:
# LAST OF SEVERAL OCCURRENCES

COLUMN 17 PEAK WIND IN M.P.H.

PRELIMINARY LOCAL CLIMATOLOGICAL DATA (WS FORM: F-6) , PAGE 2

                                          STATION:  OMAHA EPPLEY, NEBRASKA
                                          MONTH:    MARCH
                                          YEAR:     2017
                                          LATITUDE:   41 17 N
                                          LONGITUDE:  95 54 W

[TEMPERATURE DATA]      [PRECIPITATION DATA]       SYMBOLS USED IN COLUMN 16

AVERAGE MONTHLY: 42.4   TOTAL FOR MONTH:   0.13    1 = FOG OR MIST
DPTR FM NORMAL:   4.5   DPTR FM NORMAL:   -1.21    2 = FOG REDUCING VISIBILITY
HIGHEST:    82 ON 19    GRTST 24HR  0.07 ON  6- 6      TO 1/4 MILE OR LESS
LOWEST:     17 ON 10                               3 = THUNDER
                        SNOW, ICE PELLETS, HAIL    4 = ICE PELLETS
                        TOTAL MONTH:   0.3 INCH    5 = HAIL
                        GRTST 24HR   0.3 ON   M    6 = FREEZING RAIN OR DRIZZLE
                        GRTST DEPTH:   0           7 = DUSTSTORM OR SANDSTORM:
                                                       VSBY 1/2 MILE OR LESS
                                                   8 = SMOKE OR HAZE
[NO. OF DAYS WITH]      [WEATHER - DAYS WITH]      9 = BLOWING SNOW
                                                   X = TORNADO
MAX 32 OR BELOW:   3    0.01 INCH OR MORE:   4
MAX 90 OR ABOVE:   0    0.10 INCH OR MORE:   0
MIN 32 OR BELOW:  12    0.50 INCH OR MORE:   0
MIN  0 OR BELOW:   0    1.00 INCH OR MORE:   0

[HDD (BASE 65) ]
TOTAL THIS MO.   513    CLEAR  (SCALE 0-3)   3
DPTR FM NORMAL  -112    PTCLDY (SCALE 4-7)  14
TOTAL FM JUL 1  4340    CLOUDY (SCALE 8-10)  6
DPTR FM NORMAL -1083

[CDD (BASE 65) ]
TOTAL THIS MO.     0
DPTR FM NORMAL     0    [PRESSURE DATA]
TOTAL FM JAN 1     0    HIGHEST SLP M ON M
DPTR FM NORMAL     0    LOWEST  SLP 29.14 ON  6

[REMARKS]
