000
CXUS53 KOAX 221000
CF6OMA
PRELIMINARY LOCAL CLIMATOLOGICAL DATA (WS FORM: F-6)

                                          STATION:   OMAHA NE
                                          MONTH:     JANUARY
                                          YEAR:      2018
                                          LATITUDE:   41 17 N
                                          LONGITUDE:  95 54 W

  TEMPERATURE IN F:       :PCPN:    SNOW:  WIND      :SUNSHINE: SKY     :PK WND
================================================================================
1   2   3   4   5  6A  6B    7    8   9   10  11  12  13   14  15   16   17  18
                                     12Z  AVG MX 2MIN
DY MAX MIN AVG DEP HDD CDD  WTR  SNW DPTH SPD SPD DIR MIN PSBL S-S WX    SPD DR
================================================================================

 1   0 -20 -10 -33  75   0 0.00  0.0    4  4.3 10 310   M    M   0 128    13 300
 2  26 -16   5 -18  60   0    T    T    3 10.4 30 330   M    M   3 12     35 330
 3  25   1  13 -10  52   0    T  0.1    3 12.5 31 330   M    M   3        38 330
 4  16  -1   8 -15  57   0 0.00  0.0    3  5.7 14 140   M    M   6 18     16 140
 5  16   9  13 -10  52   0    T    T    3  7.5 12  90   M    M  10        15  40
 6  20   7  14  -9  51   0 0.00  0.0    3 12.2 20 150   M    M   7        23 150
 7  38  19  29   6  36   0 0.00  0.0    3  6.9 14 330   M    M   8        17 160
 8  47  18  33  10  32   0 0.00  0.0    1  6.6 14 150   M    M   4 128    23 150
 9  47  30  39  16  26   0 0.00  0.0    T 13.4 23 170   M    M   6        32 170
10  50  35  43  20  22   0 0.06  0.0    0 12.8 20 340   M    M   9 18     26 190
11  39   7  23   0  42   0 0.05  1.1    T 25.9 36 320   M    M   7 1469   48 350
12  14   0   7 -16  58   0 0.00  0.0    1 14.1 24 340   M    M   5        30 350
13  14   9  12 -11  53   0    T    T    1  7.8 15 340   M    M  10        20 330
14  32  14  23   0  42   0 0.08  1.0    1 13.2 33 340   M    M  10 19     44 340
15  18  -2   8 -15  57   0    T  0.1    2 21.7 33 330   M    M   4 9      42 340
16  12  -3   5 -18  60   0    T    T    2 10.8 23 330   M    M   5        30 330
17  30   0  15  -8  50   0 0.00  0.0    2 11.2 17 180   M    M   0        22 200
18  36  12  24   1  41   0 0.00  0.0    2 11.3 20 170   M    M   4        24 170
19  46  26  36  13  29   0 0.00  0.0    0 11.1 21 170   M    M   8        27 170
20  49  23  36  13  29   0 0.00  0.0    0  3.6 10 360   M    M   4        12 140
21  41  37  39  15  26   0 0.18  0.0    0  9.2 20 360   M    M  10 1      26  10
================================================================================
SM  616  205       950   0  0.37     2.3 232.2          M      123
================================================================================
AV 29.3  9.8                              11.1 FASTST   M    M   6    MAX(MPH)
                                 MISC ---->  # 36 320               # 48  350
================================================================================
NOTES:
# LAST OF SEVERAL OCCURRENCES

COLUMN 17 PEAK WIND IN M.P.H.

PRELIMINARY LOCAL CLIMATOLOGICAL DATA (WS FORM: F-6) , PAGE 2

                                          STATION:  OMAHA NE
                                          MONTH:    JANUARY
                                          YEAR:     2018
                                          LATITUDE:   41 17 N
                                          LONGITUDE:  95 54 W

[TEMPERATURE DATA]      [PRECIPITATION DATA]       SYMBOLS USED IN COLUMN 16

AVERAGE MONTHLY: 19.6   TOTAL FOR MONTH:   0.37    1 = FOG OR MIST
DPTR FM NORMAL:  -3.5   DPTR FM NORMAL:   -0.10    2 = FOG REDUCING VISIBILITY
HIGHEST:    50 ON 10    GRTST 24HR  0.18 ON 21-21      TO 1/4 MILE OR LESS
LOWEST:    -20 ON  1                               3 = THUNDER
                        SNOW, ICE PELLETS, HAIL    4 = ICE PELLETS
                        TOTAL MONTH:   2.3 INCHES  5 = HAIL
                        GRTST 24HR   1.1 ON 11-11  6 = FREEZING RAIN OR DRIZZLE
                        GRTST DEPTH:   4 ON  1     7 = DUSTSTORM OR SANDSTORM:
                                                       VSBY 1/2 MILE OR LESS
                                                   8 = SMOKE OR HAZE
[NO. OF DAYS WITH]      [WEATHER - DAYS WITH]      9 = BLOWING SNOW
                                                   X = TORNADO
MAX 32 OR BELOW:  12    0.01 INCH OR MORE:   4
MAX 90 OR ABOVE:   0    0.10 INCH OR MORE:   1
MIN 32 OR BELOW:  19    0.50 INCH OR MORE:   0
MIN  0 OR BELOW:   7    1.00 INCH OR MORE:   0

[HDD (BASE 65) ]
TOTAL THIS MO.   950    CLEAR  (SCALE 0-3)   2
DPTR FM NORMAL    68    PTCLDY (SCALE 4-7)  13
TOTAL FM JUL 1  3169    CLOUDY (SCALE 8-10)  6
DPTR FM NORMAL  -192

[CDD (BASE 65) ]
TOTAL THIS MO.     0
DPTR FM NORMAL     0    [PRESSURE DATA]
TOTAL FM JAN 1     0    HIGHEST SLP M ON M
DPTR FM NORMAL     0    LOWEST  SLP 29.43 ON 10

[REMARKS]
