458
CXAK56 PAFG 221323
CF6OME
PRELIMINARY LOCAL CLIMATOLOGICAL DATA (WS FORM: F-6)

                                          STATION:   NOME AK
                                          MONTH:     JANUARY
                                          YEAR:      2018
                                          LATITUDE:   64 30 N
                                          LONGITUDE: 165 26 W

  TEMPERATURE IN F:       :PCPN:    SNOW:  WIND      :SUNSHINE: SKY     :PK WND
================================================================================
1   2   3   4   5  6A  6B    7    8   9   10  11  12  13   14  15   16   17  18
                                     12Z  AVG MX 2MIN
DY MAX MIN AVG DEP HDD CDD  WTR  SNW DPTH SPD SPD DIR MIN PSBL S-S WX    SPD DR
================================================================================

 1  29  18  24  17  41   0 0.01  0.3   24 13.5 33 100   M    M   7 129    41 110
 2  20   8  14   8  51   0 0.00  0.0   24  2.7 12  70   M    M   4        14  60
 3  23  16  20  14  45   0 0.02    T   24  4.4 15 160   M    M  10 16     18 150
 4  26  17  22  16  43   0 0.04  0.6   24 10.7 20  90   M    M   8 16     27  70
 5  32  21  27  21  38   0 0.00  0.0   25 19.2 28  70   M    M   2        35  70
 6  27  21  24  18  41   0    T  0.1   24 18.4 29  90   M    M   3 169    36 100
 7  26  23  25  19  40   0 0.03  0.6   24 16.1 25  90   M    M  10 169    30 100
 8  24  11  18  13  47   0 0.01  0.1   25 11.0 21  40   M    M   7 1      24  40
 9  32  -5  14   9  51   0 0.00  0.0   24 10.4 18  70   M    M   0 1      25  60
10  13  -3   5   0  60   0 0.00  0.0   24  6.3 13  50   M    M   5        14  40
11  22  11  17  12  48   0 0.04  0.8   25  9.2 21  80   M    M  10 1      25  90
12  27  18  23  18  42   0 0.01  0.1   25 10.7 20  70   M    M   7        24  80
13  35  15  25  20  40   0 0.00  0.0   25 11.4 24  80   M    M   5        31  70
14  32  21  27  22  38   0 0.14  1.6   26 20.7 28  90   M    M   9 1      35  70
15  33  29  31  26  34   0 0.13  1.3   27 18.5 31  90   M    M  10 1      36 100
16  31  18  25  20  40   0 0.02  0.2   27  9.7 17 290   M    M   8 1      20 280
17  25   2  14   9  51   0 0.00  0.0   27  9.5 20 290   M    M   2        22 280
18  13 -12   1  -4  64   0 0.00  0.0   27  5.3 21 340   M    M   3 18     22 340
19  -9 -17 -13 -18  78   0 0.00  0.0   27  1.1  7  30   M    M   0 18      7  40
20  -2 -21 -11 -16  76   0 0.01  0.1   27  0.6  7 360   M    M   4 1       9  10
21  -5 -25 -15 -20  80   0 0.00  0.0   27  2.6 16 310   M    M   2 128    18 310
================================================================================
SM  454  166      1048   0  0.46     5.8 212.0          M      116
================================================================================
AV 21.6  7.9                              10.1 FASTST   M    M   6    MAX(MPH)
                                 MISC ---->  # 33 100               # 41  110
================================================================================
NOTES:
# LAST OF SEVERAL OCCURRENCES

COLUMN 17 PEAK WIND IN M.P.H.

PRELIMINARY LOCAL CLIMATOLOGICAL DATA (WS FORM: F-6) , PAGE 2

                                          STATION:  NOME AK
                                          MONTH:    JANUARY
                                          YEAR:     2018
                                          LATITUDE:   64 30 N
                                          LONGITUDE: 165 26 W

[TEMPERATURE DATA]      [PRECIPITATION DATA]       SYMBOLS USED IN COLUMN 16

AVERAGE MONTHLY: 14.8   TOTAL FOR MONTH:   0.46    1 = FOG OR MIST
DPTR FM NORMAL:   9.4   DPTR FM NORMAL:   -0.19    2 = FOG REDUCING VISIBILITY
HIGHEST:    35 ON 13    GRTST 24HR  0.14 ON 14-14      TO 1/4 MILE OR LESS
LOWEST:    -25 ON 21                               3 = THUNDER
                        SNOW, ICE PELLETS, HAIL    4 = ICE PELLETS
                        TOTAL MONTH:   5.8 INCHES  5 = HAIL
                        GRTST 24HR   1.6 ON 14-14  6 = FREEZING RAIN OR DRIZZLE
                        GRTST DEPTH:  27 ON 21,20  7 = DUSTSTORM OR SANDSTORM:
                                                       VSBY 1/2 MILE OR LESS
                                                   8 = SMOKE OR HAZE
[NO. OF DAYS WITH]      [WEATHER - DAYS WITH]      9 = BLOWING SNOW
                                                   X = TORNADO
MAX 32 OR BELOW:  19    0.01 INCH OR MORE:  11
MAX 90 OR ABOVE:   0    0.10 INCH OR MORE:   2
MIN 32 OR BELOW:  21    0.50 INCH OR MORE:   0
MIN  0 OR BELOW:   6    1.00 INCH OR MORE:   0

[HDD (BASE 65) ]
TOTAL THIS MO.  1048    CLEAR  (SCALE 0-3)   7
DPTR FM NORMAL  -205    PTCLDY (SCALE 4-7)   9
TOTAL FM JUL 1  6168    CLOUDY (SCALE 8-10)  5
DPTR FM NORMAL  -898

[CDD (BASE 65) ]
TOTAL THIS MO.     0
DPTR FM NORMAL     0    [PRESSURE DATA]
TOTAL FM JAN 1     0    HIGHEST SLP M ON M
DPTR FM NORMAL     0    LOWEST  SLP 29.18 ON 14

[REMARKS]
