000
CXUS53 KARX 200930
CF6ONA
PRELIMINARY LOCAL CLIMATOLOGICAL DATA (WS FORM: F-6)

                                          STATION:   WINONA_MUNI_(AWOS) MN
                                          MONTH:     DECEMBER
                                          YEAR:      2014
                                          LATITUDE:   44  4 N
                                          LONGITUDE:  91 42 W

  TEMPERATURE IN F:       :PCPN:    SNOW:  WIND      :SUNSHINE: SKY     :PK WND
================================================================================
1   2   3   4   5  6A  6B    7    8   9   10  11  12  13   14  15   16   17  18
                                     12Z  AVG MX 2MIN
DY MAX MIN AVG DEP HDD CDD  WTR  SNW DPTH SPD SPD DIR MIN PSBL S-S WX    SPD DR
================================================================================

 1  12   3   8   M  57   0 0.00  0.0    M  4.6 12 290   M    M   0        17 290
 2  30   9  20   M  45   0    M    M    M  4.7  9 190   M    M   6        20 200
 3  28  14  21   M  44   0 0.00  0.0    M  6.7 15 290   M    M   0        22 290
 4  34  14  24   M  41   0 0.00  0.0    M  5.4 10 120   M    M   6         M  M
 5  34  30  32   M  33   0 0.00  0.0    M  2.6  6 330   M    M  10 18      M  M
 6  34  21  28   M  37   0 0.00  0.0    M  1.1  7  10   M    M   1 1       M  M
 7  36  23  30   M  35   0 0.01    M    M  5.3 14 150   M    M   4        22 140
 8  36  30  33   M  32   0 0.00  0.0    M  7.8 15 310   M    M  10 1      21 300
 9  30  27  29   M  36   0 0.00  0.0    M  4.8 13 310   M    M  10         M  M
10  30  28  29   M  36   0 0.00  0.0    M  1.1  5 150   M    M  10         M  M
11  30  28  29   M  36   0 0.00  0.0    M  2.9  7 260   M    M  10 1       M  M
12  36  30  33   M  32   0 0.00  0.0    M  2.9  7 240   M    M  10 1       M  M
13  48  30  39   M  26   0 0.00  0.0    M  1.9  6 130   M    M   9 1       M  M
14  48  43  46   M  19   0 0.00  0.0    0  3.1  6 130   M    M  10 1       M  M
15  48  43  46   M  19   0 0.12  0.0    M  3.4  7 120   M    M  10 1       M  M
16  43  23  33   M  32   0 0.01    M    M 15.2 22 320   M    M  10 1      33 320
17  23  18  21   M  44   0    M    M    M  7.0 15 340   M    M   7        21 330
18  27  18  23   M  42   0    M    M    M  1.1  5  90   M    M  10         M  M
19  32  25  29   M  36   0    M    M    M  3.5  7 160   M    M  10         M  M
================================================================================
SM  639  457       682   0  0.14     0.0  85.1          M      143
================================================================================
AV 33.6 24.1                               4.5 FASTST   M    M   8    MAX(MPH)
                                 MISC ---->    22   M                 33    M
================================================================================
NOTES:
# LAST OF SEVERAL OCCURRENCES

COLUMN 17 PEAK WIND IN M.P.H.

PRELIMINARY LOCAL CLIMATOLOGICAL DATA (WS FORM: F-6) , PAGE 2

                                          STATION:  WINONA_MUNI_(AWOS) MN
                                          MONTH:    DECEMBER
                                          YEAR:     2014
                                          LATITUDE:   44  4 N
                                          LONGITUDE:  91 42 W

[TEMPERATURE DATA]      [PRECIPITATION DATA]       SYMBOLS USED IN COLUMN 16

AVERAGE MONTHLY: 28.8   TOTAL FOR MONTH:   0.14    1 = FOG OR MIST
DPTR FM NORMAL:     M   DPTR FM NORMAL:       M    2 = FOG REDUCING VISIBILITY
HIGHEST:    48 ON 15,14 GRTST 24HR  0.12 ON 15-15      TO 1/4 MILE OR LESS
LOWEST:      3 ON  1                               3 = THUNDER
                        SNOW, ICE PELLETS, HAIL    4 = ICE PELLETS
                        TOTAL MONTH:   0.0 INCH    5 = HAIL
                        GRTST 24HR     0.0         6 = FREEZING RAIN OR DRIZZLE
                        GRTST DEPTH:   0           7 = DUSTSTORM OR SANDSTORM:
                                                       VSBY 1/2 MILE OR LESS
                                                   8 = SMOKE OR HAZE
[NO. OF DAYS WITH]      [WEATHER - DAYS WITH]      9 = BLOWING SNOW
                                                   X = TORNADO
MAX 32 OR BELOW:   9    0.01 INCH OR MORE:   3
MAX 90 OR ABOVE:   0    0.10 INCH OR MORE:   1
MIN 32 OR BELOW:  17    0.50 INCH OR MORE:   0
MIN  0 OR BELOW:   0    1.00 INCH OR MORE:   0

[HDD (BASE 65) ]
TOTAL THIS MO.   682    CLEAR  (SCALE 0-3)   3
DPTR FM NORMAL     M    PTCLDY (SCALE 4-7)   4
TOTAL FM JUL 1  2398    CLOUDY (SCALE 8-10) 12
DPTR FM NORMAL     M

[CDD (BASE 65) ]
TOTAL THIS MO.     0
DPTR FM NORMAL     M    [PRESSURE DATA]
TOTAL FM JAN 1   609    HIGHEST SLP M ON M
DPTR FM NORMAL     M    LOWEST  SLP M ON M

[REMARKS]
