000
CXUS56 KBOI 271002
CF6ONO
PRELIMINARY LOCAL CLIMATOLOGICAL DATA (WS FORM: F-6)

                                          STATION:   ONTARIO OR
                                          MONTH:     FEBRUARY
                                          YEAR:      2015
                                          LATITUDE:   44  1 N
                                          LONGITUDE: 117  1 W

  TEMPERATURE IN F:       :PCPN:    SNOW:  WIND      :SUNSHINE: SKY     :PK WND
================================================================================
1   2   3   4   5  6A  6B    7    8   9   10  11  12  13   14  15   16   17  18
                                     12Z  AVG MX 2MIN
DY MAX MIN AVG DEP HDD CDD  WTR  SNW DPTH SPD SPD DIR MIN PSBL S-S WX    SPD DR
================================================================================

 1  39  30  35   5  30   0 0.04    M    M  2.1 10  20   M    M   7 1      12  20
 2  40  36  38   8  27   0 0.21    M    M  2.9  8 240   M    M  10 1      11 230
 3  44  37  41  11  24   0 0.17    M    M  2.4 12 250   M    M  10 12     14 250
 4  48  39  44  14  21   0 0.07    M    M  1.7  7 350   M    M  10 1      10 350
 5  46  38  42  12  23   0 0.00    M    M  1.8  8 290   M    M   4 1       9 290
 6  63  37  50  19  15   0    T    M    M  7.4 25 230   M    M   5 18     31 240
 7  67  45  56  25   9   0 0.12    M    M  9.1 31 240   M    M   7        39 240
 8  64  37  51  20  14   0 0.05    M    M  2.9 12  90   M    M   4        15  90
 9  61  48  55  24  10   0 0.03    M    M 10.4 25 240   M    M   6        32 220
10  56  36  46  14  19   0    T    M    M  5.7 21 240   M    M   6 8      26 240
11  54  29  42  10  23   0 0.00    M    M  3.4  9 250   M    M   1 12     10 250
12  56  32  44  12  21   0 0.00    M    M  1.8  9 240   M    M   0 1      11 240
13  55  28  42  10  23   0 0.00    M    M  1.8  8 250   M    M   4 12     11 250
14  63  36  50  17  15   0 0.00    M    M  5.9 23 310   M    M   1 18     29 310
15  59  37  48  15  17   0 0.00    M    M  7.5 23 300   M    M   0        29 300
16  56  29  43   9  22   0 0.00    M    M  2.8 10  20   M    M   0        14 350
17  53  23  38   4  27   0 0.00    M    M  3.3  9 250   M    M   0        12 150
18  56  23  40   6  25   0 0.00    M    M  2.3  7 250   M    M   0 8      11  90
19  58  27  43   8  22   0 0.00    M    M  4.1 22 320   M    M   1        26 310
20  57  40  49  14  16   0    T    M    M 10.6 20 320   M    M   7        25 320
21  53  32  43   8  22   0    T    M    M 12.3 28 310   M    M   4        35 320
22  46  25  36   0  29   0 0.00    M    M  5.8 14  20   M    M   3        21  10
23  48  17  33  -3  32   0 0.00    M    M  1.7  7 250   M    M   0         9 110
24  54  18  36   0  29   0 0.00    M    M  2.3 10 250   M    M   0        11 240
25  59  30  45   8  20   0 0.00    M    M  9.2 23 320   M    M   1        28 320
26  55  35  45   8  20   0    T    M    M  9.8 23 320   M    M  10        28 320
================================================================================
SM 1410  844       555   0  0.69    M    131.0          M      101
================================================================================
AV 54.2 32.5                               5.0 FASTST   M    M   4    MAX(MPH)
                                 MISC ---->  # 31 240               # 39  240
================================================================================
NOTES:
# LAST OF SEVERAL OCCURRENCES

COLUMN 17 PEAK WIND IN M.P.H.

PRELIMINARY LOCAL CLIMATOLOGICAL DATA (WS FORM: F-6) , PAGE 2

                                          STATION:  ONTARIO OR
                                          MONTH:    FEBRUARY
                                          YEAR:     2015
                                          LATITUDE:   44  1 N
                                          LONGITUDE: 117  1 W

[TEMPERATURE DATA]      [PRECIPITATION DATA]       SYMBOLS USED IN COLUMN 16

AVERAGE MONTHLY: 43.3   TOTAL FOR MONTH:   0.69    1 = FOG OR MIST
DPTR FM NORMAL:  10.4   DPTR FM NORMAL:   -0.05    2 = FOG REDUCING VISIBILITY
HIGHEST:    67 ON  7    GRTST 24HR  0.24 ON  3- 4      TO 1/4 MILE OR LESS
LOWEST:     17 ON 23                               3 = THUNDER
                        SNOW, ICE PELLETS, HAIL    4 = ICE PELLETS
                        TOTAL MONTH:    M          5 = HAIL
                        GRTST 24HR    M  ON   M    6 = FREEZING RAIN OR DRIZZLE
                        GRTST DEPTH:  M  ON   M    7 = DUSTSTORM OR SANDSTORM:
                                                       VSBY 1/2 MILE OR LESS
                                                   8 = SMOKE OR HAZE
[NO. OF DAYS WITH]      [WEATHER - DAYS WITH]      9 = BLOWING SNOW
                                                   X = TORNADO
MAX 32 OR BELOW:   0    0.01 INCH OR MORE:   7
MAX 90 OR ABOVE:   0    0.10 INCH OR MORE:   3
MIN 32 OR BELOW:  13    0.50 INCH OR MORE:   0
MIN  0 OR BELOW:   0    1.00 INCH OR MORE:   0

[HDD (BASE 65) ]
TOTAL THIS MO.   555    CLEAR  (SCALE 0-3)  12
DPTR FM NORMAL  -277    PTCLDY (SCALE 4-7)  10
TOTAL FM JUL 1  3750    CLOUDY (SCALE 8-10)  4
DPTR FM NORMAL  -825

[CDD (BASE 65) ]
TOTAL THIS MO.     0
DPTR FM NORMAL     0    [PRESSURE DATA]
TOTAL FM JAN 1     0    HIGHEST SLP M ON M
DPTR FM NORMAL     0    LOWEST  SLP 29.64 ON  6

[REMARKS]
