000
CXUS56 KSGX 191445
CF6ONT

PRELIMINARY LOCAL CLIMATOLOGICAL DATA (WS FORM: F-6)

                                          STATION:   ONTARIO INTL AIRPORT CA
                                          MONTH:     DECEMBER
                                          YEAR:      2014
                                          LATITUDE:   34  2 N
                                          LONGITUDE: 117 37 W

  TEMPERATURE IN F:       :PCPN:    SNOW:  WIND      :SUNSHINE: SKY     :PK WND
================================================================================
1   2   3   4   5  6A  6B    7    8   9   10  11  12  13   14  15   16   17  18
                                     12Z  AVG MX 2MIN
DY MAX MIN AVG DEP HDD CDD  WTR  SNW DPTH SPD SPD DIR MIN PSBL S-S WX    SPD DR
================================================================================

 1  68  52  60   4   5   0 0.00  0.0    0  1.7  9  70   M    M   9 12     15  50
 2  63  56  60   5   5   0 1.32  0.0    0  6.0 14  30   M    M   9 1      19  40
 3  68  59  64   9   1   0 0.91  0.0    0  2.4  8  60   M    M   9 13     14  90
 4  68  58  63   8   2   0 0.09  0.0    0  5.3 10 240   M    M   7 13     13 270
 5  70  55  63   8   2   0    T  0.0    0  2.2  8 280   M    M   9 1      10  40
 6  71  53  62   7   3   0 0.00  0.0    0  1.6  7  20   M    M   5 128     9 270
 7  76  49  63   9   2   0 0.00  0.0    0  2.9  9 280   M    M   5 18     11 280
 8  78  51  65  11   0   0 0.00  0.0    0  1.8  8 230   M    M   7        10 230
 9  77  50  64  10   1   0 0.00  0.0    0  2.8 10 260   M    M   2        13 270
10  73  50  62   8   3   0 0.00  0.0    0  2.5  8 230   M    M   5 18     10 230
11  68  54  61   7   4   0 0.00  0.0    0  3.6 13 280   M    M   9 18     14 280
12  60  52  56   2   9   0 1.57  0.0    0  6.2 24 270   M    M   9 13     34 150
13  61  45  53  -1  12   0 0.00  0.0    0  2.6  9 210   M    M   3 1      14 150
14  63  42  53  -1  12   0 0.00  0.0    0  1.8  6 230   M    M   5         9  80
15  64  46  55   1  10   0 0.00  0.0    0  2.8  8 300   M    M   7        14 240
16  59  52  56   2   9   0 0.02  0.0    0  3.9 13  40   M    M   9 18     15  30
17  60  50  55   1  10   0 0.49  0.0    0  4.9 16 290   M    M   8 1      19 280
18  62  48  55   1  10   0 0.00  0.0    0  2.6  8 230   M    M   5        11 240
================================================================================
SM 1209  922       100   0  4.40     0.0  57.6          M      122
================================================================================
AV 67.2 51.2                               3.2 FASTST   M    M   7    MAX(MPH)
                                 MISC ---->  # 24 270               # 34  150
================================================================================
NOTES:
# LAST OF SEVERAL OCCURRENCES

COLUMN 17 PEAK WIND IN M.P.H.

PRELIMINARY LOCAL CLIMATOLOGICAL DATA (WS FORM: F-6) , PAGE 2

                                          STATION:  ONTARIO INTL AIRPORT CA
                                          MONTH:    DECEMBER
                                          YEAR:     2014
                                          LATITUDE:   34  2 N
                                          LONGITUDE: 117 37 W

[TEMPERATURE DATA]      [PRECIPITATION DATA]       SYMBOLS USED IN COLUMN 16

AVERAGE MONTHLY: 59.2   TOTAL FOR MONTH:   4.40    1 = FOG OR MIST
DPTR FM NORMAL:   4.8   DPTR FM NORMAL:    3.58    2 = FOG REDUCING VISIBILITY
HIGHEST:    78 ON  8    GRTST 24HR  1.57 ON 11-12      TO 1/4 MILE OR LESS
LOWEST:     42 ON 14                               3 = THUNDER
                        SNOW, ICE PELLETS, HAIL    4 = ICE PELLETS
                        TOTAL MONTH:   0.0 INCH    5 = HAIL
                        GRTST 24HR     0.0         6 = FREEZING RAIN OR DRIZZLE
                        GRTST DEPTH:   0           7 = DUSTSTORM OR SANDSTORM:
                                                       VSBY 1/2 MILE OR LESS
                                                   8 = SMOKE OR HAZE
[NO. OF DAYS WITH]      [WEATHER - DAYS WITH]      9 = BLOWING SNOW
                                                   X = TORNADO
MAX 32 OR BELOW:   0    0.01 INCH OR MORE:   6
MAX 90 OR ABOVE:   0    0.10 INCH OR MORE:   4
MIN 32 OR BELOW:   0    0.50 INCH OR MORE:   3
MIN  0 OR BELOW:   0    1.00 INCH OR MORE:   2

[HDD (BASE 65) ]
TOTAL THIS MO.   100    CLEAR  (SCALE 0-3)   2
DPTR FM NORMAL   -92    PTCLDY (SCALE 4-7)   8
TOTAL FM JUL 1   170    CLOUDY (SCALE 8-10)  8
DPTR FM NORMAL  -244

[CDD (BASE 65) ]
TOTAL THIS MO.     0
DPTR FM NORMAL     0    [PRESSURE DATA]
TOTAL FM JAN 1  2397    HIGHEST SLP M ON M
DPTR FM NORMAL   692    LOWEST  SLP 29.82 ON 12

[REMARKS]
