000
CXUS52 KMFL 231000
CF6OPF
PRELIMINARY LOCAL CLIMATOLOGICAL DATA (WS FORM: F-6)

                                          STATION:   OPA-LOCKA ARPT
                                          MONTH:     NOVEMBER
                                          YEAR:      2014
                                          LATITUDE:   25 53 N
                                          LONGITUDE:  80 17 W

  TEMPERATURE IN F:       :PCPN:    SNOW:  WIND      :SUNSHINE: SKY     :PK WND
================================================================================
1   2   3   4   5  6A  6B    7    8   9   10  11  12  13   14  15   16   17  18
                                     12Z  AVG MX 2MIN
DY MAX MIN AVG DEP HDD CDD  WTR  SNW DPTH SPD SPD DIR MIN PSBL S-S WX    SPD DR
================================================================================

 1  78  56  67  -9   0   2 0.00  0.0    0 13.1 26 280   M    M   0        32 280
 2  71  50  61 -15   4   0 0.00  0.0    0 10.7 17 350   M    M   1        22 350
 3  79  58  69  -7   0   4 0.00  0.0    0 12.8 23  60   M    M   6        27  60
 4  82  69  76   0   0  11    T  0.0    0 14.4 26  90   M    M   5        31  80
 5  83  72  78   3   0  13 0.30  0.0    0 12.4 26  80   M    M   6 1      32  70
 6  83  65  74  -1   0   9    T  0.0    0  4.9 14  80   M    M   3        18  80
 7  84  64  74  -1   0   9 0.00  0.0    0  5.2 14 330   M    M   3        17 320
 8  84  63  74  -1   0   9 0.00  0.0    0  4.2 13 170   M    M   2        23 160
 9  71  61  66  -9   0   1 0.45  0.0    0  5.3 15 330   M    M   7 13     18 330
10  75  60  68  -6   0   3 0.41  0.0    0  7.1 15 320   M    M   6 3      19 340
11  79  56  68  -6   0   3 0.00  0.0    0  8.2 17 280   M    M   0        22 300
12  83  62  73  -1   0   8 0.00  0.0    0  8.0 16 340   M    M   0        23 360
13  84  67  76   2   0  11 0.00  0.0    0  6.5 14  80   M    M   2        20  10
14  82  63  73  -1   0   8 0.00  0.0    0  5.5 12 350   M    M   0        20 270
15  82  64  73  -1   0   8 0.00  0.0    0  7.5 15 100   M    M   2        18 110
16  85  72  79   5   0  14    T  0.0    0  8.5 17 130   M    M   4        24 120
17  88  74  81   7   0  16 0.08  0.0    0 10.0 22 170   M    M   5 1      28 160
18  80  56  68  -5   0   3 0.05  0.0    0 10.4 20 350   M    M   7 18     25 350
19  65  54  60 -13   5   0 0.43  0.0    0 10.6 17 340   M    M   9 1      22 340
20  79  61  70  -3   0   5    T  0.0    0 11.9 22  60   M    M   8 1      27  50
21  74  69  72  -1   0   7 0.19  0.0    0 12.7 21  70   M    M  10 18     26  60
22  80  74  77   4   0  12 0.02  0.0    0 17.0 26 110   M    M  10        33  90
================================================================================
SM 1751 1390         9 156  1.93     0.0 206.9          M       96
================================================================================
AV 79.6 63.2                               9.4 FASTST   M    M   4    MAX(MPH)
                                 MISC ---->  # 26 280               # 33   90
================================================================================
NOTES:
# LAST OF SEVERAL OCCURRENCES

COLUMN 17 PEAK WIND IN M.P.H.

PRELIMINARY LOCAL CLIMATOLOGICAL DATA (WS FORM: F-6) , PAGE 2

                                          STATION:  OPA-LOCKA ARPT
                                          MONTH:    NOVEMBER
                                          YEAR:     2014
                                          LATITUDE:   25 53 N
                                          LONGITUDE:  80 17 W

[TEMPERATURE DATA]      [PRECIPITATION DATA]       SYMBOLS USED IN COLUMN 16

AVERAGE MONTHLY: 71.4   TOTAL FOR MONTH:   1.93    1 = FOG OR MIST
DPTR FM NORMAL:  -3.0   DPTR FM NORMAL:   -0.53    2 = FOG REDUCING VISIBILITY
HIGHEST:    88 ON 17    GRTST 24HR  0.86 ON  9-10      TO 1/4 MILE OR LESS
LOWEST:     50 ON  2                               3 = THUNDER
                        SNOW, ICE PELLETS, HAIL    4 = ICE PELLETS
                        TOTAL MONTH:   0.0 INCH    5 = HAIL
                        GRTST 24HR     0.0         6 = FREEZING RAIN OR DRIZZLE
                        GRTST DEPTH:   0           7 = DUSTSTORM OR SANDSTORM:
                                                       VSBY 1/2 MILE OR LESS
                                                   8 = SMOKE OR HAZE
[NO. OF DAYS WITH]      [WEATHER - DAYS WITH]      9 = BLOWING SNOW
                                                   X = TORNADO
MAX 32 OR BELOW:   0    0.01 INCH OR MORE:   8
MAX 90 OR ABOVE:   0    0.10 INCH OR MORE:   5
MIN 32 OR BELOW:   0    0.50 INCH OR MORE:   0
MIN  0 OR BELOW:   0    1.00 INCH OR MORE:   0

[HDD (BASE 65) ]
TOTAL THIS MO.     9    CLEAR  (SCALE 0-3)  10
DPTR FM NORMAL     9    PTCLDY (SCALE 4-7)   9
TOTAL FM JUL 1     9    CLOUDY (SCALE 8-10)  3
DPTR FM NORMAL     9

[CDD (BASE 65) ]
TOTAL THIS MO.   156
DPTR FM NORMAL   -51    [PRESSURE DATA]
TOTAL FM JAN 1  4325    HIGHEST SLP M ON M
DPTR FM NORMAL   234    LOWEST  SLP 29.82 ON  9

[REMARKS]
