000
CXUS53 KGRB 240641
CF6OSH
PRELIMINARY LOCAL CLIMATOLOGICAL DATA (WS FORM: F-6)

                                          STATION:   OSHKOSH WI
                                          MONTH:     JANUARY
                                          YEAR:      2017
                                          LATITUDE:   44  0 N
                                          LONGITUDE:  88 34 W

  TEMPERATURE IN F:       :PCPN:    SNOW:  WIND      :SUNSHINE: SKY     :PK WND
================================================================================
1   2   3   4   5  6A  6B    7    8   9   10  11  12  13   14  15   16   17  18
                                     12Z  AVG MX 2MIN
DY MAX MIN AVG DEP HDD CDD  WTR  SNW DPTH SPD SPD DIR MIN PSBL S-S WX    SPD DR
================================================================================

 1  33  18  26   7  39   0 0.00  0.0    1  6.5 14 200   M    M   1        19 220
 2  37  25  31  13  34   0    T    T    1  7.7 13  70   M    M   8 18     19  80
 3  34   8  21   3  44   0 0.05  0.0    1 12.2 32 290   M    M  10 12     39 290
 4   8  -1   4 -14  61   0 0.00  0.0    1 17.3 25 290   M    M   3 8      35 290
 5   2  -4  -1 -19  66   0 0.00  0.0    1 13.2 23 290   M    M   3 8      31 300
 6   4  -7  -1 -19  66   0 0.00  0.0    1  7.6 15 290   M    M   0        20 280
 7   9  -3   3 -15  62   0 0.00  0.0    1 10.5 23 290   M    M   1        29 290
 8  17  -3   7 -11  58   0 0.00  0.0    1  9.5 25 180   M    M   2        31 180
 9  26  16  21   3  44   0 0.18  3.4    4  9.0 20 200   M    M   9 18     26 210
10  38  14  26   8  39   0 0.61    T    2 13.7 25 270   M    M  10 1268   40 250
11  23  13  18   0  47   0 0.24  3.0    4  9.5 21 350   M    M   6 12     24 260
12  18   9  14  -4  51   0 0.00  0.0    4  9.1 17 350   M    M   6 8      22 360
13  11   1   6 -12  59   0 0.00  0.0    4  5.6 16 300   M    M   3        21 290
14  23   4  14  -4  51   0 0.00  0.0    4  2.4  9 270   M    M   5 18     11 270
15  25  -1  12  -6  53   0 0.00  0.0    4  3.2  9 190   M    M   0 18     12 220
16  34  17  26   8  39   0 0.44  0.0    1  4.4 12  70   M    M   6 18     15  90
17  34  33  34  16  31   0 0.12  0.0    1  7.6 16  40   M    M  10 1      19  40
18  35  32  34  16  31   0 0.00  0.0    1  9.6 21 200   M    M   6 12     26 210
19  34  32  33  15  32   0    T  0.0    1  4.4 14 220   M    M  10 12     19 220
20  36  33  35  17  30   0 0.17  0.0    1  4.9 10  40   M    M  10 12     12  50
21  41  34  38  20  27   0 0.03  0.0    1  4.3  9 200   M    M  10 12     13  90
22  40  34  37  19  28   0 0.00  0.0    T  2.6  9 290   M    M  10 12     12 290
23  39  34  37  19  28   0 0.00  0.0    M  5.7  9 290   M    M  10 12     11 290
================================================================================
SM  601  338      1020   0  1.84     6.4 180.5          M      139
================================================================================
AV 26.1 14.7                               7.8 FASTST   M    M   6    MAX(MPH)
                                 MISC ---->  # 32 290               # 40  250
================================================================================
NOTES:
# LAST OF SEVERAL OCCURRENCES

COLUMN 17 PEAK WIND IN M.P.H.

PRELIMINARY LOCAL CLIMATOLOGICAL DATA (WS FORM: F-6) , PAGE 2

                                          STATION:  OSHKOSH WI
                                          MONTH:    JANUARY
                                          YEAR:     2017
                                          LATITUDE:   44  0 N
                                          LONGITUDE:  88 34 W

[TEMPERATURE DATA]      [PRECIPITATION DATA]       SYMBOLS USED IN COLUMN 16

AVERAGE MONTHLY: 20.4   TOTAL FOR MONTH:   1.84    1 = FOG OR MIST
DPTR FM NORMAL:   2.4   DPTR FM NORMAL:    1.14    2 = FOG REDUCING VISIBILITY
HIGHEST:    41 ON 21    GRTST 24HR  0.71 ON  9-10      TO 1/4 MILE OR LESS
LOWEST:     -7 ON  6                               3 = THUNDER
                        SNOW, ICE PELLETS, HAIL    4 = ICE PELLETS
                        TOTAL MONTH:   6.4 INCHES  5 = HAIL
                        GRTST 24HR   3.4 ON   M    6 = FREEZING RAIN OR DRIZZLE
                        GRTST DEPTH:   4 ON 15,14  7 = DUSTSTORM OR SANDSTORM:
                                                       VSBY 1/2 MILE OR LESS
                                                   8 = SMOKE OR HAZE
[NO. OF DAYS WITH]      [WEATHER - DAYS WITH]      9 = BLOWING SNOW
                                                   X = TORNADO
MAX 32 OR BELOW:  11    0.01 INCH OR MORE:   8
MAX 90 OR ABOVE:   0    0.10 INCH OR MORE:   6
MIN 32 OR BELOW:  18    0.50 INCH OR MORE:   1
MIN  0 OR BELOW:   6    1.00 INCH OR MORE:   0

[HDD (BASE 65) ]
TOTAL THIS MO.  1020    CLEAR  (SCALE 0-3)   8
DPTR FM NORMAL   -59    PTCLDY (SCALE 4-7)   6
TOTAL FM JUL 1  3393    CLOUDY (SCALE 8-10)  9
DPTR FM NORMAL  -582

[CDD (BASE 65) ]
TOTAL THIS MO.     0
DPTR FM NORMAL     0    [PRESSURE DATA]
TOTAL FM JAN 1     0    HIGHEST SLP M ON M
DPTR FM NORMAL     0    LOWEST  SLP 29.08 ON 10

[REMARKS]
