000
CXUS53 KDMX 310920
CF6OTM
PRELIMINARY LOCAL CLIMATOLOGICAL DATA (WS FORM: F-6)

                                          STATION:   OTTUMWA IA
                                          MONTH:     JULY
                                          YEAR:      2014
                                          LATITUDE:   41  6 N
                                          LONGITUDE:  92 27 W

  TEMPERATURE IN F:       :PCPN:    SNOW:  WIND      :SUNSHINE: SKY     :PK WND
================================================================================
1   2   3   4   5  6A  6B    7    8   9   10  11  12  13   14  15   16   17  18
                                     12Z  AVG MX 2MIN
DY MAX MIN AVG DEP HDD CDD  WTR  SNW DPTH SPD SPD DIR MIN PSBL S-S WX    SPD DR
================================================================================

 1  80  63  72  -3   0   7 0.00  0.0    0 11.8 23 320   M    M   3 1      34 320
 2  65  53  59 -16   6   0 0.06  0.0    0  9.5 21 340   M    M   8 1      24 350
 3  77  51  64 -11   1   0 0.00  0.0    0  5.9 18 320   M    M   2 1      27 330
 4  78  52  65 -10   0   0 0.00  0.0    0  4.9 13 140   M    M   1 1      18 140
 5  72  61  67  -8   0   2 1.41  0.0    0  8.7 17 170   M    M   9 1      22 160
 6  86  68  77   2   0  12 0.31  0.0    0 11.3 29 340   M    M   2 1      54 330
 7  87  68  78   3   0  13    T  0.0    0  5.6 13 270   M    M   0 1      16 270
 8  79  64  72  -3   0   7 0.00  0.0    0 10.8 23 310   M    M   1        27 310
 9  79  59  69  -6   0   4 0.00  0.0    0  6.3 13 350   M    M   1        20 310
10  80  59  70  -5   0   5 0.00  0.0    0  7.9 15 150   M    M   0        20 160
11  77  64  71  -4   0   6 0.01  0.0    0  8.1 21 140   M    M   1 1      27 140
12  89  68  79   4   0  14 1.19  0.0    0  6.9 25 270   M    M   3 1      35 260
13  85  65  75   0   0  10 0.00  0.0    0  5.5 24 340   M    M   3 1      31 320
14  78  54  66  -9   0   1 0.00  0.0    0 11.5 26 320   M    M   2 1      32 320
15  71  52  62 -13   3   0 0.00  0.0    0 10.2 18 320   M    M   4        23 320
16  75  49  62 -13   3   0 0.00  0.0    0  3.6  9 330   M    M   1 1      15  50
17  77  52  65 -10   0   0 0.00  0.0    0  3.2  9 180   M    M   4 1      12 190
18  78  57  68  -7   0   3 0.00  0.0    0  6.0 13 130   M    M   4        16 170
19  80  59  70  -5   0   5 0.00  0.0    0  6.5 13 170   M    M   4        16 170
20  82  61  72  -3   0   7 0.00  0.0    0  8.3 17 180   M    M   0        23 190
21  87  67  77   2   0  12 0.00  0.0    0 11.5 20 160   M    M   2        28 160
22  90  71  81   6   0  16 0.37  0.0    0  9.4 24 190   M    M   1 1      42 190
23  82  60  71  -4   0   6 0.00  0.0    0  7.2 15  50   M    M   1        20  40
24  79  56  68  -7   0   3    T  0.0    0  6.1 21 180   M    M   1        28 180
25  78  60  69  -6   0   4 1.90  0.0    0 12.1 25 180   M    M   6 1      36 190
26  83  67  75   0   0  10 0.00  0.0    0  5.2 14  30   M    M   3 1      18  60
27  79  64  72  -3   0   7 0.00  0.0    0 13.5 29 310   M    M   3 12     35 310
28  74  57  66  -9   0   1 0.00  0.0    0  8.0 16 350   M    M   3        20 330
29  78  55  67  -8   0   2 0.00  0.0    0  6.8 15 330   M    M   1 1      19 330
30  80  55  68  -7   0   3 0.00  0.0    0  5.0 14 330   M    M   1 1      17 340
================================================================================
SM 2385 1791        13 160  5.25     0.0 237.3          M       75
================================================================================
AV 79.5 59.7                               7.9 FASTST   M    M   3    MAX(MPH)
                                 MISC ---->  # 29 340               # 54  330
================================================================================
NOTES:
# LAST OF SEVERAL OCCURRENCES

COLUMN 17 PEAK WIND IN M.P.H.

PRELIMINARY LOCAL CLIMATOLOGICAL DATA (WS FORM: F-6) , PAGE 2

                                          STATION:  OTTUMWA IA
                                          MONTH:    JULY
                                          YEAR:     2014
                                          LATITUDE:   41  6 N
                                          LONGITUDE:  92 27 W

[TEMPERATURE DATA]      [PRECIPITATION DATA]       SYMBOLS USED IN COLUMN 16

AVERAGE MONTHLY: 69.6   TOTAL FOR MONTH:   5.25    1 = FOG OR MIST
DPTR FM NORMAL:  -5.4   DPTR FM NORMAL:    0.92    2 = FOG REDUCING VISIBILITY
HIGHEST:    90 ON 22    GRTST 24HR  1.90 ON 24-25      TO 1/4 MILE OR LESS
LOWEST:     49 ON 16                               3 = THUNDER
                        SNOW, ICE PELLETS, HAIL    4 = ICE PELLETS
                        TOTAL MONTH:   0.0 INCH    5 = HAIL
                        GRTST 24HR     0.0         6 = FREEZING RAIN OR DRIZZLE
                        GRTST DEPTH:   0           7 = DUSTSTORM OR SANDSTORM:
                                                       VSBY 1/2 MILE OR LESS
                                                   8 = SMOKE OR HAZE
[NO. OF DAYS WITH]      [WEATHER - DAYS WITH]      9 = BLOWING SNOW
                                                   X = TORNADO
MAX 32 OR BELOW:   0    0.01 INCH OR MORE:   7
MAX 90 OR ABOVE:   1    0.10 INCH OR MORE:   5
MIN 32 OR BELOW:   0    0.50 INCH OR MORE:   3
MIN  0 OR BELOW:   0    1.00 INCH OR MORE:   3

[HDD (BASE 65) ]
TOTAL THIS MO.    13    CLEAR  (SCALE 0-3)  22
DPTR FM NORMAL    13    PTCLDY (SCALE 4-7)   7
TOTAL FM JUL 1    13    CLOUDY (SCALE 8-10)  1
DPTR FM NORMAL    13

[CDD (BASE 65) ]
TOTAL THIS MO.   160
DPTR FM NORMAL  -140    [PRESSURE DATA]
TOTAL FM JAN 1   485    HIGHEST SLP M ON M
DPTR FM NORMAL   -80    LOWEST  SLP 29.67 ON  7

[REMARKS]
