031
CXUS55 KLOX 221655
CF6OXR
PRELIMINARY LOCAL CLIMATOLOGICAL DATA (WS FORM: F-6)

                                          STATION:   OXNARD AIRPORT CA
                                          MONTH:     JANUARY
                                          YEAR:      2017
                                          LATITUDE:   34 12 N
                                          LONGITUDE: 119 12 W

  TEMPERATURE IN F:       :PCPN:    SNOW:  WIND      :SUNSHINE: SKY     :PK WND
================================================================================
1   2   3   4   5  6A  6B    7    8   9   10  11  12  13   14  15   16   17  18
                                     12Z  AVG MX 2MIN
DY MAX MIN AVG DEP HDD CDD  WTR  SNW DPTH SPD SPD DIR MIN PSBL S-S WX    SPD DR
================================================================================

 1  60  42  51  -4  14   0 0.00  0.0    0  6.0 20 270   M    M   2 8      24 270
 2  58  50  54  -1  11   0 0.00  0.0    0  4.9  9 130   M    M   7 8      13 140
 3  61  48  55   0  10   0 0.00  0.0    0  4.6  9  40   M    M   6        12  40
 4  58  53  56   1   9   0 0.70  0.0    0  3.9  8  40   M    M  10 1      14  30
 5  63  53  58   3   7   0 0.37  0.0    0  8.2 18 260   M    M   7 128    23 270
 6  67  48  58   3   7   0 0.00  0.0    0  6.4 15  80   M    M   2 18     18 120
 7  62  49  56   1   9   0 0.37    M    0  9.2 17  40   M    M   9        21  30
 8  74  57  66  11   0   1 0.03  0.0    0  6.6 14  30   M    M   1        17  20
 9  62  54  58   3   7   0 0.79  0.0    0  4.3 16  60   M    M   7 18     19  60
10  63  52  58   3   7   0 0.02  0.0    0  5.9 15 250   M    M   8 18     19 240
11  63  56  60   5   5   0 0.32  0.0    0  8.3 18 270   M    M   7 18     23 220
12  58  48  53  -2  12   0 0.16    M    0  3.5 10 320   M    M   8 18     12 210
13  63  46  55   0  10   0 0.00  0.0    0  6.3 17  70   M    M   3        25  80
14  67  47  57   2   8   0 0.00  0.0    0  4.9 18 260   M    M   1 18     21 270
15  66  45  56   1   9   0 0.00  0.0    0  4.3 12 290   M    M   4 18     18 240
16  63  48  56   1   9   0 0.00  0.0    0  6.8 18 270   M    M   1 18     22 280
17  66  43  55   0  10   0 0.00  0.0    0  4.3 12 230   M    M   0 8      14 200
18  60  46  53  -2  12   0 0.11    M    0  5.6 10 110   M    M   7 18     14 230
19  63  52  58   3   7   0 1.18  0.0    0 11.0 22 270   M    M   5 18     27 250
20  61  51  56   1   9   0 1.03  0.0    0 15.4 32 260   M    M   7 18     40 260
21  61  45  53  -2  12   0    T    M    0 10.7 25 280   M    M   2 8      32 270
================================================================================
SM 1319 1033       184   1  5.08     0.0 141.1          M      104
================================================================================
AV 62.8 49.2                               6.7 FASTST   M    M   5    MAX(MPH)
                                 MISC ---->  # 32 260               # 40  260
================================================================================
NOTES:
# LAST OF SEVERAL OCCURRENCES

COLUMN 17 PEAK WIND IN M.P.H.

PRELIMINARY LOCAL CLIMATOLOGICAL DATA (WS FORM: F-6) , PAGE 2

                                          STATION:  OXNARD AIRPORT CA
                                          MONTH:    JANUARY
                                          YEAR:     2017
                                          LATITUDE:   34 12 N
                                          LONGITUDE: 119 12 W

[TEMPERATURE DATA]      [PRECIPITATION DATA]       SYMBOLS USED IN COLUMN 16

AVERAGE MONTHLY: 56.0   TOTAL FOR MONTH:   5.08    1 = FOG OR MIST
DPTR FM NORMAL:   1.0   DPTR FM NORMAL:    2.60    2 = FOG REDUCING VISIBILITY
HIGHEST:    74 ON  8    GRTST 24HR  1.29 ON 18-19      TO 1/4 MILE OR LESS
LOWEST:     42 ON  1                               3 = THUNDER
                        SNOW, ICE PELLETS, HAIL    4 = ICE PELLETS
                        TOTAL MONTH:   0.0 INCH    5 = HAIL
                        GRTST 24HR     0.0         6 = FREEZING RAIN OR DRIZZLE
                        GRTST DEPTH:   0           7 = DUSTSTORM OR SANDSTORM:
                                                       VSBY 1/2 MILE OR LESS
                                                   8 = SMOKE OR HAZE
[NO. OF DAYS WITH]      [WEATHER - DAYS WITH]      9 = BLOWING SNOW
                                                   X = TORNADO
MAX 32 OR BELOW:   0    0.01 INCH OR MORE:  11
MAX 90 OR ABOVE:   0    0.10 INCH OR MORE:   9
MIN 32 OR BELOW:   0    0.50 INCH OR MORE:   4
MIN  0 OR BELOW:   0    1.00 INCH OR MORE:   2

[HDD (BASE 65) ]
TOTAL THIS MO.   184    CLEAR  (SCALE 0-3)   7
DPTR FM NORMAL   -26    PTCLDY (SCALE 4-7)  11
TOTAL FM JUL 1   537    CLOUDY (SCALE 8-10)  3
DPTR FM NORMAL  -375

[CDD (BASE 65) ]
TOTAL THIS MO.     1
DPTR FM NORMAL     1    [PRESSURE DATA]
TOTAL FM JAN 1     1    HIGHEST SLP M ON M
DPTR FM NORMAL     1    LOWEST  SLP 29.38 ON 20

[REMARKS]
