000
CXUS53 KDDC 231200
CF6P28
PRELIMINARY LOCAL CLIMATOLOGICAL DATA (WS FORM: F-6)

                                          STATION:   MEDICINE LODGE KS
                                          MONTH:     NOVEMBER
                                          YEAR:      2017
                                          LATITUDE:   37 17 N
                                          LONGITUDE:  98 35 W

  TEMPERATURE IN F:       :PCPN:    SNOW:  WIND      :SUNSHINE: SKY     :PK WND
================================================================================
1   2   3   4   5  6A  6B    7    8   9   10  11  12  13   14  15   16   17  18
                                     12Z  AVG MX 2MIN
DY MAX MIN AVG DEP HDD CDD  WTR  SNW DPTH SPD SPD DIR MIN PSBL S-S WX    SPD DR
================================================================================

 1  65  36  51  -1  14   0 0.00  0.0    0  9.0 16 160   M    M   0        26 150
 2  53  42  48  -4  17   0 0.00  0.0    0 11.6 26  10   M    M   0        33  10
 3  49  38  44  -7  21   0 0.00  0.0    0  6.8 15  10   M    M   0        21  20
 4  54  40  47  -4  18   0 0.00  0.0    0  4.1  9 110   M    M   0        13 100
 5  50  33  42  -8  23   0 0.00  0.0    0  9.0 21 350   M    M   0        30 350
 6  51  31  41  -9  24   0 0.00  0.0    0  7.6 16 350   M    M   0        21  30
 7  46  32  39 -10  26   0 0.00  0.0    0 10.8 21 360   M    M   0        29 360
 8  53  26  40  -9  25   0 0.00  0.0    0  4.5 10 360   M    M   0        14 150
 9  58  24  41  -7  24   0 0.00  0.0    0  5.8 15  50   M    M   0        22  50
10  56  34  45  -3  20   0 0.00  0.0    0  9.1 22 170   M    M   0        30 160
11  55  45  50   2  15   0 0.11  0.0    0  7.6 14 150   M    M   0        25 160
12  60  41  51   4  14   0 0.00  0.0    0  9.1 18  10   M    M   0        27  30
13  53  42  48   1  17   0 0.00  0.0    0  7.3 15 160   M    M   0        22 160
14  68  51  60  14   5   0 0.01  0.0    0  8.6 20 170   M    M   0        26 170
15  62  35  49   3  16   0 0.00    M    M 10.4 24  20   M    M   0        33  10
16  63  29  46   1  19   0 0.00  0.0    0  9.1 21 170   M    M   0        29 170
17  78  53  66  21   0   1 0.00  0.0    0 10.6 20 270   M    M   0        32 260
18  68  31  50   6  15   0 0.00  0.0    0 16.6 33 340   M    M   0        48 340
19  63  23  43  -1  22   0 0.00  0.0    0  8.2 20 200   M    M   0        32 190
20  67  35  51   8  14   0 0.00  0.0    0 11.4 22 200   M    M   0        32 210
21  56  26  41  -2  24   0 0.00  0.0    0 13.0 33  10   M    M   0        47  10
22  50  21  36  -6  29   0 0.00  0.0    0  5.8 15 180   M    M   0        21 160
================================================================================
SM 1278  768       402   1  0.12     0.0 196.0          M        0
================================================================================
AV 58.1 34.9                               8.9 FASTST   M    M   0    MAX(MPH)
                                 MISC ---->  # 33 340               # 48  340
================================================================================
NOTES:
# LAST OF SEVERAL OCCURRENCES

COLUMN 17 PEAK WIND IN M.P.H.

PRELIMINARY LOCAL CLIMATOLOGICAL DATA (WS FORM: F-6) , PAGE 2

                                          STATION:  MEDICINE LODGE KS
                                          MONTH:    NOVEMBER
                                          YEAR:     2017
                                          LATITUDE:   37 17 N
                                          LONGITUDE:  98 35 W

[TEMPERATURE DATA]      [PRECIPITATION DATA]       SYMBOLS USED IN COLUMN 16

AVERAGE MONTHLY: 46.5   TOTAL FOR MONTH:   0.12    1 = FOG OR MIST
DPTR FM NORMAL:  -0.8   DPTR FM NORMAL:   -0.64    2 = FOG REDUCING VISIBILITY
HIGHEST:    78 ON 17    GRTST 24HR  0.11 ON 11-11      TO 1/4 MILE OR LESS
LOWEST:     21 ON 22                               3 = THUNDER
                        SNOW, ICE PELLETS, HAIL    4 = ICE PELLETS
                        TOTAL MONTH:   0.0 INCH    5 = HAIL
                        GRTST 24HR     0.0         6 = FREEZING RAIN OR DRIZZLE
                        GRTST DEPTH:   0           7 = DUSTSTORM OR SANDSTORM:
                                                       VSBY 1/2 MILE OR LESS
                                                   8 = SMOKE OR HAZE
[NO. OF DAYS WITH]      [WEATHER - DAYS WITH]      9 = BLOWING SNOW
                                                   X = TORNADO
MAX 32 OR BELOW:   0    0.01 INCH OR MORE:   2
MAX 90 OR ABOVE:   0    0.10 INCH OR MORE:   1
MIN 32 OR BELOW:   9    0.50 INCH OR MORE:   0
MIN  0 OR BELOW:   0    1.00 INCH OR MORE:   0

[HDD (BASE 65) ]
TOTAL THIS MO.   402    CLEAR  (SCALE 0-3)  22
DPTR FM NORMAL    12    PTCLDY (SCALE 4-7)   0
TOTAL FM JUL 1   645    CLOUDY (SCALE 8-10)  0
DPTR FM NORMAL   -14

[CDD (BASE 65) ]
TOTAL THIS MO.     1
DPTR FM NORMAL     1    [PRESSURE DATA]
TOTAL FM JAN 1  1656    HIGHEST SLP M ON M
DPTR FM NORMAL  -113    LOWEST  SLP 29.41 ON 17

[REMARKS]
