000
CXUS53 KDDC 291200
CF6P28
PRELIMINARY LOCAL CLIMATOLOGICAL DATA (WS FORM: F-6)

                                          STATION:   MEDICINE LODGE KS
                                          MONTH:     MARCH
                                          YEAR:      2015
                                          LATITUDE:   37 17 N
                                          LONGITUDE:  98 35 W

  TEMPERATURE IN F:       :PCPN:    SNOW:  WIND      :SUNSHINE: SKY     :PK WND
================================================================================
1   2   3   4   5  6A  6B    7    8   9   10  11  12  13   14  15   16   17  18
                                     12Z  AVG MX 2MIN
DY MAX MIN AVG DEP HDD CDD  WTR  SNW DPTH SPD SPD DIR MIN PSBL S-S WX    SPD DR
================================================================================

 1  35  20  28 -14  37   0 0.00  0.0    0  3.5 14  20   M    M   0        18  20
 2  33  20  27 -15  38   0 0.00  0.0    0  6.5 15 180   M    M   0        24 150
 3  52  32  42  -1  23   0 0.00  0.0    0 12.1 22  20   M    M   0        30  20
 4  32  18  25 -18  40   0 0.02  0.3    0 14.4 26  30   M    M   0        33  30
 5  48  10  29 -14  36   0 0.00  0.0    0  6.0 16 270   M    M   0        20 270
 6  65  24  45   1  20   0 0.00  0.0    0  7.4 15 200   M    M   0        20 220
 7  70  26  48   4  17   0 0.00  0.0    0  4.7 13 180   M    M   0        17 200
 8  67  38  53   9  12   0 0.00  0.0    0  5.8 12 190   M    M   0        14 200
 9  65  38  52   7  13   0 0.00  0.0    0  5.3 13 170   M    M   0        16 180
10  74  40  57  12   8   0 0.00  0.0    0  4.0 12 170   M    M   0        16 240
11  77  33  55  10  10   0 0.00  0.0    0  3.3 12 130   M    M   0        17 190
12  73  37  55   9  10   0 0.00  0.0    0  5.4 14 160   M    M   0        19 180
13  76  35  56  10   9   0 0.00  0.0    0 10.8 24  20   M    M   0        31  20
14  68  38  53   7  12   0 0.00  0.0    0 12.1 22 360   M    M   0        30 360
15  75  28  52   6  13   0 0.00  0.0    0  7.5 18 180   M    M   0        23 180
16  88  42  65  18   0   0 0.00  0.0    0 10.1 25 210   M    M   0        34 210
17  61  38  50   3  15   0 0.00  0.0    0 18.4 36  20   M    M   0        46  10
18  54  44  49   2  16   0 0.00  0.0    0  6.5 12  70   M    M   0        16  40
19  49  43  46  -2  19   0 0.28  0.0    0  5.5 14  20   M    M   0        16  20
20  67  33  50   2  15   0 0.00  0.0    0  5.4 16 190   M    M   0        20 190
21  70  35  53   5  12   0 0.00  0.0    0  6.0 14 140   M    M   0        19 180
22  73  47  60  11   5   0 0.00  0.0    0  6.6 14 190   M    M   0        18 190
23  72  46  59  10   6   0 0.00  0.0    0 10.4 20  40   M    M   0        25  30
24  76  47  62  13   3   0 0.00  0.0    0  9.8 29 340   M    M   0        37 330
25  64  39  52   3  13   0 0.08  0.0    0 15.8 41  20   M    M   0        50  20
26  64  33  49  -1  16   0 0.00  0.0    0  7.8 16 310   M    M   0        23 320
27  56  37  47  -3  18   0 0.00  0.0    0  9.5 24  10   M    M   0        31  10
28  77  36  57   7   8   0 0.00  0.0    0  7.4 14 140   M    M   0        21 150
================================================================================
SM 1781  957       444   0  0.38     0.3 228.0          M        0
================================================================================
AV 63.6 34.2                               8.1 FASTST   M    M   0    MAX(MPH)
                                 MISC ---->  # 41  20               # 50   20
================================================================================
NOTES:
# LAST OF SEVERAL OCCURRENCES

COLUMN 17 PEAK WIND IN M.P.H.

PRELIMINARY LOCAL CLIMATOLOGICAL DATA (WS FORM: F-6) , PAGE 2

                                          STATION:  MEDICINE LODGE KS
                                          MONTH:    MARCH
                                          YEAR:     2015
                                          LATITUDE:   37 17 N
                                          LONGITUDE:  98 35 W

[TEMPERATURE DATA]      [PRECIPITATION DATA]       SYMBOLS USED IN COLUMN 16

AVERAGE MONTHLY: 48.9   TOTAL FOR MONTH:   0.38    1 = FOG OR MIST
DPTR FM NORMAL:   2.6   DPTR FM NORMAL:   -1.65    2 = FOG REDUCING VISIBILITY
HIGHEST:    88 ON 16    GRTST 24HR  0.28 ON 19-19      TO 1/4 MILE OR LESS
LOWEST:     10 ON  5                               3 = THUNDER
                        SNOW, ICE PELLETS, HAIL    4 = ICE PELLETS
                        TOTAL MONTH:   0.3 INCH    5 = HAIL
                        GRTST 24HR   0.3 ON   M    6 = FREEZING RAIN OR DRIZZLE
                        GRTST DEPTH:   0           7 = DUSTSTORM OR SANDSTORM:
                                                       VSBY 1/2 MILE OR LESS
                                                   8 = SMOKE OR HAZE
[NO. OF DAYS WITH]      [WEATHER - DAYS WITH]      9 = BLOWING SNOW
                                                   X = TORNADO
MAX 32 OR BELOW:   1    0.01 INCH OR MORE:   3
MAX 90 OR ABOVE:   0    0.10 INCH OR MORE:   1
MIN 32 OR BELOW:   8    0.50 INCH OR MORE:   0
MIN  0 OR BELOW:   0    1.00 INCH OR MORE:   0

[HDD (BASE 65) ]
TOTAL THIS MO.   444    CLEAR  (SCALE 0-3)  28
DPTR FM NORMAL   -82    PTCLDY (SCALE 4-7)   0
TOTAL FM JUL 1  4018    CLOUDY (SCALE 8-10)  0
DPTR FM NORMAL   -37

[CDD (BASE 65) ]
TOTAL THIS MO.     0
DPTR FM NORMAL     0    [PRESSURE DATA]
TOTAL FM JAN 1     0    HIGHEST SLP M ON M
DPTR FM NORMAL     0    LOWEST  SLP 29.69 ON  3

[REMARKS]
