000
CXUS56 KLKN 231026
CF6P68
PRELIMINARY LOCAL CLIMATOLOGICAL DATA (WS FORM: F-6)

                                          STATION:   EUREKA AIRPORT NV
                                          MONTH:     FEBRUARY
                                          YEAR:      2018
                                          LATITUDE:   39 30 N
                                          LONGITUDE: 115 58 W

  TEMPERATURE IN F:       :PCPN:    SNOW:  WIND      :SUNSHINE: SKY     :PK WND
================================================================================
1   2   3   4   5  6A  6B    7    8   9   10  11  12  13   14  15   16   17  18
                                     12Z  AVG MX 2MIN
DY MAX MIN AVG DEP HDD CDD  WTR  SNW DPTH SPD SPD DIR MIN PSBL S-S WX    SPD DR
================================================================================

 1  54  30  42  16  23   0 0.00    M    M  4.1  9 220   M    M   M        10 220
 2  55  25  40  14  25   0 0.00    M    M  3.9  9 210   M    M   M        13 210
 3  54  26  40  14  25   0 0.00    M    M  5.0 13  40   M    M   M        15  30
 4  57  25  41  15  24   0 0.00    M    M  4.6 13 200   M    M   M        15 190
 5  54  28  41  14  24   0 0.00    M    M  7.3 21  20   M    M   M        27  20
 6  47  19  33   6  32   0 0.00    M    M  6.1 18  10   M    M   M        24  30
 7  54  20  37  10  28   0 0.00    M    M  4.0 10 200   M    M   M        11 200
 8  61  25  43  16  22   0 0.00    M    M  5.4 15 190   M    M   M        15 200
 9  59  27  43  15  22   0 0.00    M    M  7.0 20 290   M    M   M        25 300
10  43  12  28   0  37   0 0.00    M    M 10.7 29 350   M    M   M        37 340
11  47  10  29   1  36   0 0.00    M    M  7.1 22 150   M    M   M        29 140
12  36  14  25  -3  40   0 0.03    M    M  6.2 21  30   M    M   M        26  20
13  41  13  27  -2  38   0 0.00    M    M  2.3  8 190   M    M   M        13 340
14  47  16  32   3  33   0 0.00    M    M  7.7 18 290   M    M   M        25 300
15  35  11  23  -6  42   0 0.03    M    M  6.3 20  10   M    M   M        30  10
16  51   9  30   0  35   0 0.00    M    M  5.7 16 320   M    M   M        22 270
17  60  17  39   9  26   0 0.00    M    M  7.0 18 260   M    M   M        24 270
18  56  22  39   9  26   0 0.11    M    M 12.2 33 270   M    M   M        43 280
19  25   6  16 -14  49   0 0.03    M    M  7.0 23 350   M    M   M        29 350
20  26  -1  13 -18  52   0 0.00    M    M  4.5 15 300   M    M   M        19 300
21  30   8  19 -12  46   0 0.00    M    M  3.7 13 360   M    M   M        16 350
22  31  11  21 -10  44   0 0.00    M    M  5.7 25 280   M    M   M        33 280
================================================================================
SM 1023  373       729   0  0.20    M    133.5          M        M
================================================================================
AV 46.5 17.0                               6.1 FASTST   M    M   2    MAX(MPH)
                                 MISC ---->  # 33 270               # 43  280
================================================================================
NOTES:
# LAST OF SEVERAL OCCURRENCES

COLUMN 17 PEAK WIND IN M.P.H.

PRELIMINARY LOCAL CLIMATOLOGICAL DATA (WS FORM: F-6) , PAGE 2

                                          STATION:  EUREKA AIRPORT NV
                                          MONTH:    FEBRUARY
                                          YEAR:     2018
                                          LATITUDE:   39 30 N
                                          LONGITUDE: 115 58 W

[TEMPERATURE DATA]      [PRECIPITATION DATA]       SYMBOLS USED IN COLUMN 16

AVERAGE MONTHLY: 31.7   TOTAL FOR MONTH:   0.20    1 = FOG OR MIST
DPTR FM NORMAL:   3.4   DPTR FM NORMAL:   -0.46    2 = FOG REDUCING VISIBILITY
HIGHEST:    61 ON  8    GRTST 24HR  0.11 ON 18-18      TO 1/4 MILE OR LESS
LOWEST:     -1 ON 20                               3 = THUNDER
                        SNOW, ICE PELLETS, HAIL    4 = ICE PELLETS
                        TOTAL MONTH:    M          5 = HAIL
                        GRTST 24HR    M  ON   M    6 = FREEZING RAIN OR DRIZZLE
                        GRTST DEPTH:  M  ON   M    7 = DUSTSTORM OR SANDSTORM:
                                                       VSBY 1/2 MILE OR LESS
                                                   8 = SMOKE OR HAZE
[NO. OF DAYS WITH]      [WEATHER - DAYS WITH]      9 = BLOWING SNOW
                                                   X = TORNADO
MAX 32 OR BELOW:   4    0.01 INCH OR MORE:   4
MAX 90 OR ABOVE:   0    0.10 INCH OR MORE:   1
MIN 32 OR BELOW:  22    0.50 INCH OR MORE:   0
MIN  0 OR BELOW:   1    1.00 INCH OR MORE:   0

[HDD (BASE 65) ]
TOTAL THIS MO.   729    CLEAR  (SCALE 0-3)   0
DPTR FM NORMAL   -78    PTCLDY (SCALE 4-7)   0
TOTAL FM JUL 1  4379    CLOUDY (SCALE 8-10)  0
DPTR FM NORMAL  -711

[CDD (BASE 65) ]
TOTAL THIS MO.     0
DPTR FM NORMAL     0    [PRESSURE DATA]
TOTAL FM JAN 1     0    HIGHEST SLP M ON M
DPTR FM NORMAL     0    LOWEST  SLP 29.52 ON 18

[REMARKS]
