000
CXUS56 KLKN 211009
CF6P68
PRELIMINARY LOCAL CLIMATOLOGICAL DATA (WS FORM: F-6)

                                          STATION:   EUREKA AIRPORT NV
                                          MONTH:     OCTOBER
                                          YEAR:      2017
                                          LATITUDE:   39 30 N
                                          LONGITUDE: 115 58 W

  TEMPERATURE IN F:       :PCPN:    SNOW:  WIND      :SUNSHINE: SKY     :PK WND
================================================================================
1   2   3   4   5  6A  6B    7    8   9   10  11  12  13   14  15   16   17  18
                                     12Z  AVG MX 2MIN
DY MAX MIN AVG DEP HDD CDD  WTR  SNW DPTH SPD SPD DIR MIN PSBL S-S WX    SPD DR
================================================================================

 1  61  32  47  -5  18   0 0.00    M    M  7.8 21 310   M    M   M        27 300
 2  52  20  36 -16  29   0 0.00    M    M  4.0 15  20   M    M   M        20 320
 3  59  27  43  -8  22   0 0.15    M    M  9.3 26  80   M    M   M        35  80
 4  57  33  45  -6  20   0 0.13    M    M  5.3 15 240   M    M   M        21 260
 5  60  28  44  -6  21   0 0.00    M    M  5.0 16  10   M    M   M        22  10
 6  64  27  46  -4  19   0 0.00    M    M  5.5200  12   M    M   M       190  12
 7  76  31  54   4  11   0 0.00    M    M  8.1 18 280   M    M   M        23 280
 8  50  22  36 -13  29   0 0.00    M    M 10.2 29 350   M    M   M        38 360
 9  55  17  36 -13  29   0 0.00    M    M  4.6 12 170   M    M   M        15 170
10  65  20  43  -5  22   0 0.00    M    M  9.1 22 160   M    M   M        28 150
11  69  28  49   1  16   0 0.00    M    M  5.1 18 170   M    M   M        24 170
12  58  17  38 -10  27   0 0.00    M    M  3.8 15 270   M    M   M        17 280
13  64  23  44  -3  21   0 0.00    M    M  8.8 25 270   M    M   M        31 270
14  53  19  36 -11  29   0 0.00    M    M  5.4 13 350   M    M   M        15 330
15  68  15  42  -4  23   0 0.00    M    M  4.5 10 190   M    M   M        12 190
16  74  24  49   3  16   0 0.00    M    M  5.9 14 210   M    M   M        16 210
17  77  30  54   8  11   0 0.00    M    M  5.9 17 360   M    M   M        21 360
18  74  24  49   4  16   0 0.00    M    M  4.7 12 200   M    M   M        13 200
19  75  33  54   9  11   0 0.00    M    M  8.0 20 160   M    M   M        32 250
20  55  22  39  -6  26   0 0.00    M    M 11.2 29 310   M    M   M        40 250
================================================================================
SM 1266  492       416   0  0.28    M    132.2          M        M
================================================================================
AV 63.3 24.6                               6.6 FASTST   M    M   0    MAX(MPH)
                                 MISC ---->  #200  12               #190   12
================================================================================
NOTES:
# LAST OF SEVERAL OCCURRENCES

COLUMN 17 PEAK WIND IN M.P.H.

PRELIMINARY LOCAL CLIMATOLOGICAL DATA (WS FORM: F-6) , PAGE 2

                                          STATION:  EUREKA AIRPORT NV
                                          MONTH:    OCTOBER
                                          YEAR:     2017
                                          LATITUDE:   39 30 N
                                          LONGITUDE: 115 58 W

[TEMPERATURE DATA]      [PRECIPITATION DATA]       SYMBOLS USED IN COLUMN 16

AVERAGE MONTHLY: 44.0   TOTAL FOR MONTH:   0.28    1 = FOG OR MIST
DPTR FM NORMAL:  -4.3   DPTR FM NORMAL:   -0.16    2 = FOG REDUCING VISIBILITY
HIGHEST:    77 ON 17    GRTST 24HR  0.15 ON  3- 3      TO 1/4 MILE OR LESS
LOWEST:     15 ON 15                               3 = THUNDER
                        SNOW, ICE PELLETS, HAIL    4 = ICE PELLETS
                        TOTAL MONTH:    M          5 = HAIL
                        GRTST 24HR    M  ON   M    6 = FREEZING RAIN OR DRIZZLE
                        GRTST DEPTH:  M  ON   M    7 = DUSTSTORM OR SANDSTORM:
                                                       VSBY 1/2 MILE OR LESS
                                                   8 = SMOKE OR HAZE
[NO. OF DAYS WITH]      [WEATHER - DAYS WITH]      9 = BLOWING SNOW
                                                   X = TORNADO
MAX 32 OR BELOW:   0    0.01 INCH OR MORE:   2
MAX 90 OR ABOVE:   0    0.10 INCH OR MORE:   2
MIN 32 OR BELOW:  18    0.50 INCH OR MORE:   0
MIN  0 OR BELOW:   0    1.00 INCH OR MORE:   0

[HDD (BASE 65) ]
TOTAL THIS MO.   416    CLEAR  (SCALE 0-3)   0
DPTR FM NORMAL    81    PTCLDY (SCALE 4-7)   0
TOTAL FM JUL 1   682    CLOUDY (SCALE 8-10)  0
DPTR FM NORMAL    83

[CDD (BASE 65) ]
TOTAL THIS MO.     0
DPTR FM NORMAL     0    [PRESSURE DATA]
TOTAL FM JAN 1   570    HIGHEST SLP 24.86 ON 10
DPTR FM NORMAL   282    LOWEST  SLP 29.50 ON 20

[REMARKS]
