000
CXUS53 KPAH 280643
CF6PAH
PRELIMINARY LOCAL CLIMATOLOGICAL DATA (WS FORM: F-6)

                                          STATION:   PADUCAH KY
                                          MONTH:     JUNE
                                          YEAR:      2017
                                          LATITUDE:   37  4 N
                                          LONGITUDE:  88 46 W

  TEMPERATURE IN F:       :PCPN:    SNOW:  WIND      :SUNSHINE: SKY     :PK WND
================================================================================
1   2   3   4   5  6A  6B    7    8   9   10  11  12  13   14  15   16   17  18
                                     12Z  AVG MX 2MIN
DY MAX MIN AVG DEP HDD CDD  WTR  SNW DPTH SPD SPD DIR MIN PSBL S-S WX    SPD DR
================================================================================

 1  86  62  74   2   0   9 0.00  0.0    0  3.7 14 110   M    M   1 1      16 110
 2  89  66  78   6   0  13 0.00  0.0    0  3.1 10  90   M    M   2        14 150
 3  88  66  77   5   0  12 0.00  0.0    0  4.5 14 120   M    M   2 18     22 150
 4  85  68  77   4   0  12 0.22  0.0    0  2.8 16 180   M    M   3 138    24 170
 5  80  69  75   2   0  10 1.02  0.0    0  2.5 10 170   M    M   5 13     14 220
 6  83  62  73   0   0   8 0.00  0.0    0  7.7 20  40   M    M   4 12     26  30
 7  81  58  70  -4   0   5 0.00  0.0    0  7.2 18  10   M    M   1        23  20
 8  80  54  67  -7   0   2 0.00  0.0    0  5.2 15  20   M    M   0        20  20
 9  84  55  70  -4   0   5 0.00  0.0    0  3.8 14 260   M    M   0        17 280
10  85  59  72  -2   0   7 0.00  0.0    0  6.7 16 240   M    M   1        22 250
11  89  66  78   3   0  13 0.00  0.0    0  6.7 16 170   M    M   1        23 160
12  92  76  84   9   0  19 0.00  0.0    0  6.9 15 240   M    M   2        21 230
13  93  73  83   8   0  18 0.00  0.0    0  6.5 16 240   M    M   2 3      21 250
14  93  74  84   9   0  19 0.00  0.0    0  6.7 15 230   M    M   2        22 250
15  88  69  79   3   0  14 0.61  0.0    0  3.9 16 280   M    M   3 138    21 280
16  89  69  79   3   0  14 0.00  0.0    0  5.0 13 140   M    M   3 128    16 140
17  88  66  77   1   0  12 0.00  0.0    0  6.9 18 170   M    M   2 18     24 170
18  81  69  75  -1   0  10 2.82  0.0    0  4.6 22 290   M    M   7 138    31 290
19  86  64  75  -2   0  10 0.00  0.0    0  5.5 12 320   M    M   1        22  70
20  90  66  78   1   0  13 0.00  0.0    0  3.5  9 310   M    M   1        12 310
21  88  70  79   2   0  14 0.00  0.0    0  5.6 10 150   M    M   0        15 210
22  85  73  79   2   0  14 0.04  0.0    0  7.1 17 170   M    M   6 18     26 150
23  87  68  78   0   0  13 1.54  0.0    0  6.6 20  40   M    M   7 13     25  40
24  81  59  70  -8   0   5 0.00  0.0    0  5.7 15 340   M    M   1        21 300
25  84  55  70  -8   0   5 0.00  0.0    0  4.7 14 270   M    M   0        22 250
26  81  62  72  -6   0   7 0.01  0.0    0  2.6  9  20   M    M   2        18 330
27  82  59  71  -7   0   6 0.00  0.0    0  3.3 12  60   M    M   0        14  80
================================================================================
SM 2318 1757         0 289  6.26     0.0 139.0          M       59
================================================================================
AV 85.9 65.1                               5.1 FASTST   M    M   2    MAX(MPH)
                                 MISC ---->  # 22 290               # 31  290
================================================================================
NOTES:
# LAST OF SEVERAL OCCURRENCES

COLUMN 17 PEAK WIND IN M.P.H.

PRELIMINARY LOCAL CLIMATOLOGICAL DATA (WS FORM: F-6) , PAGE 2

                                          STATION:  PADUCAH KY
                                          MONTH:    JUNE
                                          YEAR:     2017
                                          LATITUDE:   37  4 N
                                          LONGITUDE:  88 46 W

[TEMPERATURE DATA]      [PRECIPITATION DATA]       SYMBOLS USED IN COLUMN 16

AVERAGE MONTHLY: 75.5   TOTAL FOR MONTH:   6.26    1 = FOG OR MIST
DPTR FM NORMAL:   0.2   DPTR FM NORMAL:    2.61    2 = FOG REDUCING VISIBILITY
HIGHEST:    93 ON 14,13 GRTST 24HR  2.82 ON 18-18      TO 1/4 MILE OR LESS
LOWEST:     54 ON  8                               3 = THUNDER
                        SNOW, ICE PELLETS, HAIL    4 = ICE PELLETS
                        TOTAL MONTH:   0.0 INCH    5 = HAIL
                        GRTST 24HR     0.0         6 = FREEZING RAIN OR DRIZZLE
                        GRTST DEPTH:   0           7 = DUSTSTORM OR SANDSTORM:
                                                       VSBY 1/2 MILE OR LESS
                                                   8 = SMOKE OR HAZE
[NO. OF DAYS WITH]      [WEATHER - DAYS WITH]      9 = BLOWING SNOW
                                                   X = TORNADO
MAX 32 OR BELOW:   0    0.01 INCH OR MORE:   7
MAX 90 OR ABOVE:   4    0.10 INCH OR MORE:   5
MIN 32 OR BELOW:   0    0.50 INCH OR MORE:   4
MIN  0 OR BELOW:   0    1.00 INCH OR MORE:   3

[HDD (BASE 65) ]
TOTAL THIS MO.     0    CLEAR  (SCALE 0-3)  21
DPTR FM NORMAL     0    PTCLDY (SCALE 4-7)   6
TOTAL FM JUL 1  3078    CLOUDY (SCALE 8-10)  0
DPTR FM NORMAL -1050

[CDD (BASE 65) ]
TOTAL THIS MO.   289
DPTR FM NORMAL    11    [PRESSURE DATA]
TOTAL FM JAN 1   520    HIGHEST SLP M ON M
DPTR FM NORMAL    70    LOWEST  SLP 29.66 ON 23

[REMARKS]
