000
CXUS54 KLZK 281130
CF6PBF
PRELIMINARY LOCAL CLIMATOLOGICAL DATA (WS FORM: F-6)

                                          STATION:   Pine Bluff
                                          MONTH:     APRIL
                                          YEAR:      2017
                                          LATITUDE:   34 10 N
                                          LONGITUDE:  91 56 W

  TEMPERATURE IN F:       :PCPN:    SNOW:  WIND      :SUNSHINE: SKY     :PK WND
================================================================================
1   2   3   4   5  6A  6B    7    8   9   10  11  12  13   14  15   16   17  18
                                     12Z  AVG MX 2MIN
DY MAX MIN AVG DEP HDD CDD  WTR  SNW DPTH SPD SPD DIR MIN PSBL S-S WX    SPD DR
================================================================================

 1  76  53  65   6   0   0 0.00  0.0    0  9.7 16  80   M    M   0        23  60
 2  72  54  63   4   2   0 1.31  0.0    0 11.7 25 110   M    M   2 13     36 100
 3  75  60  68   8   0   3 0.01  0.0    0 12.1 24 250   M    M   4        32 230
 4  83  51  67   7   0   2 0.00  0.0    0  7.7 18 170   M    M   0 1      24 180
 5  69  50  60   0   5   0    T  0.0    0 13.0 31 280   M    M   5 3      45 280
 6  68  45  57  -3   8   0 0.00  0.0    0  9.6 21 320   M    M   1        31 300
 7  69  42  56  -5   9   0 0.00  0.0    0  4.9 13  10   M    M   0        16  10
 8  79  45  62   1   3   0 0.00  0.0    0  8.8 21 180   M    M   0        27 190
 9  82  58  70   9   0   5 0.00  0.0    0 14.3 24 200   M    M   0        33 200
10  79  58  69   8   0   4 0.86  0.0    0 10.4 20 240   M    M   5 13     31 240
11  68  58  63   1   2   0 0.39  0.0    0  6.9 33 200   M    M   9 13     40 200
12  74  54  64   2   1   0 0.00  0.0    0  5.4 12 130   M    M   3 18     17 130
13  82  57  70   8   0   5 0.00  0.0    0  3.1 10 150   M    M   3 12     13 120
14  83  63  73  11   0   8 0.00  0.0    0  5.0 15 170   M    M   4 1      18 170
15  82  60  71   8   0   6    T  0.0    0 10.0 16 180   M    M   4 3      24 190
16  81  63  72   9   0   7 0.00  0.0    0  7.4 16 190   M    M   3        20 190
17  78  65  72   9   0   7 0.64  0.0    0  6.5 20 300   M    M   6 1      22 300
18  81  66  74  10   0   9 0.07  0.0    0  4.6 24 140   M    M   5 13     29 130
19  83  63  73   9   0   8 0.00  0.0    0  6.8 16 190   M    M   1        20 160
20  83  64  74  10   0   9    T  0.0    0  6.2 15 200   M    M   3        18 230
21  80  64  72   8   0   7 0.09  0.0    0  7.2 23  20   M    M   4 13     28  10
22  65  51  58  -7   7   0 0.70  0.0    0  9.8 33 330   M    M   8 13     45 340
23  69  50  60  -5   5   0    T  0.0    0  9.0 22 320   M    M   3        27 340
24  76  47  62  -3   3   0 0.00  0.0    0  4.8 12  20   M    M   0        17  30
25  81  52  67   1   0   2 0.00  0.0    0 10.4 22 180   M    M   1        28 160
26  76  53  65  -1   0   0 1.77  0.0    0 11.0 25 330   M    M  10 13     32 320
27  69  47  58  -8   7   0 0.00  0.0    0  6.6 17 320   M    M   1        22 310
================================================================================
SM 2063 1493        52  82  5.84     0.0 222.9          M       85
================================================================================
AV 76.4 55.3                               8.3 FASTST   M    M   3    MAX(MPH)
                                 MISC ---->  # 33 200               # 45  280
================================================================================
NOTES:
# LAST OF SEVERAL OCCURRENCES

COLUMN 17 PEAK WIND IN M.P.H.

PRELIMINARY LOCAL CLIMATOLOGICAL DATA (WS FORM: F-6) , PAGE 2

                                          STATION:  Pine Bluff
                                          MONTH:    APRIL
                                          YEAR:     2017
                                          LATITUDE:   34 10 N
                                          LONGITUDE:  91 56 W

[TEMPERATURE DATA]      [PRECIPITATION DATA]       SYMBOLS USED IN COLUMN 16

AVERAGE MONTHLY: 65.9   TOTAL FOR MONTH:   5.84    1 = FOG OR MIST
DPTR FM NORMAL:   3.3   DPTR FM NORMAL:    1.38    2 = FOG REDUCING VISIBILITY
HIGHEST:    83 ON 20,19 GRTST 24HR  1.77 ON 26-26      TO 1/4 MILE OR LESS
LOWEST:     42 ON  7                               3 = THUNDER
                        SNOW, ICE PELLETS, HAIL    4 = ICE PELLETS
                        TOTAL MONTH:   0.0 INCH    5 = HAIL
                        GRTST 24HR     0.0         6 = FREEZING RAIN OR DRIZZLE
                        GRTST DEPTH:   0           7 = DUSTSTORM OR SANDSTORM:
                                                       VSBY 1/2 MILE OR LESS
                                                   8 = SMOKE OR HAZE
[NO. OF DAYS WITH]      [WEATHER - DAYS WITH]      9 = BLOWING SNOW
                                                   X = TORNADO
MAX 32 OR BELOW:   0    0.01 INCH OR MORE:   9
MAX 90 OR ABOVE:   0    0.10 INCH OR MORE:   6
MIN 32 OR BELOW:   0    0.50 INCH OR MORE:   5
MIN  0 OR BELOW:   0    1.00 INCH OR MORE:   2

[HDD (BASE 65) ]
TOTAL THIS MO.    52    CLEAR  (SCALE 0-3)  15
DPTR FM NORMAL   -71    PTCLDY (SCALE 4-7)  10
TOTAL FM JUL 1  2010    CLOUDY (SCALE 8-10)  2
DPTR FM NORMAL  -848

[CDD (BASE 65) ]
TOTAL THIS MO.    82
DPTR FM NORMAL    27    [PRESSURE DATA]
TOTAL FM JAN 1   139    HIGHEST SLP M ON M
DPTR FM NORMAL    64    LOWEST  SLP 29.41 ON 26

[REMARKS]
ALL SNOWFALL DATA IS FROM THE PINE BLUFF WATER PLANT SITE
