000
CXUS52 KFFC 231110
CF6PDK
PRELIMINARY LOCAL CLIMATOLOGICAL DATA (WS FORM: F-6)

                                          STATION:   DEKALB PEACHTREE AIRPORT
                                          MONTH:     JULY
                                          YEAR:      2017
                                          LATITUDE:   33 52 N
                                          LONGITUDE:  84 18 W

  TEMPERATURE IN F:       :PCPN:    SNOW:  WIND      :SUNSHINE: SKY     :PK WND
================================================================================
1   2   3   4   5  6A  6B    7    8   9   10  11  12  13   14  15   16   17  18
                                     12Z  AVG MX 2MIN
DY MAX MIN AVG DEP HDD CDD  WTR  SNW DPTH SPD SPD DIR MIN PSBL S-S WX    SPD DR
================================================================================

 1  89  70  80   1   0  15 0.31  0.0    0  6.3 22 220   M    M   6 138    28 220
 2  90  69  80   1   0  15 0.00  0.0    0  4.7 21 350   M    M   4 12     24 350
 3  88  72  80   1   0  15 0.02  0.0    0  6.0 15 290   M    M   6 1      19 270
 4  92  69  81   2   0  16 0.18  0.0    0  4.5 31 320   M    M   2 123    41 310
 5  94  70  82   2   0  17 0.00  0.0    0  4.5 16 280   M    M   2 138    22 280
 6  91  71  81   1   0  16 0.10  0.0    0  4.6 22 340   M    M   1 3      29 290
 7  90  70  80   0   0  15 0.84  0.0    0  6.1 22 260   M    M   3 138    28 270
 8  90  71  81   1   0  16 0.09  0.0    0  7.0 18 330   M    M   2 13     23 320
 9  91  68  80   0   0  15 0.00  0.0    0  3.4 12 330   M    M   2 13     15 350
10  90  70  80   0   0  15 0.00  0.0    0  3.1 12 120   M    M   3 3      17 130
11  88  70  79  -1   0  14 0.00  0.0    0  3.7 16 210   M    M   2 13     21 210
12  91  69  80   0   0  15 0.00  0.0    0  3.1 12 200   M    M   2 1      15 230
13  92  72  82   2   0  17 0.18  0.0    0  2.5 13 150   M    M   3 138    22 140
14  92  72  82   2   0  17 0.00  0.0    0  4.2 21 320   M    M   2 13     25 320
15  92  71  82   2   0  17 0.13  0.0    0  2.6 25 290   M    M   0 138    33 290
16  88  72  80   0   0  15    T  0.0    0  4.0 12 230   M    M   3 1      16 220
17  89  68  79  -1   0  14 0.68  0.0    0  3.3 22  30   M    M   6 13     35  40
18  91  67  79  -1   0  14 0.01  0.0    0  1.6 10 290   M    M   3 138    13 300
19  93  71  82   2   0  17 0.00  0.0    0  4.1 14 310   M    M   1 8      19 320
20  94  71  83   3   0  18 0.00  0.0    0  4.9 14 290   M    M   1 18     18 290
21  96  72  84   4   0  19 0.00  0.0    0  2.2 10 190   M    M   2 18     25 210
22  93  73  83   3   0  18 0.00  0.0    0  5.2 17 280   M    M   1 138    26 280
================================================================================
SM 2004 1548         0 350  2.54     0.0  91.6          M       57
================================================================================
AV 91.1 70.4                               4.2 FASTST   M    M   3    MAX(MPH)
                                 MISC ---->  # 31 320               # 41  310
================================================================================
NOTES:
# LAST OF SEVERAL OCCURRENCES

COLUMN 17 PEAK WIND IN M.P.H.

PRELIMINARY LOCAL CLIMATOLOGICAL DATA (WS FORM: F-6) , PAGE 2

                                          STATION:  DEKALB PEACHTREE AIRPORT
                                          MONTH:    JULY
                                          YEAR:     2017
                                          LATITUDE:   33 52 N
                                          LONGITUDE:  84 18 W

[TEMPERATURE DATA]      [PRECIPITATION DATA]       SYMBOLS USED IN COLUMN 16

AVERAGE MONTHLY: 80.7   TOTAL FOR MONTH:   2.54    1 = FOG OR MIST
DPTR FM NORMAL:   0.9   DPTR FM NORMAL:   -1.25    2 = FOG REDUCING VISIBILITY
HIGHEST:    96 ON 21    GRTST 24HR  0.84 ON  7- 7      TO 1/4 MILE OR LESS
LOWEST:     67 ON 18                               3 = THUNDER
                        SNOW, ICE PELLETS, HAIL    4 = ICE PELLETS
                        TOTAL MONTH:   0.0 INCH    5 = HAIL
                        GRTST 24HR     0.0         6 = FREEZING RAIN OR DRIZZLE
                        GRTST DEPTH:   0           7 = DUSTSTORM OR SANDSTORM:
                                                       VSBY 1/2 MILE OR LESS
                                                   8 = SMOKE OR HAZE
[NO. OF DAYS WITH]      [WEATHER - DAYS WITH]      9 = BLOWING SNOW
                                                   X = TORNADO
MAX 32 OR BELOW:   0    0.01 INCH OR MORE:  10
MAX 90 OR ABOVE:  17    0.10 INCH OR MORE:   7
MIN 32 OR BELOW:   0    0.50 INCH OR MORE:   2
MIN  0 OR BELOW:   0    1.00 INCH OR MORE:   0

[HDD (BASE 65) ]
TOTAL THIS MO.     0    CLEAR  (SCALE 0-3)  18
DPTR FM NORMAL     0    PTCLDY (SCALE 4-7)   4
TOTAL FM JUL 1     0    CLOUDY (SCALE 8-10)  0
DPTR FM NORMAL     0

[CDD (BASE 65) ]
TOTAL THIS MO.   350
DPTR FM NORMAL    25    [PRESSURE DATA]
TOTAL FM JAN 1  1012    HIGHEST SLP M ON M
DPTR FM NORMAL   123    LOWEST  SLP 29.91 ON 22

[REMARKS]
